{"id":24829,"date":"2021-03-29T08:27:40","date_gmt":"2021-03-29T07:27:40","guid":{"rendered":"https:\/\/www.museovincenzobellini.it\/vincenzo-bellini\/"},"modified":"2023-05-22T10:17:17","modified_gmt":"2023-05-22T09:17:17","slug":"vincenzo-bellini","status":"publish","type":"page","link":"https:\/\/www.museovincenzobellini.it\/en\/vincenzo-bellini\/","title":{"rendered":"Vincenzo Bellini"},"content":{"rendered":"<p>The first-born son of a modest family of musicians from Abruzzo, Vincenzo Bellini was born in Catania on 3<sup>rd<\/sup> November 1801, to Rosario Bellini and Agata Ferlito. His grandfather Vincenzo Tobia, originally from Torricella (Chieti), had moved to Catania in 1763, after studying at the Conservatorio di S. Onofrio in Naples. In the city of Catania, he served as \u2018maestro di cappella\u2019 for the city Senate and was employed by the noble Patern\u00f2 Castello family of the princes of Biscari. His father Rosario was to follow in his parent\u2019s footsteps, but did not achieve a leading position in the city\u2019s musical milieu, barely managing to support his family with the income from his activities.<\/p>\n<p>The musical education of the young Bellini was in line with his family tradition: having shown a precocious nature as a musician, his first compositions depended on the teachings of his father and grandfather and belonged for the most part to the genre of church music, which was by far the dominant one in the system of music production in Catania. Thanks to the reputation of his paternal ancestor, and the support of the city\u2019s patronage, in 1819 Bellini obtained a scholarship from the Decurionate (Municipality) of Catania to attend the Real Collegio di musica in Naples. His teachers were some of the greatest exponents of the local tradition: from the elderly Giovanni Furno and Giacomo Tritto to the authoritative Nicola Zingarelli. Bellini deepened his knowledge of harmony, counterpoint and vocal technique through the study of both religious and theatrical scores from the 18<sup>th<\/sup>-century Neapolitan school, as well as instrumental works by Haydn and Mozart. Also decisive for his training was the listening to the works by Rossini, who at that time <span style=\"text-decoration: line-through;\">absolutely<\/span> dominated the Neapolitan stage, as well as the more recent compositions of Spontini and Mayr and the first operatic attempts of Mercadante, Pacini and Donizetti. At school, he became close friends with a fellow student, Francesco Florimo, who was destined to become his main correspondent in letters. Alongside sacred and instrumental music, as the mainstays of his musical training at school, we find youthful lyricism in the vocal sphere, which also served to introduce him to the contexts of private Neapolitan society. His first printed composition, the arietta <em>Dolente immagine di Fille mia<\/em>, dates back to 1824.<\/p>\n<p>To crown his <em>cursus studiorum<\/em>, in February 1825, Bellini presented his first theatrical work, staged in the theatre of the Conservatory: <em>Adelson e Salvini<\/em>, with a libretto by Andrea Leone Tottola, is a <em>semi-seria<\/em> opera which, according to Neapolitan custom, included spoken dialogue and a comic part in dialect. The success of this final essay led producer Domenico Barbaja to entrust Bellini with the composition of a serious opera for the San Carlo Theatre in Naples. With a libretto by Domenico Gilardoni, <em>Bianca e Fernando<\/em> was staged on 30 May 1826 with the title changed for reasons of political etiquette (i.e. Ferdinando was the name of the crown prince) to <em>Bianca e Gernando<\/em>. It was another success, after which Barbaja (who also managed theatres outside the borders of the Bourbon kingdom) offered Bellini a contract for the Teatro alla Scala. On 5 April 1827, the musician left for Milan.<\/p>\n<p>Bellini stayed in Milan from 1827 to 1833, where he worked with the Genoese librettist Felice Romani on six new titles, a remake and a project that had remained in draft form, at a rate of about one opera a year: <em>Il pirata<\/em> (Milan, Teatro alla Scala, 1827), a new version of <em>Bianca e Fernando<\/em> (Genoa, Teatro Carlo Felice, 1828), <em>La straniera<\/em> (Milan, Teatro alla Scala, 1829), <em>Zaira<\/em> (Parma, for the inauguration of the newly built Teatro Ducale, 1829), <em>I Capuleti e i Montecchi<\/em> (Venice, Teatro La Fenice, 1830), the unfinished <em>Ernani<\/em> (autumn 1830), <em>La sonnambula<\/em> (Milan, Teatro Carcano, 1831), <em>Norma<\/em> (Milan, Teatro alla Scala, 1831) and <em>Beatrice di Tenda<\/em> (Venice, Teatro La Fenice, 1833). Having soon entered into the good graces of the best society in Lombardy and Veneto, the musician forged profitable professional relationships and <span style=\"text-decoration: line-through;\">forged<\/span> those love affairs that had long fueled his literary reputation as a seducer.<\/p>\n<p>Bellini left for Europe from Milan with a <span style=\"text-decoration: line-through;\">then<\/span> supranational reputation: in April 1833 he was in London to attend the staging of three of his operas at the King\u2019s Theatre, <em>Il pirata<\/em>, <em>Norma<\/em> and <em>I Capuleti<\/em>, and the success of the English version of <em>Sonnambula<\/em> at the Drury Lane Theatre, starring Maria Malibran. At the end of the summer he moved to Paris: in the French capital he heard Beethoven\u2019s Symphonies <span style=\"text-decoration: line-through;\">live<\/span> for the first time and consolidated his relationship with Rossini, who acted as artistic consultant for the Th\u00e9\u00e2tre Italien, where <em>Il pirata<\/em> and <em>I Capuleti<\/em> were to be staged, and tried in vain to reach an agreement with the Op\u00e9ra (where he attended the <em>grands op\u00e9ras<\/em> by Meyerbeer and Hal\u00e9vy) and with the Op\u00e9ra-Comique. In February 1834, however, he succeeded in being engaged by the Th\u00e9\u00e2tre Italien: <em>I Puritani<\/em> was written on a libretto by Count Carlo Pepoli, a poet and political exile at his first theatrical experience, whom he had almost certainly met in one of the aristocratic salons that Bellini had taken to frequenting, as was his habit, and where he made the acquaintance of Chopin, Heine and Delacroix, among others. The triumphant premi\u00e8re of <em>I Puritani<\/em> on 24 January 1835 consecrated Bellini\u2019s reputation in Paris: King Louis-Philippe (married to a Bourbon of Naples) conferred on him the Legion of Honour. In the summer, while requests from the Op\u00e9ra and various Italian theatres were coming in, the intestinal disease from which the musician had been suffering for some time manifested itself once again, leading to his premature death on 23 September 1835 while he was staying with an English acquaintance, Solomon Levy, in the Parisian suburb of Puteaux. Buried in the Parisian cemetery of P\u00e8re Lachaise, Bellini\u2019s body was transferred to Catania in 1876 and buried in the Metropolitan Cathedral.<\/p>\n","protected":false},"excerpt":{"rendered":"<p>The first-born son of a modest family of musicians from Abruzzo, Vincenzo Bellini was born in Catania on 3rd November 1801, to Rosario Bellini and &#8230; <\/p>\n","protected":false},"author":1,"featured_media":14342,"parent":0,"menu_order":0,"comment_status":"closed","ping_status":"closed","template":"","meta":{"footnotes":""},"class_list":["post-24829","page","type-page","status-publish","has-post-thumbnail","hentry"],"yoast_head":"<!-- This site is optimized with the Yoast SEO plugin v20.2.1 - https:\/\/yoast.com\/wordpress\/plugins\/seo\/ -->\n<title>Vincenzo Bellini - Museo Bellini<\/title>\n<meta name=\"robots\" content=\"index, follow, max-snippet:-1, max-image-preview:large, max-video-preview:-1\" \/>\n<link rel=\"canonical\" href=\"https:\/\/www.museovincenzobellini.it\/en\/vincenzo-bellini\/\" \/>\n<meta property=\"og:locale\" content=\"en_US\" \/>\n<meta property=\"og:type\" content=\"article\" \/>\n<meta property=\"og:title\" content=\"Vincenzo Bellini - Museo Bellini\" \/>\n<meta property=\"og:description\" content=\"The first-born son of a modest family of musicians from Abruzzo, Vincenzo Bellini was born in Catania on 3rd November 1801, to Rosario Bellini and ...\" \/>\n<meta property=\"og:url\" content=\"https:\/\/www.museovincenzobellini.it\/en\/vincenzo-bellini\/\" \/>\n<meta property=\"og:site_name\" content=\"Museo Bellini\" \/>\n<meta property=\"article:modified_time\" content=\"2023-05-22T09:17:17+00:00\" \/>\n<meta property=\"og:image\" content=\"https:\/\/www.museovincenzobellini.it\/wp-content\/uploads\/2021\/03\/img01.png\" \/>\n\t<meta property=\"og:image:width\" content=\"365\" \/>\n\t<meta property=\"og:image:height\" content=\"275\" \/>\n\t<meta property=\"og:image:type\" content=\"image\/png\" \/>\n<meta name=\"twitter:card\" content=\"summary_large_image\" \/>\n<meta name=\"twitter:label1\" content=\"Est. reading time\" \/>\n\t<meta name=\"twitter:data1\" content=\"6 minutes\" \/>\n<script type=\"application\/ld+json\" class=\"yoast-schema-graph\">{\"@context\":\"https:\/\/schema.org\",\"@graph\":[{\"@type\":\"WebPage\",\"@id\":\"https:\/\/www.museovincenzobellini.it\/en\/vincenzo-bellini\/\",\"url\":\"https:\/\/www.museovincenzobellini.it\/en\/vincenzo-bellini\/\",\"name\":\"Vincenzo Bellini - Museo Bellini\",\"isPartOf\":{\"@id\":\"https:\/\/www.museovincenzobellini.it\/#website\"},\"datePublished\":\"2021-03-29T07:27:40+00:00\",\"dateModified\":\"2023-05-22T09:17:17+00:00\",\"breadcrumb\":{\"@id\":\"https:\/\/www.museovincenzobellini.it\/en\/vincenzo-bellini\/#breadcrumb\"},\"inLanguage\":\"en-US\",\"potentialAction\":[{\"@type\":\"ReadAction\",\"target\":[\"https:\/\/www.museovincenzobellini.it\/en\/vincenzo-bellini\/\"]}]},{\"@type\":\"BreadcrumbList\",\"@id\":\"https:\/\/www.museovincenzobellini.it\/en\/vincenzo-bellini\/#breadcrumb\",\"itemListElement\":[{\"@type\":\"ListItem\",\"position\":1,\"name\":\"Home\",\"item\":\"https:\/\/www.museovincenzobellini.it\/en\/\"},{\"@type\":\"ListItem\",\"position\":2,\"name\":\"Vincenzo Bellini\"}]},{\"@type\":\"WebSite\",\"@id\":\"https:\/\/www.museovincenzobellini.it\/#website\",\"url\":\"https:\/\/www.museovincenzobellini.it\/\",\"name\":\"Museo Bellini\",\"description\":\"\",\"publisher\":{\"@id\":\"https:\/\/www.museovincenzobellini.it\/#organization\"},\"potentialAction\":[{\"@type\":\"SearchAction\",\"target\":{\"@type\":\"EntryPoint\",\"urlTemplate\":\"https:\/\/www.museovincenzobellini.it\/?s={search_term_string}\"},\"query-input\":\"required name=search_term_string\"}],\"inLanguage\":\"en-US\"},{\"@type\":\"Organization\",\"@id\":\"https:\/\/www.museovincenzobellini.it\/#organization\",\"name\":\"Museo Bellini\",\"url\":\"https:\/\/www.museovincenzobellini.it\/\",\"logo\":{\"@type\":\"ImageObject\",\"inLanguage\":\"en-US\",\"@id\":\"https:\/\/www.museovincenzobellini.it\/#\/schema\/logo\/image\/\",\"url\":\"https:\/\/www.museovincenzobellini.it\/wp-content\/uploads\/2022\/04\/cropped-red.png\",\"contentUrl\":\"https:\/\/www.museovincenzobellini.it\/wp-content\/uploads\/2022\/04\/cropped-red.png\",\"width\":400,\"height\":205,\"caption\":\"Museo Bellini\"},\"image\":{\"@id\":\"https:\/\/www.museovincenzobellini.it\/#\/schema\/logo\/image\/\"}}]}<\/script>\n<!-- \/ Yoast SEO plugin. -->","yoast_head_json":{"title":"Vincenzo Bellini - Museo Bellini","robots":{"index":"index","follow":"follow","max-snippet":"max-snippet:-1","max-image-preview":"max-image-preview:large","max-video-preview":"max-video-preview:-1"},"canonical":"https:\/\/www.museovincenzobellini.it\/en\/vincenzo-bellini\/","og_locale":"en_US","og_type":"article","og_title":"Vincenzo Bellini - Museo Bellini","og_description":"The first-born son of a modest family of musicians from Abruzzo, Vincenzo Bellini was born in Catania on 3rd November 1801, to Rosario Bellini and ...","og_url":"https:\/\/www.museovincenzobellini.it\/en\/vincenzo-bellini\/","og_site_name":"Museo Bellini","article_modified_time":"2023-05-22T09:17:17+00:00","og_image":[{"width":365,"height":275,"url":"https:\/\/www.museovincenzobellini.it\/wp-content\/uploads\/2021\/03\/img01.png","type":"image\/png"}],"twitter_card":"summary_large_image","twitter_misc":{"Est. reading time":"6 minutes"},"schema":{"@context":"https:\/\/schema.org","@graph":[{"@type":"WebPage","@id":"https:\/\/www.museovincenzobellini.it\/en\/vincenzo-bellini\/","url":"https:\/\/www.museovincenzobellini.it\/en\/vincenzo-bellini\/","name":"Vincenzo Bellini - Museo Bellini","isPartOf":{"@id":"https:\/\/www.museovincenzobellini.it\/#website"},"datePublished":"2021-03-29T07:27:40+00:00","dateModified":"2023-05-22T09:17:17+00:00","breadcrumb":{"@id":"https:\/\/www.museovincenzobellini.it\/en\/vincenzo-bellini\/#breadcrumb"},"inLanguage":"en-US","potentialAction":[{"@type":"ReadAction","target":["https:\/\/www.museovincenzobellini.it\/en\/vincenzo-bellini\/"]}]},{"@type":"BreadcrumbList","@id":"https:\/\/www.museovincenzobellini.it\/en\/vincenzo-bellini\/#breadcrumb","itemListElement":[{"@type":"ListItem","position":1,"name":"Home","item":"https:\/\/www.museovincenzobellini.it\/en\/"},{"@type":"ListItem","position":2,"name":"Vincenzo Bellini"}]},{"@type":"WebSite","@id":"https:\/\/www.museovincenzobellini.it\/#website","url":"https:\/\/www.museovincenzobellini.it\/","name":"Museo Bellini","description":"","publisher":{"@id":"https:\/\/www.museovincenzobellini.it\/#organization"},"potentialAction":[{"@type":"SearchAction","target":{"@type":"EntryPoint","urlTemplate":"https:\/\/www.museovincenzobellini.it\/?s={search_term_string}"},"query-input":"required name=search_term_string"}],"inLanguage":"en-US"},{"@type":"Organization","@id":"https:\/\/www.museovincenzobellini.it\/#organization","name":"Museo Bellini","url":"https:\/\/www.museovincenzobellini.it\/","logo":{"@type":"ImageObject","inLanguage":"en-US","@id":"https:\/\/www.museovincenzobellini.it\/#\/schema\/logo\/image\/","url":"https:\/\/www.museovincenzobellini.it\/wp-content\/uploads\/2022\/04\/cropped-red.png","contentUrl":"https:\/\/www.museovincenzobellini.it\/wp-content\/uploads\/2022\/04\/cropped-red.png","width":400,"height":205,"caption":"Museo Bellini"},"image":{"@id":"https:\/\/www.museovincenzobellini.it\/#\/schema\/logo\/image\/"}}]}},"_links":{"self":[{"href":"https:\/\/www.museovincenzobellini.it\/en\/wp-json\/wp\/v2\/pages\/24829","targetHints":{"allow":["GET"]}}],"collection":[{"href":"https:\/\/www.museovincenzobellini.it\/en\/wp-json\/wp\/v2\/pages"}],"about":[{"href":"https:\/\/www.museovincenzobellini.it\/en\/wp-json\/wp\/v2\/types\/page"}],"author":[{"embeddable":true,"href":"https:\/\/www.museovincenzobellini.it\/en\/wp-json\/wp\/v2\/users\/1"}],"replies":[{"embeddable":true,"href":"https:\/\/www.museovincenzobellini.it\/en\/wp-json\/wp\/v2\/comments?post=24829"}],"version-history":[{"count":3,"href":"https:\/\/www.museovincenzobellini.it\/en\/wp-json\/wp\/v2\/pages\/24829\/revisions"}],"predecessor-version":[{"id":26323,"href":"https:\/\/www.museovincenzobellini.it\/en\/wp-json\/wp\/v2\/pages\/24829\/revisions\/26323"}],"wp:featuredmedia":[{"embeddable":true,"href":"https:\/\/www.museovincenzobellini.it\/en\/wp-json\/wp\/v2\/media\/14342"}],"wp:attachment":[{"href":"https:\/\/www.museovincenzobellini.it\/en\/wp-json\/wp\/v2\/media?parent=24829"}],"curies":[{"name":"wp","href":"https:\/\/api.w.org\/{rel}","templated":true}]}}

<p>The first-born son of a modest family of musicians from Abruzzo, Vincenzo Bellini was born in Catania on 3<sup>rd</sup> November 1801, to Rosario Bellini and Agata Ferlito. His grandfather Vincenzo Tobia, originally from Torricella (Chieti), had moved to Catania in 1763, after studying at the Conservatorio di S. Onofrio in Naples. In the city of Catania, he served as ‘maestro di cappella’ for the city Senate and was employed by the noble Paternò Castello family of the princes of Biscari. His father Rosario was to follow in his parent’s footsteps, but did not achieve a leading position in the city’s musical milieu, barely managing to support his family with the income from his activities.</p>
<p>The musical education of the young Bellini was in line with his family tradition: having shown a precocious nature as a musician, his first compositions depended on the teachings of his father and grandfather and belonged for the most part to the genre of church music, which was by far the dominant one in the system of music production in Catania. Thanks to the reputation of his paternal ancestor, and the support of the city’s patronage, in 1819 Bellini obtained a scholarship from the Decurionate (Municipality) of Catania to attend the Real Collegio di musica in Naples. His teachers were some of the greatest exponents of the local tradition: from the elderly Giovanni Furno and Giacomo Tritto to the authoritative Nicola Zingarelli. Bellini deepened his knowledge of harmony, counterpoint and vocal technique through the study of both religious and theatrical scores from the 18<sup>th</sup>-century Neapolitan school, as well as instrumental works by Haydn and Mozart. Also decisive for his training was the listening to the works by Rossini, who at that time <span style="text-decoration: line-through;">absolutely</span> dominated the Neapolitan stage, as well as the more recent compositions of Spontini and Mayr and the first operatic attempts of Mercadante, Pacini and Donizetti. At school, he became close friends with a fellow student, Francesco Florimo, who was destined to become his main correspondent in letters. Alongside sacred and instrumental music, as the mainstays of his musical training at school, we find youthful lyricism in the vocal sphere, which also served to introduce him to the contexts of private Neapolitan society. His first printed composition, the arietta <em>Dolente immagine di Fille mia</em>, dates back to 1824.</p>
<p>To crown his <em>cursus studiorum</em>, in February 1825, Bellini presented his first theatrical work, staged in the theatre of the Conservatory: <em>Adelson e Salvini</em>, with a libretto by Andrea Leone Tottola, is a <em>semi-seria</em> opera which, according to Neapolitan custom, included spoken dialogue and a comic part in dialect. The success of this final essay led producer Domenico Barbaja to entrust Bellini with the composition of a serious opera for the San Carlo Theatre in Naples. With a libretto by Domenico Gilardoni, <em>Bianca e Fernando</em> was staged on 30 May 1826 with the title changed for reasons of political etiquette (i.e. Ferdinando was the name of the crown prince) to <em>Bianca e Gernando</em>. It was another success, after which Barbaja (who also managed theatres outside the borders of the Bourbon kingdom) offered Bellini a contract for the Teatro alla Scala. On 5 April 1827, the musician left for Milan.</p>
<p>Bellini stayed in Milan from 1827 to 1833, where he worked with the Genoese librettist Felice Romani on six new titles, a remake and a project that had remained in draft form, at a rate of about one opera a year: <em>Il pirata</em> (Milan, Teatro alla Scala, 1827), a new version of <em>Bianca e Fernando</em> (Genoa, Teatro Carlo Felice, 1828), <em>La straniera</em> (Milan, Teatro alla Scala, 1829), <em>Zaira</em> (Parma, for the inauguration of the newly built Teatro Ducale, 1829), <em>I Capuleti e i Montecchi</em> (Venice, Teatro La Fenice, 1830), the unfinished <em>Ernani</em> (autumn 1830), <em>La sonnambula</em> (Milan, Teatro Carcano, 1831), <em>Norma</em> (Milan, Teatro alla Scala, 1831) and <em>Beatrice di Tenda</em> (Venice, Teatro La Fenice, 1833). Having soon entered into the good graces of the best society in Lombardy and Veneto, the musician forged profitable professional relationships and <span style="text-decoration: line-through;">forged</span> those love affairs that had long fueled his literary reputation as a seducer.</p>
<p>Bellini left for Europe from Milan with a <span style="text-decoration: line-through;">then</span> supranational reputation: in April 1833 he was in London to attend the staging of three of his operas at the King’s Theatre, <em>Il pirata</em>, <em>Norma</em> and <em>I Capuleti</em>, and the success of the English version of <em>Sonnambula</em> at the Drury Lane Theatre, starring Maria Malibran. At the end of the summer he moved to Paris: in the French capital he heard Beethoven’s Symphonies <span style="text-decoration: line-through;">live</span> for the first time and consolidated his relationship with Rossini, who acted as artistic consultant for the Théâtre Italien, where <em>Il pirata</em> and <em>I Capuleti</em> were to be staged, and tried in vain to reach an agreement with the Opéra (where he attended the <em>grands opéras</em> by Meyerbeer and Halévy) and with the Opéra-Comique. In February 1834, however, he succeeded in being engaged by the Théâtre Italien: <em>I Puritani</em> was written on a libretto by Count Carlo Pepoli, a poet and political exile at his first theatrical experience, whom he had almost certainly met in one of the aristocratic salons that Bellini had taken to frequenting, as was his habit, and where he made the acquaintance of Chopin, Heine and Delacroix, among others. The triumphant première of <em>I Puritani</em> on 24 January 1835 consecrated Bellini’s reputation in Paris: King Louis-Philippe (married to a Bourbon of Naples) conferred on him the Legion of Honour. In the summer, while requests from the Opéra and various Italian theatres were coming in, the intestinal disease from which the musician had been suffering for some time manifested itself once again, leading to his premature death on 23 September 1835 while he was staying with an English acquaintance, Solomon Levy, in the Parisian suburb of Puteaux. Buried in the Parisian cemetery of Père Lachaise, Bellini’s body was transferred to Catania in 1876 and buried in the Metropolitan Cathedral.</p>
