{"id":1757,"date":"2021-07-22T12:21:55","date_gmt":"2021-07-22T11:21:55","guid":{"rendered":"http:\/\/www.museovincenzobellini.it\/oggetto\/calco-di-medaglia-raffigurante-lo-stemma-della-citta-di-catania\/"},"modified":"2022-04-19T10:41:27","modified_gmt":"2022-04-19T09:41:27","slug":"calco-di-medaglia-raffigurante-lo-stemma-della-citta-di-catania","status":"publish","type":"oggetto","link":"https:\/\/www.museovincenzobellini.it\/en\/oggetto\/calco-di-medaglia-raffigurante-lo-stemma-della-citta-di-catania\/","title":{"rendered":"Calco di medaglia raffigurante lo stemma della citt\u00e0 di Catania"},"content":{"rendered":"<p>Calco di medaglia in gesso, realizzato in occasione del 150\u02da anniversario della nascita di Vincenzo Bellini, raffigurante lo stemma della citt\u00e0 di Catania, un elefante entro un triangolo rovesciato, incorniciato da due rami di alloro. Nel giro \u00e8 possibile leggere &#8220;150\u02da anniversario della nascita di Vincenzo Bellini&#8221;. L&#8217;artista, Salvo Giordano, scultore di scuola siciliana, si form\u00f2 e lavor\u00f2 in ambito locale, insegnando figura modellata al Liceo Artistico della citt\u00e0 etnea. Espose alle Mostre Nazionali dal 1928 al 1950, e fu invitato sia alle Quadriennali di Roma che alle Biennali di Venezia. \u00c8 noto, soprattutto in ambito siciliano, per aver realizzato diversi ritratti scultorei, dedicati a diversi personaggi storici.<\/p>\n","protected":false},"excerpt":{"rendered":"<p>Giordano, Salvo &#8211; 1951<\/p>\n","protected":false},"author":1,"featured_media":1758,"menu_order":0,"template":"","meta":{"footnotes":""},"citta":[],"lingua":[],"categoria_oggetto":[472],"ambito":[],"materiali":[88],"tecnica":[439,240],"ubicazione":[512],"identificazione":[104,105],"produttore":[],"manifattura":[],"consistenza":[],"sezioni":[712],"forma_musicale":[],"tonalita":[],"class_list":["post-1757","oggetto","type-oggetto","status-publish","has-post-thumbnail","hentry","categoria_oggetto-calco-di-medaglia","materiali-gesso","tecnica-matita","tecnica-stampo","ubicazione-biblioteca","identificazione-bellini","identificazione-vincenzo","sezioni-commemorative-items-and-medals"],"yoast_head":"<!-- This site is optimized with the Yoast SEO plugin v20.2.1 - https:\/\/yoast.com\/wordpress\/plugins\/seo\/ -->\n<title>Calco di medaglia raffigurante lo stemma della citt\u00e0 di Catania - Museo Bellini<\/title>\n<meta name=\"robots\" content=\"index, follow, max-snippet:-1, max-image-preview:large, max-video-preview:-1\" \/>\n<link rel=\"canonical\" href=\"https:\/\/www.museovincenzobellini.it\/en\/oggetto\/calco-di-medaglia-raffigurante-lo-stemma-della-citta-di-catania\/\" \/>\n<meta property=\"og:locale\" content=\"en_US\" \/>\n<meta property=\"og:type\" content=\"article\" \/>\n<meta property=\"og:title\" content=\"Calco di medaglia raffigurante lo stemma della citt\u00e0 di Catania - Museo Bellini\" \/>\n<meta property=\"og:description\" content=\"Giordano, Salvo - 1951\" \/>\n<meta property=\"og:url\" content=\"https:\/\/www.museovincenzobellini.it\/en\/oggetto\/calco-di-medaglia-raffigurante-lo-stemma-della-citta-di-catania\/\" \/>\n<meta property=\"og:site_name\" content=\"Museo Bellini\" \/>\n<meta property=\"article:modified_time\" content=\"2022-04-19T09:41:27+00:00\" \/>\n<meta property=\"og:image\" content=\"https:\/\/www.museovincenzobellini.it\/wp-content\/uploads\/2021\/07\/B-scaled.jpg\" \/>\n\t<meta property=\"og:image:width\" content=\"1920\" \/>\n\t<meta property=\"og:image:height\" content=\"2560\" \/>\n\t<meta property=\"og:image:type\" content=\"image\/jpeg\" \/>\n<meta name=\"twitter:card\" content=\"summary_large_image\" \/>\n<meta name=\"twitter:label1\" content=\"Est. reading time\" \/>\n\t<meta name=\"twitter:data1\" content=\"1 minute\" \/>\n<script type=\"application\/ld+json\" class=\"yoast-schema-graph\">{\"@context\":\"https:\/\/schema.org\",\"@graph\":[{\"@type\":\"WebPage\",\"@id\":\"https:\/\/www.museovincenzobellini.it\/en\/oggetto\/calco-di-medaglia-raffigurante-lo-stemma-della-citta-di-catania\/\",\"url\":\"https:\/\/www.museovincenzobellini.it\/en\/oggetto\/calco-di-medaglia-raffigurante-lo-stemma-della-citta-di-catania\/\",\"name\":\"Calco di medaglia raffigurante lo stemma della citt\u00e0 di Catania - Museo Bellini\",\"isPartOf\":{\"@id\":\"https:\/\/www.museovincenzobellini.it\/#website\"},\"datePublished\":\"2021-07-22T11:21:55+00:00\",\"dateModified\":\"2022-04-19T09:41:27+00:00\",\"breadcrumb\":{\"@id\":\"https:\/\/www.museovincenzobellini.it\/en\/oggetto\/calco-di-medaglia-raffigurante-lo-stemma-della-citta-di-catania\/#breadcrumb\"},\"inLanguage\":\"en-US\",\"potentialAction\":[{\"@type\":\"ReadAction\",\"target\":[\"https:\/\/www.museovincenzobellini.it\/en\/oggetto\/calco-di-medaglia-raffigurante-lo-stemma-della-citta-di-catania\/\"]}]},{\"@type\":\"BreadcrumbList\",\"@id\":\"https:\/\/www.museovincenzobellini.it\/en\/oggetto\/calco-di-medaglia-raffigurante-lo-stemma-della-citta-di-catania\/#breadcrumb\",\"itemListElement\":[{\"@type\":\"ListItem\",\"position\":1,\"name\":\"Home\",\"item\":\"https:\/\/www.museovincenzobellini.it\/en\/\"},{\"@type\":\"ListItem\",\"position\":2,\"name\":\"Oggetti\",\"item\":\"https:\/\/www.museovincenzobellini.it\/en\/oggetto\/\"},{\"@type\":\"ListItem\",\"position\":3,\"name\":\"Calco di medaglia raffigurante lo stemma della citt\u00e0 di Catania\"}]},{\"@type\":\"WebSite\",\"@id\":\"https:\/\/www.museovincenzobellini.it\/#website\",\"url\":\"https:\/\/www.museovincenzobellini.it\/\",\"name\":\"Museo Bellini\",\"description\":\"\",\"publisher\":{\"@id\":\"https:\/\/www.museovincenzobellini.it\/#organization\"},\"potentialAction\":[{\"@type\":\"SearchAction\",\"target\":{\"@type\":\"EntryPoint\",\"urlTemplate\":\"https:\/\/www.museovincenzobellini.it\/?s={search_term_string}\"},\"query-input\":\"required name=search_term_string\"}],\"inLanguage\":\"en-US\"},{\"@type\":\"Organization\",\"@id\":\"https:\/\/www.museovincenzobellini.it\/#organization\",\"name\":\"Museo Bellini\",\"url\":\"https:\/\/www.museovincenzobellini.it\/\",\"logo\":{\"@type\":\"ImageObject\",\"inLanguage\":\"en-US\",\"@id\":\"https:\/\/www.museovincenzobellini.it\/#\/schema\/logo\/image\/\",\"url\":\"https:\/\/www.museovincenzobellini.it\/wp-content\/uploads\/2022\/04\/cropped-red.png\",\"contentUrl\":\"https:\/\/www.museovincenzobellini.it\/wp-content\/uploads\/2022\/04\/cropped-red.png\",\"width\":400,\"height\":205,\"caption\":\"Museo Bellini\"},\"image\":{\"@id\":\"https:\/\/www.museovincenzobellini.it\/#\/schema\/logo\/image\/\"}}]}<\/script>\n<!-- \/ Yoast SEO plugin. -->","yoast_head_json":{"title":"Calco di medaglia raffigurante lo stemma della citt\u00e0 di Catania - Museo Bellini","robots":{"index":"index","follow":"follow","max-snippet":"max-snippet:-1","max-image-preview":"max-image-preview:large","max-video-preview":"max-video-preview:-1"},"canonical":"https:\/\/www.museovincenzobellini.it\/en\/oggetto\/calco-di-medaglia-raffigurante-lo-stemma-della-citta-di-catania\/","og_locale":"en_US","og_type":"article","og_title":"Calco di medaglia raffigurante lo stemma della citt\u00e0 di Catania - Museo Bellini","og_description":"Giordano, Salvo - 1951","og_url":"https:\/\/www.museovincenzobellini.it\/en\/oggetto\/calco-di-medaglia-raffigurante-lo-stemma-della-citta-di-catania\/","og_site_name":"Museo Bellini","article_modified_time":"2022-04-19T09:41:27+00:00","og_image":[{"width":1920,"height":2560,"url":"https:\/\/www.museovincenzobellini.it\/wp-content\/uploads\/2021\/07\/B-scaled.jpg","type":"image\/jpeg"}],"twitter_card":"summary_large_image","twitter_misc":{"Est. reading time":"1 minute"},"schema":{"@context":"https:\/\/schema.org","@graph":[{"@type":"WebPage","@id":"https:\/\/www.museovincenzobellini.it\/en\/oggetto\/calco-di-medaglia-raffigurante-lo-stemma-della-citta-di-catania\/","url":"https:\/\/www.museovincenzobellini.it\/en\/oggetto\/calco-di-medaglia-raffigurante-lo-stemma-della-citta-di-catania\/","name":"Calco di medaglia raffigurante lo stemma della citt\u00e0 di Catania - Museo Bellini","isPartOf":{"@id":"https:\/\/www.museovincenzobellini.it\/#website"},"datePublished":"2021-07-22T11:21:55+00:00","dateModified":"2022-04-19T09:41:27+00:00","breadcrumb":{"@id":"https:\/\/www.museovincenzobellini.it\/en\/oggetto\/calco-di-medaglia-raffigurante-lo-stemma-della-citta-di-catania\/#breadcrumb"},"inLanguage":"en-US","potentialAction":[{"@type":"ReadAction","target":["https:\/\/www.museovincenzobellini.it\/en\/oggetto\/calco-di-medaglia-raffigurante-lo-stemma-della-citta-di-catania\/"]}]},{"@type":"BreadcrumbList","@id":"https:\/\/www.museovincenzobellini.it\/en\/oggetto\/calco-di-medaglia-raffigurante-lo-stemma-della-citta-di-catania\/#breadcrumb","itemListElement":[{"@type":"ListItem","position":1,"name":"Home","item":"https:\/\/www.museovincenzobellini.it\/en\/"},{"@type":"ListItem","position":2,"name":"Oggetti","item":"https:\/\/www.museovincenzobellini.it\/en\/oggetto\/"},{"@type":"ListItem","position":3,"name":"Calco di medaglia raffigurante lo stemma della citt\u00e0 di Catania"}]},{"@type":"WebSite","@id":"https:\/\/www.museovincenzobellini.it\/#website","url":"https:\/\/www.museovincenzobellini.it\/","name":"Museo Bellini","description":"","publisher":{"@id":"https:\/\/www.museovincenzobellini.it\/#organization"},"potentialAction":[{"@type":"SearchAction","target":{"@type":"EntryPoint","urlTemplate":"https:\/\/www.museovincenzobellini.it\/?s={search_term_string}"},"query-input":"required name=search_term_string"}],"inLanguage":"en-US"},{"@type":"Organization","@id":"https:\/\/www.museovincenzobellini.it\/#organization","name":"Museo Bellini","url":"https:\/\/www.museovincenzobellini.it\/","logo":{"@type":"ImageObject","inLanguage":"en-US","@id":"https:\/\/www.museovincenzobellini.it\/#\/schema\/logo\/image\/","url":"https:\/\/www.museovincenzobellini.it\/wp-content\/uploads\/2022\/04\/cropped-red.png","contentUrl":"https:\/\/www.museovincenzobellini.it\/wp-content\/uploads\/2022\/04\/cropped-red.png","width":400,"height":205,"caption":"Museo Bellini"},"image":{"@id":"https:\/\/www.museovincenzobellini.it\/#\/schema\/logo\/image\/"}}]}},"_links":{"self":[{"href":"https:\/\/www.museovincenzobellini.it\/en\/wp-json\/wp\/v2\/oggetto\/1757","targetHints":{"allow":["GET"]}}],"collection":[{"href":"https:\/\/www.museovincenzobellini.it\/en\/wp-json\/wp\/v2\/oggetto"}],"about":[{"href":"https:\/\/www.museovincenzobellini.it\/en\/wp-json\/wp\/v2\/types\/oggetto"}],"author":[{"embeddable":true,"href":"https:\/\/www.museovincenzobellini.it\/en\/wp-json\/wp\/v2\/users\/1"}],"version-history":[{"count":2,"href":"https:\/\/www.museovincenzobellini.it\/en\/wp-json\/wp\/v2\/oggetto\/1757\/revisions"}],"predecessor-version":[{"id":13899,"href":"https:\/\/www.museovincenzobellini.it\/en\/wp-json\/wp\/v2\/oggetto\/1757\/revisions\/13899"}],"wp:featuredmedia":[{"embeddable":true,"href":"https:\/\/www.museovincenzobellini.it\/en\/wp-json\/wp\/v2\/media\/1758"}],"wp:attachment":[{"href":"https:\/\/www.museovincenzobellini.it\/en\/wp-json\/wp\/v2\/media?parent=1757"}],"wp:term":[{"taxonomy":"citta","embeddable":true,"href":"https:\/\/www.museovincenzobellini.it\/en\/wp-json\/wp\/v2\/citta?post=1757"},{"taxonomy":"lingua","embeddable":true,"href":"https:\/\/www.museovincenzobellini.it\/en\/wp-json\/wp\/v2\/lingua?post=1757"},{"taxonomy":"categoria_oggetto","embeddable":true,"href":"https:\/\/www.museovincenzobellini.it\/en\/wp-json\/wp\/v2\/categoria_oggetto?post=1757"},{"taxonomy":"ambito","embeddable":true,"href":"https:\/\/www.museovincenzobellini.it\/en\/wp-json\/wp\/v2\/ambito?post=1757"},{"taxonomy":"materiali","embeddable":true,"href":"https:\/\/www.museovincenzobellini.it\/en\/wp-json\/wp\/v2\/materiali?post=1757"},{"taxonomy":"tecnica","embeddable":true,"href":"https:\/\/www.museovincenzobellini.it\/en\/wp-json\/wp\/v2\/tecnica?post=1757"},{"taxonomy":"ubicazione","embeddable":true,"href":"https:\/\/www.museovincenzobellini.it\/en\/wp-json\/wp\/v2\/ubicazione?post=1757"},{"taxonomy":"identificazione","embeddable":true,"href":"https:\/\/www.museovincenzobellini.it\/en\/wp-json\/wp\/v2\/identificazione?post=1757"},{"taxonomy":"produttore","embeddable":true,"href":"https:\/\/www.museovincenzobellini.it\/en\/wp-json\/wp\/v2\/produttore?post=1757"},{"taxonomy":"manifattura","embeddable":true,"href":"https:\/\/www.museovincenzobellini.it\/en\/wp-json\/wp\/v2\/manifattura?post=1757"},{"taxonomy":"consistenza","embeddable":true,"href":"https:\/\/www.museovincenzobellini.it\/en\/wp-json\/wp\/v2\/consistenza?post=1757"},{"taxonomy":"sezioni","embeddable":true,"href":"https:\/\/www.museovincenzobellini.it\/en\/wp-json\/wp\/v2\/sezioni?post=1757"},{"taxonomy":"forma_musicale","embeddable":true,"href":"https:\/\/www.museovincenzobellini.it\/en\/wp-json\/wp\/v2\/forma_musicale?post=1757"},{"taxonomy":"tonalita","embeddable":true,"href":"https:\/\/www.museovincenzobellini.it\/en\/wp-json\/wp\/v2\/tonalita?post=1757"}],"curies":[{"name":"wp","href":"https:\/\/api.w.org\/{rel}","templated":true}]}}

Calco di medaglia raffigurante lo stemma della città di Catania

<p>Calco di medaglia in gesso, realizzato in occasione del 150˚ anniversario della nascita di Vincenzo Bellini, raffigurante lo stemma della città di Catania, un elefante entro un triangolo rovesciato, incorniciato da due rami di alloro. Nel giro è possibile leggere &#8220;150˚ anniversario della nascita di Vincenzo Bellini&#8221;. L&#8217;artista, Salvo Giordano, scultore di scuola siciliana, si formò e lavorò in ambito locale, insegnando figura modellata al Liceo Artistico della città etnea. Espose alle Mostre Nazionali dal 1928 al 1950, e fu invitato sia alle Quadriennali di Roma che alle Biennali di Venezia. È noto, soprattutto in ambito siciliano, per aver realizzato diversi ritratti scultorei, dedicati a diversi personaggi storici.</p>

<!-- This site is optimized with the Yoast SEO plugin v20.2.1 - https://yoast.com/wordpress/plugins/seo/ -->
<title>Calco di medaglia raffigurante lo stemma della città di Catania - Museo Bellini</title>
<meta name="robots" content="index, follow, max-snippet:-1, max-image-preview:large, max-video-preview:-1" />
<link rel="canonical" href="https://www.museovincenzobellini.it/en/oggetto/calco-di-medaglia-raffigurante-lo-stemma-della-citta-di-catania/" />
<meta property="og:locale" content="en_US" />
<meta property="og:type" content="article" />
<meta property="og:title" content="Calco di medaglia raffigurante lo stemma della città di Catania - Museo Bellini" />
<meta property="og:description" content="Giordano, Salvo - 1951" />
<meta property="og:url" content="https://www.museovincenzobellini.it/en/oggetto/calco-di-medaglia-raffigurante-lo-stemma-della-citta-di-catania/" />
<meta property="og:site_name" content="Museo Bellini" />
<meta property="article:modified_time" content="2022-04-19T09:41:27+00:00" />
<meta property="og:image" content="https://www.museovincenzobellini.it/wp-content/uploads/2021/07/B-scaled.jpg" />
	<meta property="og:image:width" content="1920" />
	<meta property="og:image:height" content="2560" />
	<meta property="og:image:type" content="image/jpeg" />
<meta name="twitter:card" content="summary_large_image" />
<meta name="twitter:label1" content="Est. reading time" />
	<meta name="twitter:data1" content="1 minute" />
<script type="application/ld+json" class="yoast-schema-graph">{"@context":"https://schema.org","@graph":[{"@type":"WebPage","@id":"https://www.museovincenzobellini.it/en/oggetto/calco-di-medaglia-raffigurante-lo-stemma-della-citta-di-catania/","url":"https://www.museovincenzobellini.it/en/oggetto/calco-di-medaglia-raffigurante-lo-stemma-della-citta-di-catania/","name":"Calco di medaglia raffigurante lo stemma della città di Catania - Museo Bellini","isPartOf":{"@id":"https://www.museovincenzobellini.it/#website"},"datePublished":"2021-07-22T11:21:55+00:00","dateModified":"2022-04-19T09:41:27+00:00","breadcrumb":{"@id":"https://www.museovincenzobellini.it/en/oggetto/calco-di-medaglia-raffigurante-lo-stemma-della-citta-di-catania/#breadcrumb"},"inLanguage":"en-US","potentialAction":[{"@type":"ReadAction","target":["https://www.museovincenzobellini.it/en/oggetto/calco-di-medaglia-raffigurante-lo-stemma-della-citta-di-catania/"]}]},{"@type":"BreadcrumbList","@id":"https://www.museovincenzobellini.it/en/oggetto/calco-di-medaglia-raffigurante-lo-stemma-della-citta-di-catania/#breadcrumb","itemListElement":[{"@type":"ListItem","position":1,"name":"Home","item":"https://www.museovincenzobellini.it/en/"},{"@type":"ListItem","position":2,"name":"Oggetti","item":"https://www.museovincenzobellini.it/en/oggetto/"},{"@type":"ListItem","position":3,"name":"Calco di medaglia raffigurante lo stemma della città di Catania"}]},{"@type":"WebSite","@id":"https://www.museovincenzobellini.it/#website","url":"https://www.museovincenzobellini.it/","name":"Museo Bellini","description":"","publisher":{"@id":"https://www.museovincenzobellini.it/#organization"},"potentialAction":[{"@type":"SearchAction","target":{"@type":"EntryPoint","urlTemplate":"https://www.museovincenzobellini.it/?s={search_term_string}"},"query-input":"required name=search_term_string"}],"inLanguage":"en-US"},{"@type":"Organization","@id":"https://www.museovincenzobellini.it/#organization","name":"Museo Bellini","url":"https://www.museovincenzobellini.it/","logo":{"@type":"ImageObject","inLanguage":"en-US","@id":"https://www.museovincenzobellini.it/#/schema/logo/image/","url":"https://www.museovincenzobellini.it/wp-content/uploads/2022/04/cropped-red.png","contentUrl":"https://www.museovincenzobellini.it/wp-content/uploads/2022/04/cropped-red.png","width":400,"height":205,"caption":"Museo Bellini"},"image":{"@id":"https://www.museovincenzobellini.it/#/schema/logo/image/"}}]}</script>
<!-- / Yoast SEO plugin. -->

Calco di medaglia raffigurante lo stemma della città di Catania - Museo Bellini
