{"id":1750,"date":"2021-07-22T12:21:51","date_gmt":"2021-07-22T11:21:51","guid":{"rendered":"http:\/\/www.museovincenzobellini.it\/oggetto\/ritratto-di-ascanio-bazan\/"},"modified":"2022-04-19T10:41:26","modified_gmt":"2022-04-19T09:41:26","slug":"ritratto-di-ascanio-bazan","status":"publish","type":"oggetto","link":"https:\/\/www.museovincenzobellini.it\/en\/oggetto\/ritratto-di-ascanio-bazan\/","title":{"rendered":"Ritratto di Ascanio Bazan"},"content":{"rendered":"<p>Entro cornice lignea dorata \u00e8 inserita una tela in cui \u00e8 raffigurato il busto di Ascanio Bazan, ritratto di tre quarti verso destra: \u00e8 elegantemente vestito. Il bene non presenta alcuna documentazione riguardante la datazione e la commissione. Dell&#8217;autore, il pittore catanese Angelo D&#8217;Agata, di scuola fiorentina, si conoscono davvero pochissimi dati biografici e purtroppo, nemmeno la data della sua morte: \u00e8 certo  che partecip\u00f2 alla II Esposizione Agricola Siciliana, tenutasi nel 1907 nella citt\u00e0 di Catania, insieme allo scultore Salvatore Grimaldi, di cui il museo civico belliniano espone una scultur in gesso. Fu pittore di ritratti, in particolar modo di soggetti appartenenti alla borghesia siciliana, tuttavia si distinse anche per la realizzazione di soggetti sacri: il dipinto, invero rientra nella prima categoria. L&#8217;artista \u00e8 altres\u00ec noto per aver eseguito un quadro raffigurante il ritratto del compositore catanese, Vincenzo Bellini, prozio dello stesso Ascanio Bazan.<\/p>\n","protected":false},"excerpt":{"rendered":"<p>D&#8217;Agata, Angelo &#8211; 1890-1900<\/p>\n","protected":false},"author":1,"featured_media":1753,"menu_order":0,"template":"","meta":{"footnotes":""},"citta":[],"lingua":[],"categoria_oggetto":[42],"ambito":[],"materiali":[85],"tecnica":[86],"ubicazione":[512],"identificazione":[203,202],"produttore":[],"manifattura":[],"consistenza":[],"sezioni":[716],"forma_musicale":[],"tonalita":[],"class_list":["post-1750","oggetto","type-oggetto","status-publish","has-post-thumbnail","hentry","categoria_oggetto-dipinto","materiali-tela","tecnica-pittura-ad-olio","ubicazione-biblioteca","identificazione-ascanio","identificazione-bazan","sezioni-art-objects"],"yoast_head":"<!-- This site is optimized with the Yoast SEO plugin v20.2.1 - https:\/\/yoast.com\/wordpress\/plugins\/seo\/ -->\n<title>Ritratto di Ascanio Bazan - Museo Bellini<\/title>\n<meta name=\"robots\" content=\"index, follow, max-snippet:-1, max-image-preview:large, max-video-preview:-1\" \/>\n<link rel=\"canonical\" href=\"https:\/\/www.museovincenzobellini.it\/en\/oggetto\/ritratto-di-ascanio-bazan\/\" \/>\n<meta property=\"og:locale\" content=\"en_US\" \/>\n<meta property=\"og:type\" content=\"article\" \/>\n<meta property=\"og:title\" content=\"Ritratto di Ascanio Bazan - Museo Bellini\" \/>\n<meta property=\"og:description\" content=\"D&#039;Agata, Angelo - 1890-1900\" \/>\n<meta property=\"og:url\" content=\"https:\/\/www.museovincenzobellini.it\/en\/oggetto\/ritratto-di-ascanio-bazan\/\" \/>\n<meta property=\"og:site_name\" content=\"Museo Bellini\" \/>\n<meta property=\"article:modified_time\" content=\"2022-04-19T09:41:26+00:00\" \/>\n<meta property=\"og:image\" content=\"https:\/\/www.museovincenzobellini.it\/wp-content\/uploads\/2021\/07\/ritratto-nipote-732x1024.jpg\" \/>\n\t<meta property=\"og:image:width\" content=\"732\" \/>\n\t<meta property=\"og:image:height\" content=\"1024\" \/>\n\t<meta property=\"og:image:type\" content=\"image\/jpeg\" \/>\n<meta name=\"twitter:card\" content=\"summary_large_image\" \/>\n<meta name=\"twitter:label1\" content=\"Est. reading time\" \/>\n\t<meta name=\"twitter:data1\" content=\"1 minute\" \/>\n<script type=\"application\/ld+json\" class=\"yoast-schema-graph\">{\"@context\":\"https:\/\/schema.org\",\"@graph\":[{\"@type\":\"WebPage\",\"@id\":\"https:\/\/www.museovincenzobellini.it\/en\/oggetto\/ritratto-di-ascanio-bazan\/\",\"url\":\"https:\/\/www.museovincenzobellini.it\/en\/oggetto\/ritratto-di-ascanio-bazan\/\",\"name\":\"Ritratto di Ascanio Bazan - Museo Bellini\",\"isPartOf\":{\"@id\":\"https:\/\/www.museovincenzobellini.it\/#website\"},\"datePublished\":\"2021-07-22T11:21:51+00:00\",\"dateModified\":\"2022-04-19T09:41:26+00:00\",\"breadcrumb\":{\"@id\":\"https:\/\/www.museovincenzobellini.it\/en\/oggetto\/ritratto-di-ascanio-bazan\/#breadcrumb\"},\"inLanguage\":\"en-US\",\"potentialAction\":[{\"@type\":\"ReadAction\",\"target\":[\"https:\/\/www.museovincenzobellini.it\/en\/oggetto\/ritratto-di-ascanio-bazan\/\"]}]},{\"@type\":\"BreadcrumbList\",\"@id\":\"https:\/\/www.museovincenzobellini.it\/en\/oggetto\/ritratto-di-ascanio-bazan\/#breadcrumb\",\"itemListElement\":[{\"@type\":\"ListItem\",\"position\":1,\"name\":\"Home\",\"item\":\"https:\/\/www.museovincenzobellini.it\/en\/\"},{\"@type\":\"ListItem\",\"position\":2,\"name\":\"Oggetti\",\"item\":\"https:\/\/www.museovincenzobellini.it\/en\/oggetto\/\"},{\"@type\":\"ListItem\",\"position\":3,\"name\":\"Ritratto di Ascanio Bazan\"}]},{\"@type\":\"WebSite\",\"@id\":\"https:\/\/www.museovincenzobellini.it\/#website\",\"url\":\"https:\/\/www.museovincenzobellini.it\/\",\"name\":\"Museo Bellini\",\"description\":\"\",\"publisher\":{\"@id\":\"https:\/\/www.museovincenzobellini.it\/#organization\"},\"potentialAction\":[{\"@type\":\"SearchAction\",\"target\":{\"@type\":\"EntryPoint\",\"urlTemplate\":\"https:\/\/www.museovincenzobellini.it\/?s={search_term_string}\"},\"query-input\":\"required name=search_term_string\"}],\"inLanguage\":\"en-US\"},{\"@type\":\"Organization\",\"@id\":\"https:\/\/www.museovincenzobellini.it\/#organization\",\"name\":\"Museo Bellini\",\"url\":\"https:\/\/www.museovincenzobellini.it\/\",\"logo\":{\"@type\":\"ImageObject\",\"inLanguage\":\"en-US\",\"@id\":\"https:\/\/www.museovincenzobellini.it\/#\/schema\/logo\/image\/\",\"url\":\"https:\/\/www.museovincenzobellini.it\/wp-content\/uploads\/2022\/04\/cropped-red.png\",\"contentUrl\":\"https:\/\/www.museovincenzobellini.it\/wp-content\/uploads\/2022\/04\/cropped-red.png\",\"width\":400,\"height\":205,\"caption\":\"Museo Bellini\"},\"image\":{\"@id\":\"https:\/\/www.museovincenzobellini.it\/#\/schema\/logo\/image\/\"}}]}<\/script>\n<!-- \/ Yoast SEO plugin. -->","yoast_head_json":{"title":"Ritratto di Ascanio Bazan - Museo Bellini","robots":{"index":"index","follow":"follow","max-snippet":"max-snippet:-1","max-image-preview":"max-image-preview:large","max-video-preview":"max-video-preview:-1"},"canonical":"https:\/\/www.museovincenzobellini.it\/en\/oggetto\/ritratto-di-ascanio-bazan\/","og_locale":"en_US","og_type":"article","og_title":"Ritratto di Ascanio Bazan - Museo Bellini","og_description":"D'Agata, Angelo - 1890-1900","og_url":"https:\/\/www.museovincenzobellini.it\/en\/oggetto\/ritratto-di-ascanio-bazan\/","og_site_name":"Museo Bellini","article_modified_time":"2022-04-19T09:41:26+00:00","og_image":[{"width":732,"height":1024,"url":"https:\/\/www.museovincenzobellini.it\/wp-content\/uploads\/2021\/07\/ritratto-nipote-732x1024.jpg","type":"image\/jpeg"}],"twitter_card":"summary_large_image","twitter_misc":{"Est. reading time":"1 minute"},"schema":{"@context":"https:\/\/schema.org","@graph":[{"@type":"WebPage","@id":"https:\/\/www.museovincenzobellini.it\/en\/oggetto\/ritratto-di-ascanio-bazan\/","url":"https:\/\/www.museovincenzobellini.it\/en\/oggetto\/ritratto-di-ascanio-bazan\/","name":"Ritratto di Ascanio Bazan - Museo Bellini","isPartOf":{"@id":"https:\/\/www.museovincenzobellini.it\/#website"},"datePublished":"2021-07-22T11:21:51+00:00","dateModified":"2022-04-19T09:41:26+00:00","breadcrumb":{"@id":"https:\/\/www.museovincenzobellini.it\/en\/oggetto\/ritratto-di-ascanio-bazan\/#breadcrumb"},"inLanguage":"en-US","potentialAction":[{"@type":"ReadAction","target":["https:\/\/www.museovincenzobellini.it\/en\/oggetto\/ritratto-di-ascanio-bazan\/"]}]},{"@type":"BreadcrumbList","@id":"https:\/\/www.museovincenzobellini.it\/en\/oggetto\/ritratto-di-ascanio-bazan\/#breadcrumb","itemListElement":[{"@type":"ListItem","position":1,"name":"Home","item":"https:\/\/www.museovincenzobellini.it\/en\/"},{"@type":"ListItem","position":2,"name":"Oggetti","item":"https:\/\/www.museovincenzobellini.it\/en\/oggetto\/"},{"@type":"ListItem","position":3,"name":"Ritratto di Ascanio Bazan"}]},{"@type":"WebSite","@id":"https:\/\/www.museovincenzobellini.it\/#website","url":"https:\/\/www.museovincenzobellini.it\/","name":"Museo Bellini","description":"","publisher":{"@id":"https:\/\/www.museovincenzobellini.it\/#organization"},"potentialAction":[{"@type":"SearchAction","target":{"@type":"EntryPoint","urlTemplate":"https:\/\/www.museovincenzobellini.it\/?s={search_term_string}"},"query-input":"required name=search_term_string"}],"inLanguage":"en-US"},{"@type":"Organization","@id":"https:\/\/www.museovincenzobellini.it\/#organization","name":"Museo Bellini","url":"https:\/\/www.museovincenzobellini.it\/","logo":{"@type":"ImageObject","inLanguage":"en-US","@id":"https:\/\/www.museovincenzobellini.it\/#\/schema\/logo\/image\/","url":"https:\/\/www.museovincenzobellini.it\/wp-content\/uploads\/2022\/04\/cropped-red.png","contentUrl":"https:\/\/www.museovincenzobellini.it\/wp-content\/uploads\/2022\/04\/cropped-red.png","width":400,"height":205,"caption":"Museo Bellini"},"image":{"@id":"https:\/\/www.museovincenzobellini.it\/#\/schema\/logo\/image\/"}}]}},"_links":{"self":[{"href":"https:\/\/www.museovincenzobellini.it\/en\/wp-json\/wp\/v2\/oggetto\/1750","targetHints":{"allow":["GET"]}}],"collection":[{"href":"https:\/\/www.museovincenzobellini.it\/en\/wp-json\/wp\/v2\/oggetto"}],"about":[{"href":"https:\/\/www.museovincenzobellini.it\/en\/wp-json\/wp\/v2\/types\/oggetto"}],"author":[{"embeddable":true,"href":"https:\/\/www.museovincenzobellini.it\/en\/wp-json\/wp\/v2\/users\/1"}],"version-history":[{"count":2,"href":"https:\/\/www.museovincenzobellini.it\/en\/wp-json\/wp\/v2\/oggetto\/1750\/revisions"}],"predecessor-version":[{"id":13897,"href":"https:\/\/www.museovincenzobellini.it\/en\/wp-json\/wp\/v2\/oggetto\/1750\/revisions\/13897"}],"wp:featuredmedia":[{"embeddable":true,"href":"https:\/\/www.museovincenzobellini.it\/en\/wp-json\/wp\/v2\/media\/1753"}],"wp:attachment":[{"href":"https:\/\/www.museovincenzobellini.it\/en\/wp-json\/wp\/v2\/media?parent=1750"}],"wp:term":[{"taxonomy":"citta","embeddable":true,"href":"https:\/\/www.museovincenzobellini.it\/en\/wp-json\/wp\/v2\/citta?post=1750"},{"taxonomy":"lingua","embeddable":true,"href":"https:\/\/www.museovincenzobellini.it\/en\/wp-json\/wp\/v2\/lingua?post=1750"},{"taxonomy":"categoria_oggetto","embeddable":true,"href":"https:\/\/www.museovincenzobellini.it\/en\/wp-json\/wp\/v2\/categoria_oggetto?post=1750"},{"taxonomy":"ambito","embeddable":true,"href":"https:\/\/www.museovincenzobellini.it\/en\/wp-json\/wp\/v2\/ambito?post=1750"},{"taxonomy":"materiali","embeddable":true,"href":"https:\/\/www.museovincenzobellini.it\/en\/wp-json\/wp\/v2\/materiali?post=1750"},{"taxonomy":"tecnica","embeddable":true,"href":"https:\/\/www.museovincenzobellini.it\/en\/wp-json\/wp\/v2\/tecnica?post=1750"},{"taxonomy":"ubicazione","embeddable":true,"href":"https:\/\/www.museovincenzobellini.it\/en\/wp-json\/wp\/v2\/ubicazione?post=1750"},{"taxonomy":"identificazione","embeddable":true,"href":"https:\/\/www.museovincenzobellini.it\/en\/wp-json\/wp\/v2\/identificazione?post=1750"},{"taxonomy":"produttore","embeddable":true,"href":"https:\/\/www.museovincenzobellini.it\/en\/wp-json\/wp\/v2\/produttore?post=1750"},{"taxonomy":"manifattura","embeddable":true,"href":"https:\/\/www.museovincenzobellini.it\/en\/wp-json\/wp\/v2\/manifattura?post=1750"},{"taxonomy":"consistenza","embeddable":true,"href":"https:\/\/www.museovincenzobellini.it\/en\/wp-json\/wp\/v2\/consistenza?post=1750"},{"taxonomy":"sezioni","embeddable":true,"href":"https:\/\/www.museovincenzobellini.it\/en\/wp-json\/wp\/v2\/sezioni?post=1750"},{"taxonomy":"forma_musicale","embeddable":true,"href":"https:\/\/www.museovincenzobellini.it\/en\/wp-json\/wp\/v2\/forma_musicale?post=1750"},{"taxonomy":"tonalita","embeddable":true,"href":"https:\/\/www.museovincenzobellini.it\/en\/wp-json\/wp\/v2\/tonalita?post=1750"}],"curies":[{"name":"wp","href":"https:\/\/api.w.org\/{rel}","templated":true}]}}

<p>Entro cornice lignea dorata è inserita una tela in cui è raffigurato il busto di Ascanio Bazan, ritratto di tre quarti verso destra: è elegantemente vestito. Il bene non presenta alcuna documentazione riguardante la datazione e la commissione. Dell&#8217;autore, il pittore catanese Angelo D&#8217;Agata, di scuola fiorentina, si conoscono davvero pochissimi dati biografici e purtroppo, nemmeno la data della sua morte: è certo  che partecipò alla II Esposizione Agricola Siciliana, tenutasi nel 1907 nella città di Catania, insieme allo scultore Salvatore Grimaldi, di cui il museo civico belliniano espone una scultur in gesso. Fu pittore di ritratti, in particolar modo di soggetti appartenenti alla borghesia siciliana, tuttavia si distinse anche per la realizzazione di soggetti sacri: il dipinto, invero rientra nella prima categoria. L&#8217;artista è altresì noto per aver eseguito un quadro raffigurante il ritratto del compositore catanese, Vincenzo Bellini, prozio dello stesso Ascanio Bazan.</p>
