{"id":1747,"date":"2021-07-22T12:21:49","date_gmt":"2021-07-22T11:21:49","guid":{"rendered":"http:\/\/www.museovincenzobellini.it\/oggetto\/busto-raffigurante-il-ritratto-di-ascanio-bazan\/"},"modified":"2023-03-22T10:23:19","modified_gmt":"2023-03-22T09:23:19","slug":"busto-raffigurante-il-ritratto-di-ascanio-bazan","status":"publish","type":"oggetto","link":"https:\/\/www.museovincenzobellini.it\/en\/oggetto\/busto-raffigurante-il-ritratto-di-ascanio-bazan\/","title":{"rendered":"Busto raffigurante il ritratto di Ascanio Bazan"},"content":{"rendered":"<p>L\u2019opera rappresenta un mezzo busto in gesso bronzato raffigurante il ritratto del compositore Ascanio Bazan, pronipote dell&#8217;illustre musicista Vincenzo Bellini: \u00e8 rappresentato di tre quarti, senza braccia, porta dei baffi ed \u00e8 elegantemente vestito. Il bene fu eseguito dallo scultore siciliano, Salvatore Zagarella, presumibilmente tra il 1935 e il 1960. Negli stessi anni, l&#8217;artista \u00e8 impegnato nel viale degli uomini illustri (comunemente noto in citt\u00e0 come il \u00abviale dei nasi rotti\u00bb) del giardino Bellini di Catania, nella realizzazione di tre ritratti scolpiti ossia, Giovanni Verga (pi\u00f9 volte replicato), Luigi Capuana (1960) e il musicista Emanuele Cal\u00ec (1965). Lo scultore, purtroppo, \u00e8 noto soltanto per essere stato il primo maestro di bottega del pi\u00f9 famoso artista di fama nazionale, Emilio Greco e tuttavia al contrario del suo allievo, egli non ebbe grandissima fortuna.<\/p>\n","protected":false},"excerpt":{"rendered":"<p>Zagarella, Salvatore &#8211; 1935-1960<\/p>\n","protected":false},"author":1,"featured_media":26013,"menu_order":0,"template":"","meta":{"footnotes":""},"citta":[],"lingua":[],"categoria_oggetto":[47],"ambito":[],"materiali":[88],"tecnica":[230,89],"ubicazione":[512],"identificazione":[203,202],"produttore":[],"manifattura":[],"consistenza":[],"sezioni":[716],"forma_musicale":[],"tonalita":[],"class_list":["post-1747","oggetto","type-oggetto","status-publish","has-post-thumbnail","hentry","categoria_oggetto-scultura","materiali-gesso","tecnica-bronzatura","tecnica-scultura","ubicazione-biblioteca","identificazione-ascanio","identificazione-bazan","sezioni-art-objects"],"yoast_head":"<!-- This site is optimized with the Yoast SEO plugin v20.2.1 - https:\/\/yoast.com\/wordpress\/plugins\/seo\/ -->\n<title>Busto raffigurante il ritratto di Ascanio Bazan - Museo Bellini<\/title>\n<meta name=\"robots\" content=\"index, follow, max-snippet:-1, max-image-preview:large, max-video-preview:-1\" \/>\n<link rel=\"canonical\" href=\"https:\/\/www.museovincenzobellini.it\/en\/oggetto\/busto-raffigurante-il-ritratto-di-ascanio-bazan\/\" \/>\n<meta property=\"og:locale\" content=\"en_US\" \/>\n<meta property=\"og:type\" content=\"article\" \/>\n<meta property=\"og:title\" content=\"Busto raffigurante il ritratto di Ascanio Bazan - Museo Bellini\" \/>\n<meta property=\"og:description\" content=\"Zagarella, Salvatore - 1935-1960\" \/>\n<meta property=\"og:url\" content=\"https:\/\/www.museovincenzobellini.it\/en\/oggetto\/busto-raffigurante-il-ritratto-di-ascanio-bazan\/\" \/>\n<meta property=\"og:site_name\" content=\"Museo Bellini\" \/>\n<meta property=\"article:modified_time\" content=\"2023-03-22T09:23:19+00:00\" \/>\n<meta property=\"og:image\" content=\"https:\/\/www.museovincenzobellini.it\/wp-content\/uploads\/2021\/07\/MG_8762-scaled.jpg\" \/>\n\t<meta property=\"og:image:width\" content=\"2560\" \/>\n\t<meta property=\"og:image:height\" content=\"1707\" \/>\n\t<meta property=\"og:image:type\" content=\"image\/jpeg\" \/>\n<meta name=\"twitter:card\" content=\"summary_large_image\" \/>\n<meta name=\"twitter:label1\" content=\"Est. reading time\" \/>\n\t<meta name=\"twitter:data1\" content=\"1 minute\" \/>\n<script type=\"application\/ld+json\" class=\"yoast-schema-graph\">{\"@context\":\"https:\/\/schema.org\",\"@graph\":[{\"@type\":\"WebPage\",\"@id\":\"https:\/\/www.museovincenzobellini.it\/en\/oggetto\/busto-raffigurante-il-ritratto-di-ascanio-bazan\/\",\"url\":\"https:\/\/www.museovincenzobellini.it\/en\/oggetto\/busto-raffigurante-il-ritratto-di-ascanio-bazan\/\",\"name\":\"Busto raffigurante il ritratto di Ascanio Bazan - Museo Bellini\",\"isPartOf\":{\"@id\":\"https:\/\/www.museovincenzobellini.it\/#website\"},\"datePublished\":\"2021-07-22T11:21:49+00:00\",\"dateModified\":\"2023-03-22T09:23:19+00:00\",\"breadcrumb\":{\"@id\":\"https:\/\/www.museovincenzobellini.it\/en\/oggetto\/busto-raffigurante-il-ritratto-di-ascanio-bazan\/#breadcrumb\"},\"inLanguage\":\"en-US\",\"potentialAction\":[{\"@type\":\"ReadAction\",\"target\":[\"https:\/\/www.museovincenzobellini.it\/en\/oggetto\/busto-raffigurante-il-ritratto-di-ascanio-bazan\/\"]}]},{\"@type\":\"BreadcrumbList\",\"@id\":\"https:\/\/www.museovincenzobellini.it\/en\/oggetto\/busto-raffigurante-il-ritratto-di-ascanio-bazan\/#breadcrumb\",\"itemListElement\":[{\"@type\":\"ListItem\",\"position\":1,\"name\":\"Home\",\"item\":\"https:\/\/www.museovincenzobellini.it\/en\/\"},{\"@type\":\"ListItem\",\"position\":2,\"name\":\"Oggetti\",\"item\":\"https:\/\/www.museovincenzobellini.it\/en\/oggetto\/\"},{\"@type\":\"ListItem\",\"position\":3,\"name\":\"Busto raffigurante il ritratto di Ascanio Bazan\"}]},{\"@type\":\"WebSite\",\"@id\":\"https:\/\/www.museovincenzobellini.it\/#website\",\"url\":\"https:\/\/www.museovincenzobellini.it\/\",\"name\":\"Museo Bellini\",\"description\":\"\",\"publisher\":{\"@id\":\"https:\/\/www.museovincenzobellini.it\/#organization\"},\"potentialAction\":[{\"@type\":\"SearchAction\",\"target\":{\"@type\":\"EntryPoint\",\"urlTemplate\":\"https:\/\/www.museovincenzobellini.it\/?s={search_term_string}\"},\"query-input\":\"required name=search_term_string\"}],\"inLanguage\":\"en-US\"},{\"@type\":\"Organization\",\"@id\":\"https:\/\/www.museovincenzobellini.it\/#organization\",\"name\":\"Museo Bellini\",\"url\":\"https:\/\/www.museovincenzobellini.it\/\",\"logo\":{\"@type\":\"ImageObject\",\"inLanguage\":\"en-US\",\"@id\":\"https:\/\/www.museovincenzobellini.it\/#\/schema\/logo\/image\/\",\"url\":\"https:\/\/www.museovincenzobellini.it\/wp-content\/uploads\/2022\/04\/cropped-red.png\",\"contentUrl\":\"https:\/\/www.museovincenzobellini.it\/wp-content\/uploads\/2022\/04\/cropped-red.png\",\"width\":400,\"height\":205,\"caption\":\"Museo Bellini\"},\"image\":{\"@id\":\"https:\/\/www.museovincenzobellini.it\/#\/schema\/logo\/image\/\"}}]}<\/script>\n<!-- \/ Yoast SEO plugin. -->","yoast_head_json":{"title":"Busto raffigurante il ritratto di Ascanio Bazan - Museo Bellini","robots":{"index":"index","follow":"follow","max-snippet":"max-snippet:-1","max-image-preview":"max-image-preview:large","max-video-preview":"max-video-preview:-1"},"canonical":"https:\/\/www.museovincenzobellini.it\/en\/oggetto\/busto-raffigurante-il-ritratto-di-ascanio-bazan\/","og_locale":"en_US","og_type":"article","og_title":"Busto raffigurante il ritratto di Ascanio Bazan - Museo Bellini","og_description":"Zagarella, Salvatore - 1935-1960","og_url":"https:\/\/www.museovincenzobellini.it\/en\/oggetto\/busto-raffigurante-il-ritratto-di-ascanio-bazan\/","og_site_name":"Museo Bellini","article_modified_time":"2023-03-22T09:23:19+00:00","og_image":[{"width":2560,"height":1707,"url":"https:\/\/www.museovincenzobellini.it\/wp-content\/uploads\/2021\/07\/MG_8762-scaled.jpg","type":"image\/jpeg"}],"twitter_card":"summary_large_image","twitter_misc":{"Est. reading time":"1 minute"},"schema":{"@context":"https:\/\/schema.org","@graph":[{"@type":"WebPage","@id":"https:\/\/www.museovincenzobellini.it\/en\/oggetto\/busto-raffigurante-il-ritratto-di-ascanio-bazan\/","url":"https:\/\/www.museovincenzobellini.it\/en\/oggetto\/busto-raffigurante-il-ritratto-di-ascanio-bazan\/","name":"Busto raffigurante il ritratto di Ascanio Bazan - Museo Bellini","isPartOf":{"@id":"https:\/\/www.museovincenzobellini.it\/#website"},"datePublished":"2021-07-22T11:21:49+00:00","dateModified":"2023-03-22T09:23:19+00:00","breadcrumb":{"@id":"https:\/\/www.museovincenzobellini.it\/en\/oggetto\/busto-raffigurante-il-ritratto-di-ascanio-bazan\/#breadcrumb"},"inLanguage":"en-US","potentialAction":[{"@type":"ReadAction","target":["https:\/\/www.museovincenzobellini.it\/en\/oggetto\/busto-raffigurante-il-ritratto-di-ascanio-bazan\/"]}]},{"@type":"BreadcrumbList","@id":"https:\/\/www.museovincenzobellini.it\/en\/oggetto\/busto-raffigurante-il-ritratto-di-ascanio-bazan\/#breadcrumb","itemListElement":[{"@type":"ListItem","position":1,"name":"Home","item":"https:\/\/www.museovincenzobellini.it\/en\/"},{"@type":"ListItem","position":2,"name":"Oggetti","item":"https:\/\/www.museovincenzobellini.it\/en\/oggetto\/"},{"@type":"ListItem","position":3,"name":"Busto raffigurante il ritratto di Ascanio Bazan"}]},{"@type":"WebSite","@id":"https:\/\/www.museovincenzobellini.it\/#website","url":"https:\/\/www.museovincenzobellini.it\/","name":"Museo Bellini","description":"","publisher":{"@id":"https:\/\/www.museovincenzobellini.it\/#organization"},"potentialAction":[{"@type":"SearchAction","target":{"@type":"EntryPoint","urlTemplate":"https:\/\/www.museovincenzobellini.it\/?s={search_term_string}"},"query-input":"required name=search_term_string"}],"inLanguage":"en-US"},{"@type":"Organization","@id":"https:\/\/www.museovincenzobellini.it\/#organization","name":"Museo Bellini","url":"https:\/\/www.museovincenzobellini.it\/","logo":{"@type":"ImageObject","inLanguage":"en-US","@id":"https:\/\/www.museovincenzobellini.it\/#\/schema\/logo\/image\/","url":"https:\/\/www.museovincenzobellini.it\/wp-content\/uploads\/2022\/04\/cropped-red.png","contentUrl":"https:\/\/www.museovincenzobellini.it\/wp-content\/uploads\/2022\/04\/cropped-red.png","width":400,"height":205,"caption":"Museo Bellini"},"image":{"@id":"https:\/\/www.museovincenzobellini.it\/#\/schema\/logo\/image\/"}}]}},"_links":{"self":[{"href":"https:\/\/www.museovincenzobellini.it\/en\/wp-json\/wp\/v2\/oggetto\/1747","targetHints":{"allow":["GET"]}}],"collection":[{"href":"https:\/\/www.museovincenzobellini.it\/en\/wp-json\/wp\/v2\/oggetto"}],"about":[{"href":"https:\/\/www.museovincenzobellini.it\/en\/wp-json\/wp\/v2\/types\/oggetto"}],"author":[{"embeddable":true,"href":"https:\/\/www.museovincenzobellini.it\/en\/wp-json\/wp\/v2\/users\/1"}],"version-history":[{"count":3,"href":"https:\/\/www.museovincenzobellini.it\/en\/wp-json\/wp\/v2\/oggetto\/1747\/revisions"}],"predecessor-version":[{"id":26015,"href":"https:\/\/www.museovincenzobellini.it\/en\/wp-json\/wp\/v2\/oggetto\/1747\/revisions\/26015"}],"wp:featuredmedia":[{"embeddable":true,"href":"https:\/\/www.museovincenzobellini.it\/en\/wp-json\/wp\/v2\/media\/26013"}],"wp:attachment":[{"href":"https:\/\/www.museovincenzobellini.it\/en\/wp-json\/wp\/v2\/media?parent=1747"}],"wp:term":[{"taxonomy":"citta","embeddable":true,"href":"https:\/\/www.museovincenzobellini.it\/en\/wp-json\/wp\/v2\/citta?post=1747"},{"taxonomy":"lingua","embeddable":true,"href":"https:\/\/www.museovincenzobellini.it\/en\/wp-json\/wp\/v2\/lingua?post=1747"},{"taxonomy":"categoria_oggetto","embeddable":true,"href":"https:\/\/www.museovincenzobellini.it\/en\/wp-json\/wp\/v2\/categoria_oggetto?post=1747"},{"taxonomy":"ambito","embeddable":true,"href":"https:\/\/www.museovincenzobellini.it\/en\/wp-json\/wp\/v2\/ambito?post=1747"},{"taxonomy":"materiali","embeddable":true,"href":"https:\/\/www.museovincenzobellini.it\/en\/wp-json\/wp\/v2\/materiali?post=1747"},{"taxonomy":"tecnica","embeddable":true,"href":"https:\/\/www.museovincenzobellini.it\/en\/wp-json\/wp\/v2\/tecnica?post=1747"},{"taxonomy":"ubicazione","embeddable":true,"href":"https:\/\/www.museovincenzobellini.it\/en\/wp-json\/wp\/v2\/ubicazione?post=1747"},{"taxonomy":"identificazione","embeddable":true,"href":"https:\/\/www.museovincenzobellini.it\/en\/wp-json\/wp\/v2\/identificazione?post=1747"},{"taxonomy":"produttore","embeddable":true,"href":"https:\/\/www.museovincenzobellini.it\/en\/wp-json\/wp\/v2\/produttore?post=1747"},{"taxonomy":"manifattura","embeddable":true,"href":"https:\/\/www.museovincenzobellini.it\/en\/wp-json\/wp\/v2\/manifattura?post=1747"},{"taxonomy":"consistenza","embeddable":true,"href":"https:\/\/www.museovincenzobellini.it\/en\/wp-json\/wp\/v2\/consistenza?post=1747"},{"taxonomy":"sezioni","embeddable":true,"href":"https:\/\/www.museovincenzobellini.it\/en\/wp-json\/wp\/v2\/sezioni?post=1747"},{"taxonomy":"forma_musicale","embeddable":true,"href":"https:\/\/www.museovincenzobellini.it\/en\/wp-json\/wp\/v2\/forma_musicale?post=1747"},{"taxonomy":"tonalita","embeddable":true,"href":"https:\/\/www.museovincenzobellini.it\/en\/wp-json\/wp\/v2\/tonalita?post=1747"}],"curies":[{"name":"wp","href":"https:\/\/api.w.org\/{rel}","templated":true}]}}

<p>L’opera rappresenta un mezzo busto in gesso bronzato raffigurante il ritratto del compositore Ascanio Bazan, pronipote dell&#8217;illustre musicista Vincenzo Bellini: è rappresentato di tre quarti, senza braccia, porta dei baffi ed è elegantemente vestito. Il bene fu eseguito dallo scultore siciliano, Salvatore Zagarella, presumibilmente tra il 1935 e il 1960. Negli stessi anni, l&#8217;artista è impegnato nel viale degli uomini illustri (comunemente noto in città come il «viale dei nasi rotti») del giardino Bellini di Catania, nella realizzazione di tre ritratti scolpiti ossia, Giovanni Verga (più volte replicato), Luigi Capuana (1960) e il musicista Emanuele Calì (1965). Lo scultore, purtroppo, è noto soltanto per essere stato il primo maestro di bottega del più famoso artista di fama nazionale, Emilio Greco e tuttavia al contrario del suo allievo, egli non ebbe grandissima fortuna.</p>
