{"id":1656,"date":"2021-07-22T12:19:58","date_gmt":"2021-07-22T11:19:58","guid":{"rendered":"http:\/\/www.museovincenzobellini.it\/oggetto\/vincenzo-bellini-1801-2001-celebrazioni-per-il-bicentenario-della-nascita\/"},"modified":"2022-04-19T10:41:04","modified_gmt":"2022-04-19T09:41:04","slug":"vincenzo-bellini-1801-2001-celebrazioni-per-il-bicentenario-della-nascita","status":"publish","type":"oggetto","link":"https:\/\/www.museovincenzobellini.it\/en\/oggetto\/vincenzo-bellini-1801-2001-celebrazioni-per-il-bicentenario-della-nascita\/","title":{"rendered":"&#8220;Vincenzo Bellini 1801-2001. Celebrazioni per il bicentenario della nascita.&#8221;"},"content":{"rendered":"<p>Locandina stampata in occasione della celebrazione del bicentenario della nascita del compositore catanese, Vincenzo Bellini. A destra si pu\u00f2 osservare una riproduzione fotografica del ritratto raffigurante Vincenzo Bellini di Fr\u00e9d\u00e9ric Millet (Milano, Museo Teatrale alla Scala).<\/p>\n","protected":false},"excerpt":{"rendered":"<p>Grafica &#038; Design: Orazio Russo &#8211; 2001<\/p>\n","protected":false},"author":1,"featured_media":0,"menu_order":0,"template":"","meta":{"footnotes":""},"citta":[],"lingua":[],"categoria_oggetto":[307],"ambito":[],"materiali":[65],"tecnica":[72],"ubicazione":[463],"identificazione":[104,105],"produttore":[468],"manifattura":[],"consistenza":[],"sezioni":[710],"forma_musicale":[],"tonalita":[],"class_list":["post-1656","oggetto","type-oggetto","status-publish","hentry","categoria_oggetto-manifesto","materiali-carta","tecnica-riproduzione-fotomeccanica","ubicazione-sala-4-piano-nobile","identificazione-bellini","identificazione-vincenzo","produttore-grafica-design-orazio-russo","sezioni-posters-and-plaques"],"yoast_head":"<!-- This site is optimized with the Yoast SEO plugin v20.2.1 - https:\/\/yoast.com\/wordpress\/plugins\/seo\/ -->\n<title>&quot;Vincenzo Bellini 1801-2001. Celebrazioni per il bicentenario della nascita.&quot; - Museo Bellini<\/title>\n<meta name=\"robots\" content=\"index, follow, max-snippet:-1, max-image-preview:large, max-video-preview:-1\" \/>\n<link rel=\"canonical\" href=\"https:\/\/www.museovincenzobellini.it\/en\/oggetto\/vincenzo-bellini-1801-2001-celebrazioni-per-il-bicentenario-della-nascita\/\" \/>\n<meta property=\"og:locale\" content=\"en_US\" \/>\n<meta property=\"og:type\" content=\"article\" \/>\n<meta property=\"og:title\" content=\"&quot;Vincenzo Bellini 1801-2001. Celebrazioni per il bicentenario della nascita.&quot; - Museo Bellini\" \/>\n<meta property=\"og:description\" content=\"Grafica &amp; Design: Orazio Russo - 2001\" \/>\n<meta property=\"og:url\" content=\"https:\/\/www.museovincenzobellini.it\/en\/oggetto\/vincenzo-bellini-1801-2001-celebrazioni-per-il-bicentenario-della-nascita\/\" \/>\n<meta property=\"og:site_name\" content=\"Museo Bellini\" \/>\n<meta property=\"article:modified_time\" content=\"2022-04-19T09:41:04+00:00\" \/>\n<meta name=\"twitter:card\" content=\"summary_large_image\" \/>\n<script type=\"application\/ld+json\" class=\"yoast-schema-graph\">{\"@context\":\"https:\/\/schema.org\",\"@graph\":[{\"@type\":\"WebPage\",\"@id\":\"https:\/\/www.museovincenzobellini.it\/en\/oggetto\/vincenzo-bellini-1801-2001-celebrazioni-per-il-bicentenario-della-nascita\/\",\"url\":\"https:\/\/www.museovincenzobellini.it\/en\/oggetto\/vincenzo-bellini-1801-2001-celebrazioni-per-il-bicentenario-della-nascita\/\",\"name\":\"\\\"Vincenzo Bellini 1801-2001. Celebrazioni per il bicentenario della nascita.\\\" - Museo Bellini\",\"isPartOf\":{\"@id\":\"https:\/\/www.museovincenzobellini.it\/#website\"},\"datePublished\":\"2021-07-22T11:19:58+00:00\",\"dateModified\":\"2022-04-19T09:41:04+00:00\",\"breadcrumb\":{\"@id\":\"https:\/\/www.museovincenzobellini.it\/en\/oggetto\/vincenzo-bellini-1801-2001-celebrazioni-per-il-bicentenario-della-nascita\/#breadcrumb\"},\"inLanguage\":\"en-US\",\"potentialAction\":[{\"@type\":\"ReadAction\",\"target\":[\"https:\/\/www.museovincenzobellini.it\/en\/oggetto\/vincenzo-bellini-1801-2001-celebrazioni-per-il-bicentenario-della-nascita\/\"]}]},{\"@type\":\"BreadcrumbList\",\"@id\":\"https:\/\/www.museovincenzobellini.it\/en\/oggetto\/vincenzo-bellini-1801-2001-celebrazioni-per-il-bicentenario-della-nascita\/#breadcrumb\",\"itemListElement\":[{\"@type\":\"ListItem\",\"position\":1,\"name\":\"Home\",\"item\":\"https:\/\/www.museovincenzobellini.it\/en\/\"},{\"@type\":\"ListItem\",\"position\":2,\"name\":\"Oggetti\",\"item\":\"https:\/\/www.museovincenzobellini.it\/en\/oggetto\/\"},{\"@type\":\"ListItem\",\"position\":3,\"name\":\"&#8220;Vincenzo Bellini 1801-2001. Celebrazioni per il bicentenario della nascita.&#8221;\"}]},{\"@type\":\"WebSite\",\"@id\":\"https:\/\/www.museovincenzobellini.it\/#website\",\"url\":\"https:\/\/www.museovincenzobellini.it\/\",\"name\":\"Museo Bellini\",\"description\":\"\",\"publisher\":{\"@id\":\"https:\/\/www.museovincenzobellini.it\/#organization\"},\"potentialAction\":[{\"@type\":\"SearchAction\",\"target\":{\"@type\":\"EntryPoint\",\"urlTemplate\":\"https:\/\/www.museovincenzobellini.it\/?s={search_term_string}\"},\"query-input\":\"required name=search_term_string\"}],\"inLanguage\":\"en-US\"},{\"@type\":\"Organization\",\"@id\":\"https:\/\/www.museovincenzobellini.it\/#organization\",\"name\":\"Museo Bellini\",\"url\":\"https:\/\/www.museovincenzobellini.it\/\",\"logo\":{\"@type\":\"ImageObject\",\"inLanguage\":\"en-US\",\"@id\":\"https:\/\/www.museovincenzobellini.it\/#\/schema\/logo\/image\/\",\"url\":\"https:\/\/www.museovincenzobellini.it\/wp-content\/uploads\/2022\/04\/cropped-red.png\",\"contentUrl\":\"https:\/\/www.museovincenzobellini.it\/wp-content\/uploads\/2022\/04\/cropped-red.png\",\"width\":400,\"height\":205,\"caption\":\"Museo Bellini\"},\"image\":{\"@id\":\"https:\/\/www.museovincenzobellini.it\/#\/schema\/logo\/image\/\"}}]}<\/script>\n<!-- \/ Yoast SEO plugin. -->","yoast_head_json":{"title":"\"Vincenzo Bellini 1801-2001. Celebrazioni per il bicentenario della nascita.\" - Museo Bellini","robots":{"index":"index","follow":"follow","max-snippet":"max-snippet:-1","max-image-preview":"max-image-preview:large","max-video-preview":"max-video-preview:-1"},"canonical":"https:\/\/www.museovincenzobellini.it\/en\/oggetto\/vincenzo-bellini-1801-2001-celebrazioni-per-il-bicentenario-della-nascita\/","og_locale":"en_US","og_type":"article","og_title":"\"Vincenzo Bellini 1801-2001. Celebrazioni per il bicentenario della nascita.\" - Museo Bellini","og_description":"Grafica & Design: Orazio Russo - 2001","og_url":"https:\/\/www.museovincenzobellini.it\/en\/oggetto\/vincenzo-bellini-1801-2001-celebrazioni-per-il-bicentenario-della-nascita\/","og_site_name":"Museo Bellini","article_modified_time":"2022-04-19T09:41:04+00:00","twitter_card":"summary_large_image","schema":{"@context":"https:\/\/schema.org","@graph":[{"@type":"WebPage","@id":"https:\/\/www.museovincenzobellini.it\/en\/oggetto\/vincenzo-bellini-1801-2001-celebrazioni-per-il-bicentenario-della-nascita\/","url":"https:\/\/www.museovincenzobellini.it\/en\/oggetto\/vincenzo-bellini-1801-2001-celebrazioni-per-il-bicentenario-della-nascita\/","name":"\"Vincenzo Bellini 1801-2001. Celebrazioni per il bicentenario della nascita.\" - Museo Bellini","isPartOf":{"@id":"https:\/\/www.museovincenzobellini.it\/#website"},"datePublished":"2021-07-22T11:19:58+00:00","dateModified":"2022-04-19T09:41:04+00:00","breadcrumb":{"@id":"https:\/\/www.museovincenzobellini.it\/en\/oggetto\/vincenzo-bellini-1801-2001-celebrazioni-per-il-bicentenario-della-nascita\/#breadcrumb"},"inLanguage":"en-US","potentialAction":[{"@type":"ReadAction","target":["https:\/\/www.museovincenzobellini.it\/en\/oggetto\/vincenzo-bellini-1801-2001-celebrazioni-per-il-bicentenario-della-nascita\/"]}]},{"@type":"BreadcrumbList","@id":"https:\/\/www.museovincenzobellini.it\/en\/oggetto\/vincenzo-bellini-1801-2001-celebrazioni-per-il-bicentenario-della-nascita\/#breadcrumb","itemListElement":[{"@type":"ListItem","position":1,"name":"Home","item":"https:\/\/www.museovincenzobellini.it\/en\/"},{"@type":"ListItem","position":2,"name":"Oggetti","item":"https:\/\/www.museovincenzobellini.it\/en\/oggetto\/"},{"@type":"ListItem","position":3,"name":"&#8220;Vincenzo Bellini 1801-2001. Celebrazioni per il bicentenario della nascita.&#8221;"}]},{"@type":"WebSite","@id":"https:\/\/www.museovincenzobellini.it\/#website","url":"https:\/\/www.museovincenzobellini.it\/","name":"Museo Bellini","description":"","publisher":{"@id":"https:\/\/www.museovincenzobellini.it\/#organization"},"potentialAction":[{"@type":"SearchAction","target":{"@type":"EntryPoint","urlTemplate":"https:\/\/www.museovincenzobellini.it\/?s={search_term_string}"},"query-input":"required name=search_term_string"}],"inLanguage":"en-US"},{"@type":"Organization","@id":"https:\/\/www.museovincenzobellini.it\/#organization","name":"Museo Bellini","url":"https:\/\/www.museovincenzobellini.it\/","logo":{"@type":"ImageObject","inLanguage":"en-US","@id":"https:\/\/www.museovincenzobellini.it\/#\/schema\/logo\/image\/","url":"https:\/\/www.museovincenzobellini.it\/wp-content\/uploads\/2022\/04\/cropped-red.png","contentUrl":"https:\/\/www.museovincenzobellini.it\/wp-content\/uploads\/2022\/04\/cropped-red.png","width":400,"height":205,"caption":"Museo Bellini"},"image":{"@id":"https:\/\/www.museovincenzobellini.it\/#\/schema\/logo\/image\/"}}]}},"_links":{"self":[{"href":"https:\/\/www.museovincenzobellini.it\/en\/wp-json\/wp\/v2\/oggetto\/1656","targetHints":{"allow":["GET"]}}],"collection":[{"href":"https:\/\/www.museovincenzobellini.it\/en\/wp-json\/wp\/v2\/oggetto"}],"about":[{"href":"https:\/\/www.museovincenzobellini.it\/en\/wp-json\/wp\/v2\/types\/oggetto"}],"author":[{"embeddable":true,"href":"https:\/\/www.museovincenzobellini.it\/en\/wp-json\/wp\/v2\/users\/1"}],"version-history":[{"count":2,"href":"https:\/\/www.museovincenzobellini.it\/en\/wp-json\/wp\/v2\/oggetto\/1656\/revisions"}],"predecessor-version":[{"id":13842,"href":"https:\/\/www.museovincenzobellini.it\/en\/wp-json\/wp\/v2\/oggetto\/1656\/revisions\/13842"}],"wp:attachment":[{"href":"https:\/\/www.museovincenzobellini.it\/en\/wp-json\/wp\/v2\/media?parent=1656"}],"wp:term":[{"taxonomy":"citta","embeddable":true,"href":"https:\/\/www.museovincenzobellini.it\/en\/wp-json\/wp\/v2\/citta?post=1656"},{"taxonomy":"lingua","embeddable":true,"href":"https:\/\/www.museovincenzobellini.it\/en\/wp-json\/wp\/v2\/lingua?post=1656"},{"taxonomy":"categoria_oggetto","embeddable":true,"href":"https:\/\/www.museovincenzobellini.it\/en\/wp-json\/wp\/v2\/categoria_oggetto?post=1656"},{"taxonomy":"ambito","embeddable":true,"href":"https:\/\/www.museovincenzobellini.it\/en\/wp-json\/wp\/v2\/ambito?post=1656"},{"taxonomy":"materiali","embeddable":true,"href":"https:\/\/www.museovincenzobellini.it\/en\/wp-json\/wp\/v2\/materiali?post=1656"},{"taxonomy":"tecnica","embeddable":true,"href":"https:\/\/www.museovincenzobellini.it\/en\/wp-json\/wp\/v2\/tecnica?post=1656"},{"taxonomy":"ubicazione","embeddable":true,"href":"https:\/\/www.museovincenzobellini.it\/en\/wp-json\/wp\/v2\/ubicazione?post=1656"},{"taxonomy":"identificazione","embeddable":true,"href":"https:\/\/www.museovincenzobellini.it\/en\/wp-json\/wp\/v2\/identificazione?post=1656"},{"taxonomy":"produttore","embeddable":true,"href":"https:\/\/www.museovincenzobellini.it\/en\/wp-json\/wp\/v2\/produttore?post=1656"},{"taxonomy":"manifattura","embeddable":true,"href":"https:\/\/www.museovincenzobellini.it\/en\/wp-json\/wp\/v2\/manifattura?post=1656"},{"taxonomy":"consistenza","embeddable":true,"href":"https:\/\/www.museovincenzobellini.it\/en\/wp-json\/wp\/v2\/consistenza?post=1656"},{"taxonomy":"sezioni","embeddable":true,"href":"https:\/\/www.museovincenzobellini.it\/en\/wp-json\/wp\/v2\/sezioni?post=1656"},{"taxonomy":"forma_musicale","embeddable":true,"href":"https:\/\/www.museovincenzobellini.it\/en\/wp-json\/wp\/v2\/forma_musicale?post=1656"},{"taxonomy":"tonalita","embeddable":true,"href":"https:\/\/www.museovincenzobellini.it\/en\/wp-json\/wp\/v2\/tonalita?post=1656"}],"curies":[{"name":"wp","href":"https:\/\/api.w.org\/{rel}","templated":true}]}}

<p>Locandina stampata in occasione della celebrazione del bicentenario della nascita del compositore catanese, Vincenzo Bellini. A destra si può osservare una riproduzione fotografica del ritratto raffigurante Vincenzo Bellini di Frédéric Millet (Milano, Museo Teatrale alla Scala).</p>
