{"id":1561,"date":"2021-07-22T12:18:09","date_gmt":"2021-07-22T11:18:09","guid":{"rendered":"http:\/\/www.museovincenzobellini.it\/oggetto\/comitato-per-la-celebrazione-del-centenario-belliniano-in-catania\/"},"modified":"2022-04-19T10:40:41","modified_gmt":"2022-04-19T09:40:41","slug":"comitato-per-la-celebrazione-del-centenario-belliniano-in-catania","status":"publish","type":"oggetto","link":"https:\/\/www.museovincenzobellini.it\/en\/oggetto\/comitato-per-la-celebrazione-del-centenario-belliniano-in-catania\/","title":{"rendered":"&#8220;Comitato per la Celebrazione del Centenario Belliniano in Catania&#8221;"},"content":{"rendered":"<p>Piccolo manifesto del Comitato per la Celebrazione del Centenario Belliniano in Catania &#8220;1831 -1931&#8221; contenente una fotografia di Ignazio Testa, autore di cui esistono pochissime notizie: \u00e8 certo che egli avesse avviato tale attivit\u00e0 artistica presso uno studio nella citt\u00e0 di Catania, sito in via Manzoni 68. La fotografia contiene due livelli di lettura iconografica: nel primo, in alto, si presenta la riproduzione dell&#8217;opera scultorea Norma dell&#8217;artista Giulio Monteverde; al di sopra \u00e8 collocato un cartiglio, all&#8217;interno del quale \u00e8 riportata la scritta &#8220;I Centenario della Norma&#8221;; in basso, al centro, \u00e8 possibile ammirare il ritratto di Vincenzo Bellini, tratto dalla miniatura di Maria Felicia Malibran; ai lati, invece, i ritratti di Giuditta Pasta e del soprano spagnolo Fidelia Campigna, rappresentanti rispettivamente la prima interprete di Norma (1831) e l&#8217;ultima (1931). In basso, invece, si presentano le immagini dei due teatri italiani: a sinistra, La Scala di Milano, dove Bellini debutt\u00f2 per la prima volta con l&#8217;opera Norma, a destra, il Teatro Massimo Bellini di Catania, dove la stessa opera fu eseguita in occasione del centenario.<\/p>\n","protected":false},"excerpt":{"rendered":"<p>Testaj, Ignazio &#8211; 1931<\/p>\n","protected":false},"author":1,"featured_media":1552,"menu_order":0,"template":"","meta":{"footnotes":""},"citta":[],"lingua":[],"categoria_oggetto":[307],"ambito":[],"materiali":[65],"tecnica":[309],"ubicazione":[437],"identificazione":[321,442,441],"produttore":[61],"manifattura":[],"consistenza":[],"sezioni":[710],"forma_musicale":[],"tonalita":[],"class_list":["post-1561","oggetto","type-oggetto","status-publish","has-post-thumbnail","hentry","categoria_oggetto-manifesto","materiali-carta","tecnica-rilievografia","ubicazione-sala-1-piano-nobile","identificazione-bellini-vincenzo","identificazione-fidelia-norma","identificazione-pasta-giuditta-campigna","produttore-produzione-industriale","sezioni-posters-and-plaques"],"yoast_head":"<!-- This site is optimized with the Yoast SEO plugin v20.2.1 - https:\/\/yoast.com\/wordpress\/plugins\/seo\/ -->\n<title>&quot;Comitato per la Celebrazione del Centenario Belliniano in Catania&quot; - Museo Bellini<\/title>\n<meta name=\"robots\" content=\"index, follow, max-snippet:-1, max-image-preview:large, max-video-preview:-1\" \/>\n<link rel=\"canonical\" href=\"https:\/\/www.museovincenzobellini.it\/en\/oggetto\/comitato-per-la-celebrazione-del-centenario-belliniano-in-catania\/\" \/>\n<meta property=\"og:locale\" content=\"en_US\" \/>\n<meta property=\"og:type\" content=\"article\" \/>\n<meta property=\"og:title\" content=\"&quot;Comitato per la Celebrazione del Centenario Belliniano in Catania&quot; - Museo Bellini\" \/>\n<meta property=\"og:description\" content=\"Testaj, Ignazio - 1931\" \/>\n<meta property=\"og:url\" content=\"https:\/\/www.museovincenzobellini.it\/en\/oggetto\/comitato-per-la-celebrazione-del-centenario-belliniano-in-catania\/\" \/>\n<meta property=\"og:site_name\" content=\"Museo Bellini\" \/>\n<meta property=\"article:modified_time\" content=\"2022-04-19T09:40:41+00:00\" \/>\n<meta property=\"og:image\" content=\"https:\/\/www.museovincenzobellini.it\/wp-content\/uploads\/2021\/07\/centenario15x21stampa.jpg\" \/>\n\t<meta property=\"og:image:width\" content=\"2480\" \/>\n\t<meta property=\"og:image:height\" content=\"1772\" \/>\n\t<meta property=\"og:image:type\" content=\"image\/jpeg\" \/>\n<meta name=\"twitter:card\" content=\"summary_large_image\" \/>\n<meta name=\"twitter:label1\" content=\"Est. reading time\" \/>\n\t<meta name=\"twitter:data1\" content=\"1 minute\" \/>\n<script type=\"application\/ld+json\" class=\"yoast-schema-graph\">{\"@context\":\"https:\/\/schema.org\",\"@graph\":[{\"@type\":\"WebPage\",\"@id\":\"https:\/\/www.museovincenzobellini.it\/en\/oggetto\/comitato-per-la-celebrazione-del-centenario-belliniano-in-catania\/\",\"url\":\"https:\/\/www.museovincenzobellini.it\/en\/oggetto\/comitato-per-la-celebrazione-del-centenario-belliniano-in-catania\/\",\"name\":\"\\\"Comitato per la Celebrazione del Centenario Belliniano in Catania\\\" - Museo Bellini\",\"isPartOf\":{\"@id\":\"https:\/\/www.museovincenzobellini.it\/#website\"},\"datePublished\":\"2021-07-22T11:18:09+00:00\",\"dateModified\":\"2022-04-19T09:40:41+00:00\",\"breadcrumb\":{\"@id\":\"https:\/\/www.museovincenzobellini.it\/en\/oggetto\/comitato-per-la-celebrazione-del-centenario-belliniano-in-catania\/#breadcrumb\"},\"inLanguage\":\"en-US\",\"potentialAction\":[{\"@type\":\"ReadAction\",\"target\":[\"https:\/\/www.museovincenzobellini.it\/en\/oggetto\/comitato-per-la-celebrazione-del-centenario-belliniano-in-catania\/\"]}]},{\"@type\":\"BreadcrumbList\",\"@id\":\"https:\/\/www.museovincenzobellini.it\/en\/oggetto\/comitato-per-la-celebrazione-del-centenario-belliniano-in-catania\/#breadcrumb\",\"itemListElement\":[{\"@type\":\"ListItem\",\"position\":1,\"name\":\"Home\",\"item\":\"https:\/\/www.museovincenzobellini.it\/en\/\"},{\"@type\":\"ListItem\",\"position\":2,\"name\":\"Oggetti\",\"item\":\"https:\/\/www.museovincenzobellini.it\/en\/oggetto\/\"},{\"@type\":\"ListItem\",\"position\":3,\"name\":\"&#8220;Comitato per la Celebrazione del Centenario Belliniano in Catania&#8221;\"}]},{\"@type\":\"WebSite\",\"@id\":\"https:\/\/www.museovincenzobellini.it\/#website\",\"url\":\"https:\/\/www.museovincenzobellini.it\/\",\"name\":\"Museo Bellini\",\"description\":\"\",\"publisher\":{\"@id\":\"https:\/\/www.museovincenzobellini.it\/#organization\"},\"potentialAction\":[{\"@type\":\"SearchAction\",\"target\":{\"@type\":\"EntryPoint\",\"urlTemplate\":\"https:\/\/www.museovincenzobellini.it\/?s={search_term_string}\"},\"query-input\":\"required name=search_term_string\"}],\"inLanguage\":\"en-US\"},{\"@type\":\"Organization\",\"@id\":\"https:\/\/www.museovincenzobellini.it\/#organization\",\"name\":\"Museo Bellini\",\"url\":\"https:\/\/www.museovincenzobellini.it\/\",\"logo\":{\"@type\":\"ImageObject\",\"inLanguage\":\"en-US\",\"@id\":\"https:\/\/www.museovincenzobellini.it\/#\/schema\/logo\/image\/\",\"url\":\"https:\/\/www.museovincenzobellini.it\/wp-content\/uploads\/2022\/04\/cropped-red.png\",\"contentUrl\":\"https:\/\/www.museovincenzobellini.it\/wp-content\/uploads\/2022\/04\/cropped-red.png\",\"width\":400,\"height\":205,\"caption\":\"Museo Bellini\"},\"image\":{\"@id\":\"https:\/\/www.museovincenzobellini.it\/#\/schema\/logo\/image\/\"}}]}<\/script>\n<!-- \/ Yoast SEO plugin. -->","yoast_head_json":{"title":"\"Comitato per la Celebrazione del Centenario Belliniano in Catania\" - Museo Bellini","robots":{"index":"index","follow":"follow","max-snippet":"max-snippet:-1","max-image-preview":"max-image-preview:large","max-video-preview":"max-video-preview:-1"},"canonical":"https:\/\/www.museovincenzobellini.it\/en\/oggetto\/comitato-per-la-celebrazione-del-centenario-belliniano-in-catania\/","og_locale":"en_US","og_type":"article","og_title":"\"Comitato per la Celebrazione del Centenario Belliniano in Catania\" - Museo Bellini","og_description":"Testaj, Ignazio - 1931","og_url":"https:\/\/www.museovincenzobellini.it\/en\/oggetto\/comitato-per-la-celebrazione-del-centenario-belliniano-in-catania\/","og_site_name":"Museo Bellini","article_modified_time":"2022-04-19T09:40:41+00:00","og_image":[{"width":2480,"height":1772,"url":"https:\/\/www.museovincenzobellini.it\/wp-content\/uploads\/2021\/07\/centenario15x21stampa.jpg","type":"image\/jpeg"}],"twitter_card":"summary_large_image","twitter_misc":{"Est. reading time":"1 minute"},"schema":{"@context":"https:\/\/schema.org","@graph":[{"@type":"WebPage","@id":"https:\/\/www.museovincenzobellini.it\/en\/oggetto\/comitato-per-la-celebrazione-del-centenario-belliniano-in-catania\/","url":"https:\/\/www.museovincenzobellini.it\/en\/oggetto\/comitato-per-la-celebrazione-del-centenario-belliniano-in-catania\/","name":"\"Comitato per la Celebrazione del Centenario Belliniano in Catania\" - Museo Bellini","isPartOf":{"@id":"https:\/\/www.museovincenzobellini.it\/#website"},"datePublished":"2021-07-22T11:18:09+00:00","dateModified":"2022-04-19T09:40:41+00:00","breadcrumb":{"@id":"https:\/\/www.museovincenzobellini.it\/en\/oggetto\/comitato-per-la-celebrazione-del-centenario-belliniano-in-catania\/#breadcrumb"},"inLanguage":"en-US","potentialAction":[{"@type":"ReadAction","target":["https:\/\/www.museovincenzobellini.it\/en\/oggetto\/comitato-per-la-celebrazione-del-centenario-belliniano-in-catania\/"]}]},{"@type":"BreadcrumbList","@id":"https:\/\/www.museovincenzobellini.it\/en\/oggetto\/comitato-per-la-celebrazione-del-centenario-belliniano-in-catania\/#breadcrumb","itemListElement":[{"@type":"ListItem","position":1,"name":"Home","item":"https:\/\/www.museovincenzobellini.it\/en\/"},{"@type":"ListItem","position":2,"name":"Oggetti","item":"https:\/\/www.museovincenzobellini.it\/en\/oggetto\/"},{"@type":"ListItem","position":3,"name":"&#8220;Comitato per la Celebrazione del Centenario Belliniano in Catania&#8221;"}]},{"@type":"WebSite","@id":"https:\/\/www.museovincenzobellini.it\/#website","url":"https:\/\/www.museovincenzobellini.it\/","name":"Museo Bellini","description":"","publisher":{"@id":"https:\/\/www.museovincenzobellini.it\/#organization"},"potentialAction":[{"@type":"SearchAction","target":{"@type":"EntryPoint","urlTemplate":"https:\/\/www.museovincenzobellini.it\/?s={search_term_string}"},"query-input":"required name=search_term_string"}],"inLanguage":"en-US"},{"@type":"Organization","@id":"https:\/\/www.museovincenzobellini.it\/#organization","name":"Museo Bellini","url":"https:\/\/www.museovincenzobellini.it\/","logo":{"@type":"ImageObject","inLanguage":"en-US","@id":"https:\/\/www.museovincenzobellini.it\/#\/schema\/logo\/image\/","url":"https:\/\/www.museovincenzobellini.it\/wp-content\/uploads\/2022\/04\/cropped-red.png","contentUrl":"https:\/\/www.museovincenzobellini.it\/wp-content\/uploads\/2022\/04\/cropped-red.png","width":400,"height":205,"caption":"Museo Bellini"},"image":{"@id":"https:\/\/www.museovincenzobellini.it\/#\/schema\/logo\/image\/"}}]}},"_links":{"self":[{"href":"https:\/\/www.museovincenzobellini.it\/en\/wp-json\/wp\/v2\/oggetto\/1561","targetHints":{"allow":["GET"]}}],"collection":[{"href":"https:\/\/www.museovincenzobellini.it\/en\/wp-json\/wp\/v2\/oggetto"}],"about":[{"href":"https:\/\/www.museovincenzobellini.it\/en\/wp-json\/wp\/v2\/types\/oggetto"}],"author":[{"embeddable":true,"href":"https:\/\/www.museovincenzobellini.it\/en\/wp-json\/wp\/v2\/users\/1"}],"version-history":[{"count":2,"href":"https:\/\/www.museovincenzobellini.it\/en\/wp-json\/wp\/v2\/oggetto\/1561\/revisions"}],"predecessor-version":[{"id":13786,"href":"https:\/\/www.museovincenzobellini.it\/en\/wp-json\/wp\/v2\/oggetto\/1561\/revisions\/13786"}],"wp:featuredmedia":[{"embeddable":true,"href":"https:\/\/www.museovincenzobellini.it\/en\/wp-json\/wp\/v2\/media\/1552"}],"wp:attachment":[{"href":"https:\/\/www.museovincenzobellini.it\/en\/wp-json\/wp\/v2\/media?parent=1561"}],"wp:term":[{"taxonomy":"citta","embeddable":true,"href":"https:\/\/www.museovincenzobellini.it\/en\/wp-json\/wp\/v2\/citta?post=1561"},{"taxonomy":"lingua","embeddable":true,"href":"https:\/\/www.museovincenzobellini.it\/en\/wp-json\/wp\/v2\/lingua?post=1561"},{"taxonomy":"categoria_oggetto","embeddable":true,"href":"https:\/\/www.museovincenzobellini.it\/en\/wp-json\/wp\/v2\/categoria_oggetto?post=1561"},{"taxonomy":"ambito","embeddable":true,"href":"https:\/\/www.museovincenzobellini.it\/en\/wp-json\/wp\/v2\/ambito?post=1561"},{"taxonomy":"materiali","embeddable":true,"href":"https:\/\/www.museovincenzobellini.it\/en\/wp-json\/wp\/v2\/materiali?post=1561"},{"taxonomy":"tecnica","embeddable":true,"href":"https:\/\/www.museovincenzobellini.it\/en\/wp-json\/wp\/v2\/tecnica?post=1561"},{"taxonomy":"ubicazione","embeddable":true,"href":"https:\/\/www.museovincenzobellini.it\/en\/wp-json\/wp\/v2\/ubicazione?post=1561"},{"taxonomy":"identificazione","embeddable":true,"href":"https:\/\/www.museovincenzobellini.it\/en\/wp-json\/wp\/v2\/identificazione?post=1561"},{"taxonomy":"produttore","embeddable":true,"href":"https:\/\/www.museovincenzobellini.it\/en\/wp-json\/wp\/v2\/produttore?post=1561"},{"taxonomy":"manifattura","embeddable":true,"href":"https:\/\/www.museovincenzobellini.it\/en\/wp-json\/wp\/v2\/manifattura?post=1561"},{"taxonomy":"consistenza","embeddable":true,"href":"https:\/\/www.museovincenzobellini.it\/en\/wp-json\/wp\/v2\/consistenza?post=1561"},{"taxonomy":"sezioni","embeddable":true,"href":"https:\/\/www.museovincenzobellini.it\/en\/wp-json\/wp\/v2\/sezioni?post=1561"},{"taxonomy":"forma_musicale","embeddable":true,"href":"https:\/\/www.museovincenzobellini.it\/en\/wp-json\/wp\/v2\/forma_musicale?post=1561"},{"taxonomy":"tonalita","embeddable":true,"href":"https:\/\/www.museovincenzobellini.it\/en\/wp-json\/wp\/v2\/tonalita?post=1561"}],"curies":[{"name":"wp","href":"https:\/\/api.w.org\/{rel}","templated":true}]}}

<p>Piccolo manifesto del Comitato per la Celebrazione del Centenario Belliniano in Catania &#8220;1831 -1931&#8221; contenente una fotografia di Ignazio Testa, autore di cui esistono pochissime notizie: è certo che egli avesse avviato tale attività artistica presso uno studio nella città di Catania, sito in via Manzoni 68. La fotografia contiene due livelli di lettura iconografica: nel primo, in alto, si presenta la riproduzione dell&#8217;opera scultorea Norma dell&#8217;artista Giulio Monteverde; al di sopra è collocato un cartiglio, all&#8217;interno del quale è riportata la scritta &#8220;I Centenario della Norma&#8221;; in basso, al centro, è possibile ammirare il ritratto di Vincenzo Bellini, tratto dalla miniatura di Maria Felicia Malibran; ai lati, invece, i ritratti di Giuditta Pasta e del soprano spagnolo Fidelia Campigna, rappresentanti rispettivamente la prima interprete di Norma (1831) e l&#8217;ultima (1931). In basso, invece, si presentano le immagini dei due teatri italiani: a sinistra, La Scala di Milano, dove Bellini debuttò per la prima volta con l&#8217;opera Norma, a destra, il Teatro Massimo Bellini di Catania, dove la stessa opera fu eseguita in occasione del centenario.</p>
