{"id":1556,"date":"2021-07-22T12:18:06","date_gmt":"2021-07-22T11:18:06","guid":{"rendered":"http:\/\/www.museovincenzobellini.it\/oggetto\/la-cattedrale-di-catania-con-apparati-funebri-esposti-in-occasione-della-traslazione-della-salma-di-vincenzo-bellini\/"},"modified":"2022-04-19T10:40:41","modified_gmt":"2022-04-19T09:40:41","slug":"la-cattedrale-di-catania-con-apparati-funebri-esposti-in-occasione-della-traslazione-della-salma-di-vincenzo-bellini","status":"publish","type":"oggetto","link":"https:\/\/www.museovincenzobellini.it\/en\/oggetto\/la-cattedrale-di-catania-con-apparati-funebri-esposti-in-occasione-della-traslazione-della-salma-di-vincenzo-bellini\/","title":{"rendered":"La Cattedrale di Catania con apparati funebri, esposti  in occasione della traslazione della salma di Vincenzo Bellini"},"content":{"rendered":"<p>Interno della cattedrale di Catania, allestita con apparati funebri di colore nero: si tratta di drappi con frange bianche ai bordi, realizzati in occasione della traslazione della salma di Vincenzo Bellini. A destra, sul pilastro della campata in primo piano, \u00e8 applicato entro cornice ovale un ritratto del compositore catanese. Il nome dell&#8217;autore del dipinto, attribuito fino ad ora nei registri inventariali ad ignoto, \u00e8 invece identificato da chi scrive, grazie alla firma illeggibile, posta nel pilastro in primo piano, in basso a sinistra: &#8220;Saitta&#8221;. Inoltre, grazie al ritrovamento di un documento attestante la donazione del bene, conservato nell&#8217;archivio del museo civico belliniano, \u00e8 possibile identificare l&#8217;artista nello stesso &#8220;Saitta&#8221;, di cui, purtroppo, non \u00e8 riportato il nome. Attualmente non \u00e8 emerso alcun dato biografico dalle ricerche storico artistiche. Di seguito si riporta il testo:  &#8220;24 dicembre 1934. In occasione della prossima celebrazione centenaria in onore di Vincenzo Bellini, intendo donare al Museo che Ella dirige, una documentazione pittorica eseguita dall&#8217;artista Saitta il 24 settembre 1876, dal vero, nel nostro Duomo, mentre si eseguiva la cerimonia funebre in occorrenza dell&#8217;avvenuta traslazione della salma del nostro grande concittadino del Cimitero del P\u00e8re-Lachaise a Catania&#8221;.<\/p>\n","protected":false},"excerpt":{"rendered":"<p>Saitta, [?] &#8211; 1876<\/p>\n","protected":false},"author":1,"featured_media":1557,"menu_order":0,"template":"","meta":{"footnotes":""},"citta":[],"lingua":[],"categoria_oggetto":[42],"ambito":[],"materiali":[85],"tecnica":[86],"ubicazione":[437],"identificazione":[104,105],"produttore":[],"manifattura":[],"consistenza":[],"sezioni":[716],"forma_musicale":[],"tonalita":[],"class_list":["post-1556","oggetto","type-oggetto","status-publish","has-post-thumbnail","hentry","categoria_oggetto-dipinto","materiali-tela","tecnica-pittura-ad-olio","ubicazione-sala-1-piano-nobile","identificazione-bellini","identificazione-vincenzo","sezioni-art-objects"],"yoast_head":"<!-- This site is optimized with the Yoast SEO plugin v20.2.1 - https:\/\/yoast.com\/wordpress\/plugins\/seo\/ -->\n<title>La Cattedrale di Catania con apparati funebri, esposti in occasione della traslazione della salma di Vincenzo Bellini - Museo Bellini<\/title>\n<meta name=\"robots\" content=\"index, follow, max-snippet:-1, max-image-preview:large, max-video-preview:-1\" \/>\n<link rel=\"canonical\" href=\"https:\/\/www.museovincenzobellini.it\/en\/oggetto\/la-cattedrale-di-catania-con-apparati-funebri-esposti-in-occasione-della-traslazione-della-salma-di-vincenzo-bellini\/\" \/>\n<meta property=\"og:locale\" content=\"en_US\" \/>\n<meta property=\"og:type\" content=\"article\" \/>\n<meta property=\"og:title\" content=\"La Cattedrale di Catania con apparati funebri, esposti in occasione della traslazione della salma di Vincenzo Bellini - Museo Bellini\" \/>\n<meta property=\"og:description\" content=\"Saitta, [?] - 1876\" \/>\n<meta property=\"og:url\" content=\"https:\/\/www.museovincenzobellini.it\/en\/oggetto\/la-cattedrale-di-catania-con-apparati-funebri-esposti-in-occasione-della-traslazione-della-salma-di-vincenzo-bellini\/\" \/>\n<meta property=\"og:site_name\" content=\"Museo Bellini\" \/>\n<meta property=\"article:modified_time\" content=\"2022-04-19T09:40:41+00:00\" \/>\n<meta property=\"og:image\" content=\"https:\/\/www.museovincenzobellini.it\/wp-content\/uploads\/2021\/07\/quadro-Catafalco15x21stampa-1024x732.jpg\" \/>\n\t<meta property=\"og:image:width\" content=\"1024\" \/>\n\t<meta property=\"og:image:height\" content=\"732\" \/>\n\t<meta property=\"og:image:type\" content=\"image\/jpeg\" \/>\n<meta name=\"twitter:card\" content=\"summary_large_image\" \/>\n<meta name=\"twitter:label1\" content=\"Est. reading time\" \/>\n\t<meta name=\"twitter:data1\" content=\"1 minute\" \/>\n<script type=\"application\/ld+json\" class=\"yoast-schema-graph\">{\"@context\":\"https:\/\/schema.org\",\"@graph\":[{\"@type\":\"WebPage\",\"@id\":\"https:\/\/www.museovincenzobellini.it\/en\/oggetto\/la-cattedrale-di-catania-con-apparati-funebri-esposti-in-occasione-della-traslazione-della-salma-di-vincenzo-bellini\/\",\"url\":\"https:\/\/www.museovincenzobellini.it\/en\/oggetto\/la-cattedrale-di-catania-con-apparati-funebri-esposti-in-occasione-della-traslazione-della-salma-di-vincenzo-bellini\/\",\"name\":\"La Cattedrale di Catania con apparati funebri, esposti in occasione della traslazione della salma di Vincenzo Bellini - Museo Bellini\",\"isPartOf\":{\"@id\":\"https:\/\/www.museovincenzobellini.it\/#website\"},\"datePublished\":\"2021-07-22T11:18:06+00:00\",\"dateModified\":\"2022-04-19T09:40:41+00:00\",\"breadcrumb\":{\"@id\":\"https:\/\/www.museovincenzobellini.it\/en\/oggetto\/la-cattedrale-di-catania-con-apparati-funebri-esposti-in-occasione-della-traslazione-della-salma-di-vincenzo-bellini\/#breadcrumb\"},\"inLanguage\":\"en-US\",\"potentialAction\":[{\"@type\":\"ReadAction\",\"target\":[\"https:\/\/www.museovincenzobellini.it\/en\/oggetto\/la-cattedrale-di-catania-con-apparati-funebri-esposti-in-occasione-della-traslazione-della-salma-di-vincenzo-bellini\/\"]}]},{\"@type\":\"BreadcrumbList\",\"@id\":\"https:\/\/www.museovincenzobellini.it\/en\/oggetto\/la-cattedrale-di-catania-con-apparati-funebri-esposti-in-occasione-della-traslazione-della-salma-di-vincenzo-bellini\/#breadcrumb\",\"itemListElement\":[{\"@type\":\"ListItem\",\"position\":1,\"name\":\"Home\",\"item\":\"https:\/\/www.museovincenzobellini.it\/en\/\"},{\"@type\":\"ListItem\",\"position\":2,\"name\":\"Oggetti\",\"item\":\"https:\/\/www.museovincenzobellini.it\/en\/oggetto\/\"},{\"@type\":\"ListItem\",\"position\":3,\"name\":\"La Cattedrale di Catania con apparati funebri, esposti in occasione della traslazione della salma di Vincenzo Bellini\"}]},{\"@type\":\"WebSite\",\"@id\":\"https:\/\/www.museovincenzobellini.it\/#website\",\"url\":\"https:\/\/www.museovincenzobellini.it\/\",\"name\":\"Museo Bellini\",\"description\":\"\",\"publisher\":{\"@id\":\"https:\/\/www.museovincenzobellini.it\/#organization\"},\"potentialAction\":[{\"@type\":\"SearchAction\",\"target\":{\"@type\":\"EntryPoint\",\"urlTemplate\":\"https:\/\/www.museovincenzobellini.it\/?s={search_term_string}\"},\"query-input\":\"required name=search_term_string\"}],\"inLanguage\":\"en-US\"},{\"@type\":\"Organization\",\"@id\":\"https:\/\/www.museovincenzobellini.it\/#organization\",\"name\":\"Museo Bellini\",\"url\":\"https:\/\/www.museovincenzobellini.it\/\",\"logo\":{\"@type\":\"ImageObject\",\"inLanguage\":\"en-US\",\"@id\":\"https:\/\/www.museovincenzobellini.it\/#\/schema\/logo\/image\/\",\"url\":\"https:\/\/www.museovincenzobellini.it\/wp-content\/uploads\/2022\/04\/cropped-red.png\",\"contentUrl\":\"https:\/\/www.museovincenzobellini.it\/wp-content\/uploads\/2022\/04\/cropped-red.png\",\"width\":400,\"height\":205,\"caption\":\"Museo Bellini\"},\"image\":{\"@id\":\"https:\/\/www.museovincenzobellini.it\/#\/schema\/logo\/image\/\"}}]}<\/script>\n<!-- \/ Yoast SEO plugin. -->","yoast_head_json":{"title":"La Cattedrale di Catania con apparati funebri, esposti in occasione della traslazione della salma di Vincenzo Bellini - Museo Bellini","robots":{"index":"index","follow":"follow","max-snippet":"max-snippet:-1","max-image-preview":"max-image-preview:large","max-video-preview":"max-video-preview:-1"},"canonical":"https:\/\/www.museovincenzobellini.it\/en\/oggetto\/la-cattedrale-di-catania-con-apparati-funebri-esposti-in-occasione-della-traslazione-della-salma-di-vincenzo-bellini\/","og_locale":"en_US","og_type":"article","og_title":"La Cattedrale di Catania con apparati funebri, esposti in occasione della traslazione della salma di Vincenzo Bellini - Museo Bellini","og_description":"Saitta, [?] - 1876","og_url":"https:\/\/www.museovincenzobellini.it\/en\/oggetto\/la-cattedrale-di-catania-con-apparati-funebri-esposti-in-occasione-della-traslazione-della-salma-di-vincenzo-bellini\/","og_site_name":"Museo Bellini","article_modified_time":"2022-04-19T09:40:41+00:00","og_image":[{"width":1024,"height":732,"url":"https:\/\/www.museovincenzobellini.it\/wp-content\/uploads\/2021\/07\/quadro-Catafalco15x21stampa-1024x732.jpg","type":"image\/jpeg"}],"twitter_card":"summary_large_image","twitter_misc":{"Est. reading time":"1 minute"},"schema":{"@context":"https:\/\/schema.org","@graph":[{"@type":"WebPage","@id":"https:\/\/www.museovincenzobellini.it\/en\/oggetto\/la-cattedrale-di-catania-con-apparati-funebri-esposti-in-occasione-della-traslazione-della-salma-di-vincenzo-bellini\/","url":"https:\/\/www.museovincenzobellini.it\/en\/oggetto\/la-cattedrale-di-catania-con-apparati-funebri-esposti-in-occasione-della-traslazione-della-salma-di-vincenzo-bellini\/","name":"La Cattedrale di Catania con apparati funebri, esposti in occasione della traslazione della salma di Vincenzo Bellini - Museo Bellini","isPartOf":{"@id":"https:\/\/www.museovincenzobellini.it\/#website"},"datePublished":"2021-07-22T11:18:06+00:00","dateModified":"2022-04-19T09:40:41+00:00","breadcrumb":{"@id":"https:\/\/www.museovincenzobellini.it\/en\/oggetto\/la-cattedrale-di-catania-con-apparati-funebri-esposti-in-occasione-della-traslazione-della-salma-di-vincenzo-bellini\/#breadcrumb"},"inLanguage":"en-US","potentialAction":[{"@type":"ReadAction","target":["https:\/\/www.museovincenzobellini.it\/en\/oggetto\/la-cattedrale-di-catania-con-apparati-funebri-esposti-in-occasione-della-traslazione-della-salma-di-vincenzo-bellini\/"]}]},{"@type":"BreadcrumbList","@id":"https:\/\/www.museovincenzobellini.it\/en\/oggetto\/la-cattedrale-di-catania-con-apparati-funebri-esposti-in-occasione-della-traslazione-della-salma-di-vincenzo-bellini\/#breadcrumb","itemListElement":[{"@type":"ListItem","position":1,"name":"Home","item":"https:\/\/www.museovincenzobellini.it\/en\/"},{"@type":"ListItem","position":2,"name":"Oggetti","item":"https:\/\/www.museovincenzobellini.it\/en\/oggetto\/"},{"@type":"ListItem","position":3,"name":"La Cattedrale di Catania con apparati funebri, esposti in occasione della traslazione della salma di Vincenzo Bellini"}]},{"@type":"WebSite","@id":"https:\/\/www.museovincenzobellini.it\/#website","url":"https:\/\/www.museovincenzobellini.it\/","name":"Museo Bellini","description":"","publisher":{"@id":"https:\/\/www.museovincenzobellini.it\/#organization"},"potentialAction":[{"@type":"SearchAction","target":{"@type":"EntryPoint","urlTemplate":"https:\/\/www.museovincenzobellini.it\/?s={search_term_string}"},"query-input":"required name=search_term_string"}],"inLanguage":"en-US"},{"@type":"Organization","@id":"https:\/\/www.museovincenzobellini.it\/#organization","name":"Museo Bellini","url":"https:\/\/www.museovincenzobellini.it\/","logo":{"@type":"ImageObject","inLanguage":"en-US","@id":"https:\/\/www.museovincenzobellini.it\/#\/schema\/logo\/image\/","url":"https:\/\/www.museovincenzobellini.it\/wp-content\/uploads\/2022\/04\/cropped-red.png","contentUrl":"https:\/\/www.museovincenzobellini.it\/wp-content\/uploads\/2022\/04\/cropped-red.png","width":400,"height":205,"caption":"Museo Bellini"},"image":{"@id":"https:\/\/www.museovincenzobellini.it\/#\/schema\/logo\/image\/"}}]}},"_links":{"self":[{"href":"https:\/\/www.museovincenzobellini.it\/en\/wp-json\/wp\/v2\/oggetto\/1556","targetHints":{"allow":["GET"]}}],"collection":[{"href":"https:\/\/www.museovincenzobellini.it\/en\/wp-json\/wp\/v2\/oggetto"}],"about":[{"href":"https:\/\/www.museovincenzobellini.it\/en\/wp-json\/wp\/v2\/types\/oggetto"}],"author":[{"embeddable":true,"href":"https:\/\/www.museovincenzobellini.it\/en\/wp-json\/wp\/v2\/users\/1"}],"version-history":[{"count":2,"href":"https:\/\/www.museovincenzobellini.it\/en\/wp-json\/wp\/v2\/oggetto\/1556\/revisions"}],"predecessor-version":[{"id":13785,"href":"https:\/\/www.museovincenzobellini.it\/en\/wp-json\/wp\/v2\/oggetto\/1556\/revisions\/13785"}],"wp:featuredmedia":[{"embeddable":true,"href":"https:\/\/www.museovincenzobellini.it\/en\/wp-json\/wp\/v2\/media\/1557"}],"wp:attachment":[{"href":"https:\/\/www.museovincenzobellini.it\/en\/wp-json\/wp\/v2\/media?parent=1556"}],"wp:term":[{"taxonomy":"citta","embeddable":true,"href":"https:\/\/www.museovincenzobellini.it\/en\/wp-json\/wp\/v2\/citta?post=1556"},{"taxonomy":"lingua","embeddable":true,"href":"https:\/\/www.museovincenzobellini.it\/en\/wp-json\/wp\/v2\/lingua?post=1556"},{"taxonomy":"categoria_oggetto","embeddable":true,"href":"https:\/\/www.museovincenzobellini.it\/en\/wp-json\/wp\/v2\/categoria_oggetto?post=1556"},{"taxonomy":"ambito","embeddable":true,"href":"https:\/\/www.museovincenzobellini.it\/en\/wp-json\/wp\/v2\/ambito?post=1556"},{"taxonomy":"materiali","embeddable":true,"href":"https:\/\/www.museovincenzobellini.it\/en\/wp-json\/wp\/v2\/materiali?post=1556"},{"taxonomy":"tecnica","embeddable":true,"href":"https:\/\/www.museovincenzobellini.it\/en\/wp-json\/wp\/v2\/tecnica?post=1556"},{"taxonomy":"ubicazione","embeddable":true,"href":"https:\/\/www.museovincenzobellini.it\/en\/wp-json\/wp\/v2\/ubicazione?post=1556"},{"taxonomy":"identificazione","embeddable":true,"href":"https:\/\/www.museovincenzobellini.it\/en\/wp-json\/wp\/v2\/identificazione?post=1556"},{"taxonomy":"produttore","embeddable":true,"href":"https:\/\/www.museovincenzobellini.it\/en\/wp-json\/wp\/v2\/produttore?post=1556"},{"taxonomy":"manifattura","embeddable":true,"href":"https:\/\/www.museovincenzobellini.it\/en\/wp-json\/wp\/v2\/manifattura?post=1556"},{"taxonomy":"consistenza","embeddable":true,"href":"https:\/\/www.museovincenzobellini.it\/en\/wp-json\/wp\/v2\/consistenza?post=1556"},{"taxonomy":"sezioni","embeddable":true,"href":"https:\/\/www.museovincenzobellini.it\/en\/wp-json\/wp\/v2\/sezioni?post=1556"},{"taxonomy":"forma_musicale","embeddable":true,"href":"https:\/\/www.museovincenzobellini.it\/en\/wp-json\/wp\/v2\/forma_musicale?post=1556"},{"taxonomy":"tonalita","embeddable":true,"href":"https:\/\/www.museovincenzobellini.it\/en\/wp-json\/wp\/v2\/tonalita?post=1556"}],"curies":[{"name":"wp","href":"https:\/\/api.w.org\/{rel}","templated":true}]}}

<p>Interno della cattedrale di Catania, allestita con apparati funebri di colore nero: si tratta di drappi con frange bianche ai bordi, realizzati in occasione della traslazione della salma di Vincenzo Bellini. A destra, sul pilastro della campata in primo piano, è applicato entro cornice ovale un ritratto del compositore catanese. Il nome dell&#8217;autore del dipinto, attribuito fino ad ora nei registri inventariali ad ignoto, è invece identificato da chi scrive, grazie alla firma illeggibile, posta nel pilastro in primo piano, in basso a sinistra: &#8220;Saitta&#8221;. Inoltre, grazie al ritrovamento di un documento attestante la donazione del bene, conservato nell&#8217;archivio del museo civico belliniano, è possibile identificare l&#8217;artista nello stesso &#8220;Saitta&#8221;, di cui, purtroppo, non è riportato il nome. Attualmente non è emerso alcun dato biografico dalle ricerche storico artistiche. Di seguito si riporta il testo:  &#8220;24 dicembre 1934. In occasione della prossima celebrazione centenaria in onore di Vincenzo Bellini, intendo donare al Museo che Ella dirige, una documentazione pittorica eseguita dall&#8217;artista Saitta il 24 settembre 1876, dal vero, nel nostro Duomo, mentre si eseguiva la cerimonia funebre in occorrenza dell&#8217;avvenuta traslazione della salma del nostro grande concittadino del Cimitero del Père-Lachaise a Catania&#8221;.</p>
