{"id":1548,"date":"2021-07-22T12:18:02","date_gmt":"2021-07-22T11:18:02","guid":{"rendered":"http:\/\/www.museovincenzobellini.it\/oggetto\/1835-1935-centenario-di-vincenzo-bellini\/"},"modified":"2022-04-19T10:40:40","modified_gmt":"2022-04-19T09:40:40","slug":"1835-1935-centenario-di-vincenzo-bellini","status":"publish","type":"oggetto","link":"https:\/\/www.museovincenzobellini.it\/en\/oggetto\/1835-1935-centenario-di-vincenzo-bellini\/","title":{"rendered":"1835-1935. Centenario di Vincenzo Bellini"},"content":{"rendered":"<p>Manifesto realizzato in occasione del primo centenario della morte di Vincenzo Bellini (1835-1935). La composizione \u00e8 suddivisa in due parti: a destra \u00e8 rappresentato un busto frontale  del compositore catanese, invece a sinistra una grande chiave di violino. Scarse le notizie dell&#8217;artista Angelo Sanfilippo che presenta caratteri stilistici legati tipicamente agli anni Trenta del Novecentoal, in particolare al concetto di forma-volume. Il bene non \u00e8 compreso nelle due voci inventariali: del 1968 e 1997 e nemmeno nel catalogo storico-iconografico del 1935, dunque non \u00e8 rilevabile l&#8217;anno d&#8217;ingresso museale cos\u00ec come il nome del donatore.<\/p>\n","protected":false},"excerpt":{"rendered":"<p>Sanfilippo, Angelo &#8211; 1935<\/p>\n","protected":false},"author":1,"featured_media":0,"menu_order":0,"template":"","meta":{"footnotes":""},"citta":[],"lingua":[],"categoria_oggetto":[307],"ambito":[],"materiali":[85],"tecnica":[436],"ubicazione":[437],"identificazione":[104,105],"produttore":[],"manifattura":[],"consistenza":[],"sezioni":[710],"forma_musicale":[],"tonalita":[],"class_list":["post-1548","oggetto","type-oggetto","status-publish","hentry","categoria_oggetto-manifesto","materiali-tela","tecnica-pittura-a-tempera","ubicazione-sala-1-piano-nobile","identificazione-bellini","identificazione-vincenzo","sezioni-posters-and-plaques"],"yoast_head":"<!-- This site is optimized with the Yoast SEO plugin v20.2.1 - https:\/\/yoast.com\/wordpress\/plugins\/seo\/ -->\n<title>1835-1935. Centenario di Vincenzo Bellini - Museo Bellini<\/title>\n<meta name=\"robots\" content=\"index, follow, max-snippet:-1, max-image-preview:large, max-video-preview:-1\" \/>\n<link rel=\"canonical\" href=\"https:\/\/www.museovincenzobellini.it\/en\/oggetto\/1835-1935-centenario-di-vincenzo-bellini\/\" \/>\n<meta property=\"og:locale\" content=\"en_US\" \/>\n<meta property=\"og:type\" content=\"article\" \/>\n<meta property=\"og:title\" content=\"1835-1935. Centenario di Vincenzo Bellini - Museo Bellini\" \/>\n<meta property=\"og:description\" content=\"Sanfilippo, Angelo - 1935\" \/>\n<meta property=\"og:url\" content=\"https:\/\/www.museovincenzobellini.it\/en\/oggetto\/1835-1935-centenario-di-vincenzo-bellini\/\" \/>\n<meta property=\"og:site_name\" content=\"Museo Bellini\" \/>\n<meta property=\"article:modified_time\" content=\"2022-04-19T09:40:40+00:00\" \/>\n<meta name=\"twitter:card\" content=\"summary_large_image\" \/>\n<script type=\"application\/ld+json\" class=\"yoast-schema-graph\">{\"@context\":\"https:\/\/schema.org\",\"@graph\":[{\"@type\":\"WebPage\",\"@id\":\"https:\/\/www.museovincenzobellini.it\/en\/oggetto\/1835-1935-centenario-di-vincenzo-bellini\/\",\"url\":\"https:\/\/www.museovincenzobellini.it\/en\/oggetto\/1835-1935-centenario-di-vincenzo-bellini\/\",\"name\":\"1835-1935. Centenario di Vincenzo Bellini - Museo Bellini\",\"isPartOf\":{\"@id\":\"https:\/\/www.museovincenzobellini.it\/#website\"},\"datePublished\":\"2021-07-22T11:18:02+00:00\",\"dateModified\":\"2022-04-19T09:40:40+00:00\",\"breadcrumb\":{\"@id\":\"https:\/\/www.museovincenzobellini.it\/en\/oggetto\/1835-1935-centenario-di-vincenzo-bellini\/#breadcrumb\"},\"inLanguage\":\"en-US\",\"potentialAction\":[{\"@type\":\"ReadAction\",\"target\":[\"https:\/\/www.museovincenzobellini.it\/en\/oggetto\/1835-1935-centenario-di-vincenzo-bellini\/\"]}]},{\"@type\":\"BreadcrumbList\",\"@id\":\"https:\/\/www.museovincenzobellini.it\/en\/oggetto\/1835-1935-centenario-di-vincenzo-bellini\/#breadcrumb\",\"itemListElement\":[{\"@type\":\"ListItem\",\"position\":1,\"name\":\"Home\",\"item\":\"https:\/\/www.museovincenzobellini.it\/en\/\"},{\"@type\":\"ListItem\",\"position\":2,\"name\":\"Oggetti\",\"item\":\"https:\/\/www.museovincenzobellini.it\/en\/oggetto\/\"},{\"@type\":\"ListItem\",\"position\":3,\"name\":\"1835-1935. Centenario di Vincenzo Bellini\"}]},{\"@type\":\"WebSite\",\"@id\":\"https:\/\/www.museovincenzobellini.it\/#website\",\"url\":\"https:\/\/www.museovincenzobellini.it\/\",\"name\":\"Museo Bellini\",\"description\":\"\",\"publisher\":{\"@id\":\"https:\/\/www.museovincenzobellini.it\/#organization\"},\"potentialAction\":[{\"@type\":\"SearchAction\",\"target\":{\"@type\":\"EntryPoint\",\"urlTemplate\":\"https:\/\/www.museovincenzobellini.it\/?s={search_term_string}\"},\"query-input\":\"required name=search_term_string\"}],\"inLanguage\":\"en-US\"},{\"@type\":\"Organization\",\"@id\":\"https:\/\/www.museovincenzobellini.it\/#organization\",\"name\":\"Museo Bellini\",\"url\":\"https:\/\/www.museovincenzobellini.it\/\",\"logo\":{\"@type\":\"ImageObject\",\"inLanguage\":\"en-US\",\"@id\":\"https:\/\/www.museovincenzobellini.it\/#\/schema\/logo\/image\/\",\"url\":\"https:\/\/www.museovincenzobellini.it\/wp-content\/uploads\/2022\/04\/cropped-red.png\",\"contentUrl\":\"https:\/\/www.museovincenzobellini.it\/wp-content\/uploads\/2022\/04\/cropped-red.png\",\"width\":400,\"height\":205,\"caption\":\"Museo Bellini\"},\"image\":{\"@id\":\"https:\/\/www.museovincenzobellini.it\/#\/schema\/logo\/image\/\"}}]}<\/script>\n<!-- \/ Yoast SEO plugin. -->","yoast_head_json":{"title":"1835-1935. Centenario di Vincenzo Bellini - Museo Bellini","robots":{"index":"index","follow":"follow","max-snippet":"max-snippet:-1","max-image-preview":"max-image-preview:large","max-video-preview":"max-video-preview:-1"},"canonical":"https:\/\/www.museovincenzobellini.it\/en\/oggetto\/1835-1935-centenario-di-vincenzo-bellini\/","og_locale":"en_US","og_type":"article","og_title":"1835-1935. Centenario di Vincenzo Bellini - Museo Bellini","og_description":"Sanfilippo, Angelo - 1935","og_url":"https:\/\/www.museovincenzobellini.it\/en\/oggetto\/1835-1935-centenario-di-vincenzo-bellini\/","og_site_name":"Museo Bellini","article_modified_time":"2022-04-19T09:40:40+00:00","twitter_card":"summary_large_image","schema":{"@context":"https:\/\/schema.org","@graph":[{"@type":"WebPage","@id":"https:\/\/www.museovincenzobellini.it\/en\/oggetto\/1835-1935-centenario-di-vincenzo-bellini\/","url":"https:\/\/www.museovincenzobellini.it\/en\/oggetto\/1835-1935-centenario-di-vincenzo-bellini\/","name":"1835-1935. Centenario di Vincenzo Bellini - Museo Bellini","isPartOf":{"@id":"https:\/\/www.museovincenzobellini.it\/#website"},"datePublished":"2021-07-22T11:18:02+00:00","dateModified":"2022-04-19T09:40:40+00:00","breadcrumb":{"@id":"https:\/\/www.museovincenzobellini.it\/en\/oggetto\/1835-1935-centenario-di-vincenzo-bellini\/#breadcrumb"},"inLanguage":"en-US","potentialAction":[{"@type":"ReadAction","target":["https:\/\/www.museovincenzobellini.it\/en\/oggetto\/1835-1935-centenario-di-vincenzo-bellini\/"]}]},{"@type":"BreadcrumbList","@id":"https:\/\/www.museovincenzobellini.it\/en\/oggetto\/1835-1935-centenario-di-vincenzo-bellini\/#breadcrumb","itemListElement":[{"@type":"ListItem","position":1,"name":"Home","item":"https:\/\/www.museovincenzobellini.it\/en\/"},{"@type":"ListItem","position":2,"name":"Oggetti","item":"https:\/\/www.museovincenzobellini.it\/en\/oggetto\/"},{"@type":"ListItem","position":3,"name":"1835-1935. Centenario di Vincenzo Bellini"}]},{"@type":"WebSite","@id":"https:\/\/www.museovincenzobellini.it\/#website","url":"https:\/\/www.museovincenzobellini.it\/","name":"Museo Bellini","description":"","publisher":{"@id":"https:\/\/www.museovincenzobellini.it\/#organization"},"potentialAction":[{"@type":"SearchAction","target":{"@type":"EntryPoint","urlTemplate":"https:\/\/www.museovincenzobellini.it\/?s={search_term_string}"},"query-input":"required name=search_term_string"}],"inLanguage":"en-US"},{"@type":"Organization","@id":"https:\/\/www.museovincenzobellini.it\/#organization","name":"Museo Bellini","url":"https:\/\/www.museovincenzobellini.it\/","logo":{"@type":"ImageObject","inLanguage":"en-US","@id":"https:\/\/www.museovincenzobellini.it\/#\/schema\/logo\/image\/","url":"https:\/\/www.museovincenzobellini.it\/wp-content\/uploads\/2022\/04\/cropped-red.png","contentUrl":"https:\/\/www.museovincenzobellini.it\/wp-content\/uploads\/2022\/04\/cropped-red.png","width":400,"height":205,"caption":"Museo Bellini"},"image":{"@id":"https:\/\/www.museovincenzobellini.it\/#\/schema\/logo\/image\/"}}]}},"_links":{"self":[{"href":"https:\/\/www.museovincenzobellini.it\/en\/wp-json\/wp\/v2\/oggetto\/1548","targetHints":{"allow":["GET"]}}],"collection":[{"href":"https:\/\/www.museovincenzobellini.it\/en\/wp-json\/wp\/v2\/oggetto"}],"about":[{"href":"https:\/\/www.museovincenzobellini.it\/en\/wp-json\/wp\/v2\/types\/oggetto"}],"author":[{"embeddable":true,"href":"https:\/\/www.museovincenzobellini.it\/en\/wp-json\/wp\/v2\/users\/1"}],"version-history":[{"count":2,"href":"https:\/\/www.museovincenzobellini.it\/en\/wp-json\/wp\/v2\/oggetto\/1548\/revisions"}],"predecessor-version":[{"id":13783,"href":"https:\/\/www.museovincenzobellini.it\/en\/wp-json\/wp\/v2\/oggetto\/1548\/revisions\/13783"}],"wp:attachment":[{"href":"https:\/\/www.museovincenzobellini.it\/en\/wp-json\/wp\/v2\/media?parent=1548"}],"wp:term":[{"taxonomy":"citta","embeddable":true,"href":"https:\/\/www.museovincenzobellini.it\/en\/wp-json\/wp\/v2\/citta?post=1548"},{"taxonomy":"lingua","embeddable":true,"href":"https:\/\/www.museovincenzobellini.it\/en\/wp-json\/wp\/v2\/lingua?post=1548"},{"taxonomy":"categoria_oggetto","embeddable":true,"href":"https:\/\/www.museovincenzobellini.it\/en\/wp-json\/wp\/v2\/categoria_oggetto?post=1548"},{"taxonomy":"ambito","embeddable":true,"href":"https:\/\/www.museovincenzobellini.it\/en\/wp-json\/wp\/v2\/ambito?post=1548"},{"taxonomy":"materiali","embeddable":true,"href":"https:\/\/www.museovincenzobellini.it\/en\/wp-json\/wp\/v2\/materiali?post=1548"},{"taxonomy":"tecnica","embeddable":true,"href":"https:\/\/www.museovincenzobellini.it\/en\/wp-json\/wp\/v2\/tecnica?post=1548"},{"taxonomy":"ubicazione","embeddable":true,"href":"https:\/\/www.museovincenzobellini.it\/en\/wp-json\/wp\/v2\/ubicazione?post=1548"},{"taxonomy":"identificazione","embeddable":true,"href":"https:\/\/www.museovincenzobellini.it\/en\/wp-json\/wp\/v2\/identificazione?post=1548"},{"taxonomy":"produttore","embeddable":true,"href":"https:\/\/www.museovincenzobellini.it\/en\/wp-json\/wp\/v2\/produttore?post=1548"},{"taxonomy":"manifattura","embeddable":true,"href":"https:\/\/www.museovincenzobellini.it\/en\/wp-json\/wp\/v2\/manifattura?post=1548"},{"taxonomy":"consistenza","embeddable":true,"href":"https:\/\/www.museovincenzobellini.it\/en\/wp-json\/wp\/v2\/consistenza?post=1548"},{"taxonomy":"sezioni","embeddable":true,"href":"https:\/\/www.museovincenzobellini.it\/en\/wp-json\/wp\/v2\/sezioni?post=1548"},{"taxonomy":"forma_musicale","embeddable":true,"href":"https:\/\/www.museovincenzobellini.it\/en\/wp-json\/wp\/v2\/forma_musicale?post=1548"},{"taxonomy":"tonalita","embeddable":true,"href":"https:\/\/www.museovincenzobellini.it\/en\/wp-json\/wp\/v2\/tonalita?post=1548"}],"curies":[{"name":"wp","href":"https:\/\/api.w.org\/{rel}","templated":true}]}}

<p>Manifesto realizzato in occasione del primo centenario della morte di Vincenzo Bellini (1835-1935). La composizione è suddivisa in due parti: a destra è rappresentato un busto frontale  del compositore catanese, invece a sinistra una grande chiave di violino. Scarse le notizie dell&#8217;artista Angelo Sanfilippo che presenta caratteri stilistici legati tipicamente agli anni Trenta del Novecentoal, in particolare al concetto di forma-volume. Il bene non è compreso nelle due voci inventariali: del 1968 e 1997 e nemmeno nel catalogo storico-iconografico del 1935, dunque non è rilevabile l&#8217;anno d&#8217;ingresso museale così come il nome del donatore.</p>
