{"id":1430,"date":"2021-07-22T12:16:16","date_gmt":"2021-07-22T11:16:16","guid":{"rendered":"http:\/\/www.museovincenzobellini.it\/oggetto\/busto-di-vincenzo-bellini\/"},"modified":"2023-03-22T09:31:52","modified_gmt":"2023-03-22T08:31:52","slug":"busto-di-vincenzo-bellini","status":"publish","type":"oggetto","link":"https:\/\/www.museovincenzobellini.it\/en\/oggetto\/busto-di-vincenzo-bellini\/","title":{"rendered":"Busto di Vincenzo Bellini"},"content":{"rendered":"<p>L\u2019opera, un mezzo busto a grandezza naturale, raffigurante il compositore catanese Vincenzo Bellini, fu eseguita dallo scultore siciliano, Salvatore Zagarella, intorno alla prima met\u00e0 del &#8216;900. L\u2019artista fu sempre impegnato nell\u2019esecuzione di busti dedicati a noti personaggi storici e letterari, come ad esempio, quello a Nino Martoglio, inaugurato il 10 ottobre 1959, a Belpasso (Catania), in occasione del Congresso nazionale dei poeti dialettali. Negli stessi anni, l&#8217;artista realizza nel viale degli uomini illustri del giardino Bellini della citt\u00e0 etnea, comunemente noto in citt\u00e0 come il \u00abviale dei nasi rotti\u00bb, tre ritratti scolpiti: Giovanni Verga, pi\u00f9 volte replicato, e Luigi Capuana nel 1960, il musicista Emanuele Cal\u00ec nel 1965. Lo scultore \u00e8 noto per essere stato il primo maestro di bottega del pi\u00f9 famoso artista catanese Emilio Greco tuttavia al contrario del suo allievo, egli purtroppo non ebbe grandissima fortuna. La scultura, realizzata in gesso bronzato e sostenuta da un piedistallo ligneo, presenta una buona fattura esecutiva: il compositore, rappresentato di tre quarti, tiene tra le mani una corona di rami di alloro che lo consacrano alla gloria eterna dell\u2019arte. Indossa un cappotto a doppiopetto con quattro bottoni e una cravatta avvolta intorno al collo. Purtroppo non possediamo alcuna informazione sull\u2019opera riguardante sia la cronologia, che la provenienza. Probabilmente fu eseguita dallo stesso artista per rendere omaggio a Bellini. Secondo Carmelo Neri, lo scultore esegu\u00ec l\u2019opera, ricavando il modello dal busto marmoreo di Tito Angelini, che incaricato da Francesco Florimo &#8211; intimo amico del compositore catanese &#8211; realizz\u00f2 la scultura, che attualmente \u00e8 custodita nel conservatorio napoletano di San Pietro a Majella e considerato \u00abil Bellini pi\u00f9 umano che i suoi ritrattisti ci tramandassero\u00bb. L\u2019opera appare descritta per la prima volta nell\u2019 inventario del museo redatto nel 1968: \u00abSopra scaffali: 1. mezzo busto grande di V. Bellini, in gesso di Zagarella\u00bb.<\/p>\n","protected":false},"excerpt":{"rendered":"<p>Zagarella, Salvatore &#8211; 1935-1950<\/p>\n","protected":false},"author":1,"featured_media":25990,"menu_order":0,"template":"","meta":{"footnotes":""},"citta":[],"lingua":[],"categoria_oggetto":[47],"ambito":[],"materiali":[88],"tecnica":[230,89],"ubicazione":[348],"identificazione":[104,105],"produttore":[],"manifattura":[],"consistenza":[],"sezioni":[716],"forma_musicale":[],"tonalita":[],"class_list":["post-1430","oggetto","type-oggetto","status-publish","has-post-thumbnail","hentry","categoria_oggetto-scultura","materiali-gesso","tecnica-bronzatura","tecnica-scultura","ubicazione-sala-8-casa-natale","identificazione-bellini","identificazione-vincenzo","sezioni-art-objects"],"yoast_head":"<!-- This site is optimized with the Yoast SEO plugin v20.2.1 - https:\/\/yoast.com\/wordpress\/plugins\/seo\/ -->\n<title>Busto di Vincenzo Bellini - Museo Bellini<\/title>\n<meta name=\"robots\" content=\"index, follow, max-snippet:-1, max-image-preview:large, max-video-preview:-1\" \/>\n<link rel=\"canonical\" href=\"https:\/\/www.museovincenzobellini.it\/en\/oggetto\/busto-di-vincenzo-bellini\/\" \/>\n<meta property=\"og:locale\" content=\"en_US\" \/>\n<meta property=\"og:type\" content=\"article\" \/>\n<meta property=\"og:title\" content=\"Busto di Vincenzo Bellini - Museo Bellini\" \/>\n<meta property=\"og:description\" content=\"Zagarella, Salvatore - 1935-1950\" \/>\n<meta property=\"og:url\" content=\"https:\/\/www.museovincenzobellini.it\/en\/oggetto\/busto-di-vincenzo-bellini\/\" \/>\n<meta property=\"og:site_name\" content=\"Museo Bellini\" \/>\n<meta property=\"article:modified_time\" content=\"2023-03-22T08:31:52+00:00\" \/>\n<meta property=\"og:image\" content=\"https:\/\/www.museovincenzobellini.it\/wp-content\/uploads\/2021\/07\/Miniatura-1.jpg\" \/>\n\t<meta property=\"og:image:width\" content=\"369\" \/>\n\t<meta property=\"og:image:height\" content=\"198\" \/>\n\t<meta property=\"og:image:type\" content=\"image\/jpeg\" \/>\n<meta name=\"twitter:card\" content=\"summary_large_image\" \/>\n<meta name=\"twitter:label1\" content=\"Est. reading time\" \/>\n\t<meta name=\"twitter:data1\" content=\"2 minutes\" \/>\n<script type=\"application\/ld+json\" class=\"yoast-schema-graph\">{\"@context\":\"https:\/\/schema.org\",\"@graph\":[{\"@type\":\"WebPage\",\"@id\":\"https:\/\/www.museovincenzobellini.it\/en\/oggetto\/busto-di-vincenzo-bellini\/\",\"url\":\"https:\/\/www.museovincenzobellini.it\/en\/oggetto\/busto-di-vincenzo-bellini\/\",\"name\":\"Busto di Vincenzo Bellini - Museo Bellini\",\"isPartOf\":{\"@id\":\"https:\/\/www.museovincenzobellini.it\/#website\"},\"datePublished\":\"2021-07-22T11:16:16+00:00\",\"dateModified\":\"2023-03-22T08:31:52+00:00\",\"breadcrumb\":{\"@id\":\"https:\/\/www.museovincenzobellini.it\/en\/oggetto\/busto-di-vincenzo-bellini\/#breadcrumb\"},\"inLanguage\":\"en-US\",\"potentialAction\":[{\"@type\":\"ReadAction\",\"target\":[\"https:\/\/www.museovincenzobellini.it\/en\/oggetto\/busto-di-vincenzo-bellini\/\"]}]},{\"@type\":\"BreadcrumbList\",\"@id\":\"https:\/\/www.museovincenzobellini.it\/en\/oggetto\/busto-di-vincenzo-bellini\/#breadcrumb\",\"itemListElement\":[{\"@type\":\"ListItem\",\"position\":1,\"name\":\"Home\",\"item\":\"https:\/\/www.museovincenzobellini.it\/en\/\"},{\"@type\":\"ListItem\",\"position\":2,\"name\":\"Oggetti\",\"item\":\"https:\/\/www.museovincenzobellini.it\/en\/oggetto\/\"},{\"@type\":\"ListItem\",\"position\":3,\"name\":\"Busto di Vincenzo Bellini\"}]},{\"@type\":\"WebSite\",\"@id\":\"https:\/\/www.museovincenzobellini.it\/#website\",\"url\":\"https:\/\/www.museovincenzobellini.it\/\",\"name\":\"Museo Bellini\",\"description\":\"\",\"publisher\":{\"@id\":\"https:\/\/www.museovincenzobellini.it\/#organization\"},\"potentialAction\":[{\"@type\":\"SearchAction\",\"target\":{\"@type\":\"EntryPoint\",\"urlTemplate\":\"https:\/\/www.museovincenzobellini.it\/?s={search_term_string}\"},\"query-input\":\"required name=search_term_string\"}],\"inLanguage\":\"en-US\"},{\"@type\":\"Organization\",\"@id\":\"https:\/\/www.museovincenzobellini.it\/#organization\",\"name\":\"Museo Bellini\",\"url\":\"https:\/\/www.museovincenzobellini.it\/\",\"logo\":{\"@type\":\"ImageObject\",\"inLanguage\":\"en-US\",\"@id\":\"https:\/\/www.museovincenzobellini.it\/#\/schema\/logo\/image\/\",\"url\":\"https:\/\/www.museovincenzobellini.it\/wp-content\/uploads\/2022\/04\/cropped-red.png\",\"contentUrl\":\"https:\/\/www.museovincenzobellini.it\/wp-content\/uploads\/2022\/04\/cropped-red.png\",\"width\":400,\"height\":205,\"caption\":\"Museo Bellini\"},\"image\":{\"@id\":\"https:\/\/www.museovincenzobellini.it\/#\/schema\/logo\/image\/\"}}]}<\/script>\n<!-- \/ Yoast SEO plugin. -->","yoast_head_json":{"title":"Busto di Vincenzo Bellini - Museo Bellini","robots":{"index":"index","follow":"follow","max-snippet":"max-snippet:-1","max-image-preview":"max-image-preview:large","max-video-preview":"max-video-preview:-1"},"canonical":"https:\/\/www.museovincenzobellini.it\/en\/oggetto\/busto-di-vincenzo-bellini\/","og_locale":"en_US","og_type":"article","og_title":"Busto di Vincenzo Bellini - Museo Bellini","og_description":"Zagarella, Salvatore - 1935-1950","og_url":"https:\/\/www.museovincenzobellini.it\/en\/oggetto\/busto-di-vincenzo-bellini\/","og_site_name":"Museo Bellini","article_modified_time":"2023-03-22T08:31:52+00:00","og_image":[{"width":369,"height":198,"url":"https:\/\/www.museovincenzobellini.it\/wp-content\/uploads\/2021\/07\/Miniatura-1.jpg","type":"image\/jpeg"}],"twitter_card":"summary_large_image","twitter_misc":{"Est. reading time":"2 minutes"},"schema":{"@context":"https:\/\/schema.org","@graph":[{"@type":"WebPage","@id":"https:\/\/www.museovincenzobellini.it\/en\/oggetto\/busto-di-vincenzo-bellini\/","url":"https:\/\/www.museovincenzobellini.it\/en\/oggetto\/busto-di-vincenzo-bellini\/","name":"Busto di Vincenzo Bellini - Museo Bellini","isPartOf":{"@id":"https:\/\/www.museovincenzobellini.it\/#website"},"datePublished":"2021-07-22T11:16:16+00:00","dateModified":"2023-03-22T08:31:52+00:00","breadcrumb":{"@id":"https:\/\/www.museovincenzobellini.it\/en\/oggetto\/busto-di-vincenzo-bellini\/#breadcrumb"},"inLanguage":"en-US","potentialAction":[{"@type":"ReadAction","target":["https:\/\/www.museovincenzobellini.it\/en\/oggetto\/busto-di-vincenzo-bellini\/"]}]},{"@type":"BreadcrumbList","@id":"https:\/\/www.museovincenzobellini.it\/en\/oggetto\/busto-di-vincenzo-bellini\/#breadcrumb","itemListElement":[{"@type":"ListItem","position":1,"name":"Home","item":"https:\/\/www.museovincenzobellini.it\/en\/"},{"@type":"ListItem","position":2,"name":"Oggetti","item":"https:\/\/www.museovincenzobellini.it\/en\/oggetto\/"},{"@type":"ListItem","position":3,"name":"Busto di Vincenzo Bellini"}]},{"@type":"WebSite","@id":"https:\/\/www.museovincenzobellini.it\/#website","url":"https:\/\/www.museovincenzobellini.it\/","name":"Museo Bellini","description":"","publisher":{"@id":"https:\/\/www.museovincenzobellini.it\/#organization"},"potentialAction":[{"@type":"SearchAction","target":{"@type":"EntryPoint","urlTemplate":"https:\/\/www.museovincenzobellini.it\/?s={search_term_string}"},"query-input":"required name=search_term_string"}],"inLanguage":"en-US"},{"@type":"Organization","@id":"https:\/\/www.museovincenzobellini.it\/#organization","name":"Museo Bellini","url":"https:\/\/www.museovincenzobellini.it\/","logo":{"@type":"ImageObject","inLanguage":"en-US","@id":"https:\/\/www.museovincenzobellini.it\/#\/schema\/logo\/image\/","url":"https:\/\/www.museovincenzobellini.it\/wp-content\/uploads\/2022\/04\/cropped-red.png","contentUrl":"https:\/\/www.museovincenzobellini.it\/wp-content\/uploads\/2022\/04\/cropped-red.png","width":400,"height":205,"caption":"Museo Bellini"},"image":{"@id":"https:\/\/www.museovincenzobellini.it\/#\/schema\/logo\/image\/"}}]}},"_links":{"self":[{"href":"https:\/\/www.museovincenzobellini.it\/en\/wp-json\/wp\/v2\/oggetto\/1430","targetHints":{"allow":["GET"]}}],"collection":[{"href":"https:\/\/www.museovincenzobellini.it\/en\/wp-json\/wp\/v2\/oggetto"}],"about":[{"href":"https:\/\/www.museovincenzobellini.it\/en\/wp-json\/wp\/v2\/types\/oggetto"}],"author":[{"embeddable":true,"href":"https:\/\/www.museovincenzobellini.it\/en\/wp-json\/wp\/v2\/users\/1"}],"version-history":[{"count":3,"href":"https:\/\/www.museovincenzobellini.it\/en\/wp-json\/wp\/v2\/oggetto\/1430\/revisions"}],"predecessor-version":[{"id":25992,"href":"https:\/\/www.museovincenzobellini.it\/en\/wp-json\/wp\/v2\/oggetto\/1430\/revisions\/25992"}],"wp:featuredmedia":[{"embeddable":true,"href":"https:\/\/www.museovincenzobellini.it\/en\/wp-json\/wp\/v2\/media\/25990"}],"wp:attachment":[{"href":"https:\/\/www.museovincenzobellini.it\/en\/wp-json\/wp\/v2\/media?parent=1430"}],"wp:term":[{"taxonomy":"citta","embeddable":true,"href":"https:\/\/www.museovincenzobellini.it\/en\/wp-json\/wp\/v2\/citta?post=1430"},{"taxonomy":"lingua","embeddable":true,"href":"https:\/\/www.museovincenzobellini.it\/en\/wp-json\/wp\/v2\/lingua?post=1430"},{"taxonomy":"categoria_oggetto","embeddable":true,"href":"https:\/\/www.museovincenzobellini.it\/en\/wp-json\/wp\/v2\/categoria_oggetto?post=1430"},{"taxonomy":"ambito","embeddable":true,"href":"https:\/\/www.museovincenzobellini.it\/en\/wp-json\/wp\/v2\/ambito?post=1430"},{"taxonomy":"materiali","embeddable":true,"href":"https:\/\/www.museovincenzobellini.it\/en\/wp-json\/wp\/v2\/materiali?post=1430"},{"taxonomy":"tecnica","embeddable":true,"href":"https:\/\/www.museovincenzobellini.it\/en\/wp-json\/wp\/v2\/tecnica?post=1430"},{"taxonomy":"ubicazione","embeddable":true,"href":"https:\/\/www.museovincenzobellini.it\/en\/wp-json\/wp\/v2\/ubicazione?post=1430"},{"taxonomy":"identificazione","embeddable":true,"href":"https:\/\/www.museovincenzobellini.it\/en\/wp-json\/wp\/v2\/identificazione?post=1430"},{"taxonomy":"produttore","embeddable":true,"href":"https:\/\/www.museovincenzobellini.it\/en\/wp-json\/wp\/v2\/produttore?post=1430"},{"taxonomy":"manifattura","embeddable":true,"href":"https:\/\/www.museovincenzobellini.it\/en\/wp-json\/wp\/v2\/manifattura?post=1430"},{"taxonomy":"consistenza","embeddable":true,"href":"https:\/\/www.museovincenzobellini.it\/en\/wp-json\/wp\/v2\/consistenza?post=1430"},{"taxonomy":"sezioni","embeddable":true,"href":"https:\/\/www.museovincenzobellini.it\/en\/wp-json\/wp\/v2\/sezioni?post=1430"},{"taxonomy":"forma_musicale","embeddable":true,"href":"https:\/\/www.museovincenzobellini.it\/en\/wp-json\/wp\/v2\/forma_musicale?post=1430"},{"taxonomy":"tonalita","embeddable":true,"href":"https:\/\/www.museovincenzobellini.it\/en\/wp-json\/wp\/v2\/tonalita?post=1430"}],"curies":[{"name":"wp","href":"https:\/\/api.w.org\/{rel}","templated":true}]}}

<p>L’opera, un mezzo busto a grandezza naturale, raffigurante il compositore catanese Vincenzo Bellini, fu eseguita dallo scultore siciliano, Salvatore Zagarella, intorno alla prima metà del &#8216;900. L’artista fu sempre impegnato nell’esecuzione di busti dedicati a noti personaggi storici e letterari, come ad esempio, quello a Nino Martoglio, inaugurato il 10 ottobre 1959, a Belpasso (Catania), in occasione del Congresso nazionale dei poeti dialettali. Negli stessi anni, l&#8217;artista realizza nel viale degli uomini illustri del giardino Bellini della città etnea, comunemente noto in città come il «viale dei nasi rotti», tre ritratti scolpiti: Giovanni Verga, più volte replicato, e Luigi Capuana nel 1960, il musicista Emanuele Calì nel 1965. Lo scultore è noto per essere stato il primo maestro di bottega del più famoso artista catanese Emilio Greco tuttavia al contrario del suo allievo, egli purtroppo non ebbe grandissima fortuna. La scultura, realizzata in gesso bronzato e sostenuta da un piedistallo ligneo, presenta una buona fattura esecutiva: il compositore, rappresentato di tre quarti, tiene tra le mani una corona di rami di alloro che lo consacrano alla gloria eterna dell’arte. Indossa un cappotto a doppiopetto con quattro bottoni e una cravatta avvolta intorno al collo. Purtroppo non possediamo alcuna informazione sull’opera riguardante sia la cronologia, che la provenienza. Probabilmente fu eseguita dallo stesso artista per rendere omaggio a Bellini. Secondo Carmelo Neri, lo scultore eseguì l’opera, ricavando il modello dal busto marmoreo di Tito Angelini, che incaricato da Francesco Florimo &#8211; intimo amico del compositore catanese &#8211; realizzò la scultura, che attualmente è custodita nel conservatorio napoletano di San Pietro a Majella e considerato «il Bellini più umano che i suoi ritrattisti ci tramandassero». L’opera appare descritta per la prima volta nell’ inventario del museo redatto nel 1968: «Sopra scaffali: 1. mezzo busto grande di V. Bellini, in gesso di Zagarella».</p>
