{"id":1391,"date":"2021-07-22T12:15:34","date_gmt":"2021-07-22T11:15:34","guid":{"rendered":"http:\/\/www.museovincenzobellini.it\/oggetto\/fotografie-raffiguranti-i-ritratti-delle-personalita-che-parteciparono-alle-onoranze-funebri-di-vincenzo-bellini\/"},"modified":"2023-03-23T11:24:57","modified_gmt":"2023-03-23T10:24:57","slug":"fotografie-raffiguranti-i-ritratti-delle-personalita-che-parteciparono-alle-onoranze-funebri-di-vincenzo-bellini","status":"publish","type":"oggetto","link":"https:\/\/www.museovincenzobellini.it\/en\/oggetto\/fotografie-raffiguranti-i-ritratti-delle-personalita-che-parteciparono-alle-onoranze-funebri-di-vincenzo-bellini\/","title":{"rendered":"Fotografie raffiguranti i ritratti delle personalit\u00e0 che parteciparono alle onoranze funebri di Vincenzo Bellini"},"content":{"rendered":"<p>La cornice contiene sei fotografie in bianco e nero raffiguranti i ritratti di alcuni personaggi storici che ufficialmente rappresentarono la citt\u00e0 di Catania e presidiarono l&#8217;esumazione della salma del compositore catanese, Vincenzo Bellini, avvenuta nel cimitero parigino di Pere Lachaise, in occasione della traslazione delle ceneri da Puteaux a Catania (1876). Dall&#8217;alto verso il basso, da sinistra verso destra \u00e8 possibile osservare: 1) Patern\u00f2 Castello di Sangiuliano, Antonino; 2) Curr\u00f2, Rosario; 3) Monteverde, Giulio; 4) Ardizzoni, Gaetano; 5) Tassara, Giovan Battista; 6) Grimaldi di Serravalle, Enrico; I luoghi italiani della ripresa sono differenti, cos\u00ec come lo sono le datazioni, ricondicibili tra agli anni Ottanta dell&#8217;Ottocento e gli anni Trenta del Novecento, come altres\u00ec varia la tecnica. Gli autori delle fotografie restano ignoti, tuttavia \u00e8 possibile identificare il fotografo del ritratto di Giulio Monteverde in Gio Batta Sciutto, un artista che verso la fine dell&#8217;Ottocento operava a Genova in piazza Fontane Marose numero 18.<\/p>\n","protected":false},"excerpt":{"rendered":"<p>Produzione industriale &#8211; Ante 1968<\/p>\n","protected":false},"author":1,"featured_media":26234,"menu_order":0,"template":"","meta":{"footnotes":""},"citta":[],"lingua":[],"categoria_oggetto":[30],"ambito":[],"materiali":[62,63],"tecnica":[64],"ubicazione":[318],"identificazione":[],"produttore":[61],"manifattura":[],"consistenza":[],"sezioni":[709],"forma_musicale":[],"tonalita":[],"class_list":["post-1391","oggetto","type-oggetto","status-publish","has-post-thumbnail","hentry","categoria_oggetto-cornice","materiali-legno","materiali-vetro","tecnica-incastro","ubicazione-sala-7-casa-natale","produttore-produzione-industriale","sezioni-photos"],"yoast_head":"<!-- This site is optimized with the Yoast SEO plugin v20.2.1 - https:\/\/yoast.com\/wordpress\/plugins\/seo\/ -->\n<title>Fotografie raffiguranti i ritratti delle personalit\u00e0 che parteciparono alle onoranze funebri di Vincenzo Bellini - Museo Bellini<\/title>\n<meta name=\"robots\" content=\"index, follow, max-snippet:-1, max-image-preview:large, max-video-preview:-1\" \/>\n<link rel=\"canonical\" href=\"https:\/\/www.museovincenzobellini.it\/en\/oggetto\/fotografie-raffiguranti-i-ritratti-delle-personalita-che-parteciparono-alle-onoranze-funebri-di-vincenzo-bellini\/\" \/>\n<meta property=\"og:locale\" content=\"en_US\" \/>\n<meta property=\"og:type\" content=\"article\" \/>\n<meta property=\"og:title\" content=\"Fotografie raffiguranti i ritratti delle personalit\u00e0 che parteciparono alle onoranze funebri di Vincenzo Bellini - Museo Bellini\" \/>\n<meta property=\"og:description\" content=\"Produzione industriale - Ante 1968\" \/>\n<meta property=\"og:url\" content=\"https:\/\/www.museovincenzobellini.it\/en\/oggetto\/fotografie-raffiguranti-i-ritratti-delle-personalita-che-parteciparono-alle-onoranze-funebri-di-vincenzo-bellini\/\" \/>\n<meta property=\"og:site_name\" content=\"Museo Bellini\" \/>\n<meta property=\"article:modified_time\" content=\"2023-03-23T10:24:57+00:00\" \/>\n<meta property=\"og:image\" content=\"https:\/\/www.museovincenzobellini.it\/wp-content\/uploads\/2021\/07\/Miniatura-10.jpg\" \/>\n\t<meta property=\"og:image:width\" content=\"369\" \/>\n\t<meta property=\"og:image:height\" content=\"198\" \/>\n\t<meta property=\"og:image:type\" content=\"image\/jpeg\" \/>\n<meta name=\"twitter:card\" content=\"summary_large_image\" \/>\n<meta name=\"twitter:label1\" content=\"Est. reading time\" \/>\n\t<meta name=\"twitter:data1\" content=\"1 minute\" \/>\n<script type=\"application\/ld+json\" class=\"yoast-schema-graph\">{\"@context\":\"https:\/\/schema.org\",\"@graph\":[{\"@type\":\"WebPage\",\"@id\":\"https:\/\/www.museovincenzobellini.it\/en\/oggetto\/fotografie-raffiguranti-i-ritratti-delle-personalita-che-parteciparono-alle-onoranze-funebri-di-vincenzo-bellini\/\",\"url\":\"https:\/\/www.museovincenzobellini.it\/en\/oggetto\/fotografie-raffiguranti-i-ritratti-delle-personalita-che-parteciparono-alle-onoranze-funebri-di-vincenzo-bellini\/\",\"name\":\"Fotografie raffiguranti i ritratti delle personalit\u00e0 che parteciparono alle onoranze funebri di Vincenzo Bellini - Museo Bellini\",\"isPartOf\":{\"@id\":\"https:\/\/www.museovincenzobellini.it\/#website\"},\"datePublished\":\"2021-07-22T11:15:34+00:00\",\"dateModified\":\"2023-03-23T10:24:57+00:00\",\"breadcrumb\":{\"@id\":\"https:\/\/www.museovincenzobellini.it\/en\/oggetto\/fotografie-raffiguranti-i-ritratti-delle-personalita-che-parteciparono-alle-onoranze-funebri-di-vincenzo-bellini\/#breadcrumb\"},\"inLanguage\":\"en-US\",\"potentialAction\":[{\"@type\":\"ReadAction\",\"target\":[\"https:\/\/www.museovincenzobellini.it\/en\/oggetto\/fotografie-raffiguranti-i-ritratti-delle-personalita-che-parteciparono-alle-onoranze-funebri-di-vincenzo-bellini\/\"]}]},{\"@type\":\"BreadcrumbList\",\"@id\":\"https:\/\/www.museovincenzobellini.it\/en\/oggetto\/fotografie-raffiguranti-i-ritratti-delle-personalita-che-parteciparono-alle-onoranze-funebri-di-vincenzo-bellini\/#breadcrumb\",\"itemListElement\":[{\"@type\":\"ListItem\",\"position\":1,\"name\":\"Home\",\"item\":\"https:\/\/www.museovincenzobellini.it\/en\/\"},{\"@type\":\"ListItem\",\"position\":2,\"name\":\"Oggetti\",\"item\":\"https:\/\/www.museovincenzobellini.it\/en\/oggetto\/\"},{\"@type\":\"ListItem\",\"position\":3,\"name\":\"Fotografie raffiguranti i ritratti delle personalit\u00e0 che parteciparono alle onoranze funebri di Vincenzo Bellini\"}]},{\"@type\":\"WebSite\",\"@id\":\"https:\/\/www.museovincenzobellini.it\/#website\",\"url\":\"https:\/\/www.museovincenzobellini.it\/\",\"name\":\"Museo Bellini\",\"description\":\"\",\"publisher\":{\"@id\":\"https:\/\/www.museovincenzobellini.it\/#organization\"},\"potentialAction\":[{\"@type\":\"SearchAction\",\"target\":{\"@type\":\"EntryPoint\",\"urlTemplate\":\"https:\/\/www.museovincenzobellini.it\/?s={search_term_string}\"},\"query-input\":\"required name=search_term_string\"}],\"inLanguage\":\"en-US\"},{\"@type\":\"Organization\",\"@id\":\"https:\/\/www.museovincenzobellini.it\/#organization\",\"name\":\"Museo Bellini\",\"url\":\"https:\/\/www.museovincenzobellini.it\/\",\"logo\":{\"@type\":\"ImageObject\",\"inLanguage\":\"en-US\",\"@id\":\"https:\/\/www.museovincenzobellini.it\/#\/schema\/logo\/image\/\",\"url\":\"https:\/\/www.museovincenzobellini.it\/wp-content\/uploads\/2022\/04\/cropped-red.png\",\"contentUrl\":\"https:\/\/www.museovincenzobellini.it\/wp-content\/uploads\/2022\/04\/cropped-red.png\",\"width\":400,\"height\":205,\"caption\":\"Museo Bellini\"},\"image\":{\"@id\":\"https:\/\/www.museovincenzobellini.it\/#\/schema\/logo\/image\/\"}}]}<\/script>\n<!-- \/ Yoast SEO plugin. -->","yoast_head_json":{"title":"Fotografie raffiguranti i ritratti delle personalit\u00e0 che parteciparono alle onoranze funebri di Vincenzo Bellini - Museo Bellini","robots":{"index":"index","follow":"follow","max-snippet":"max-snippet:-1","max-image-preview":"max-image-preview:large","max-video-preview":"max-video-preview:-1"},"canonical":"https:\/\/www.museovincenzobellini.it\/en\/oggetto\/fotografie-raffiguranti-i-ritratti-delle-personalita-che-parteciparono-alle-onoranze-funebri-di-vincenzo-bellini\/","og_locale":"en_US","og_type":"article","og_title":"Fotografie raffiguranti i ritratti delle personalit\u00e0 che parteciparono alle onoranze funebri di Vincenzo Bellini - Museo Bellini","og_description":"Produzione industriale - Ante 1968","og_url":"https:\/\/www.museovincenzobellini.it\/en\/oggetto\/fotografie-raffiguranti-i-ritratti-delle-personalita-che-parteciparono-alle-onoranze-funebri-di-vincenzo-bellini\/","og_site_name":"Museo Bellini","article_modified_time":"2023-03-23T10:24:57+00:00","og_image":[{"width":369,"height":198,"url":"https:\/\/www.museovincenzobellini.it\/wp-content\/uploads\/2021\/07\/Miniatura-10.jpg","type":"image\/jpeg"}],"twitter_card":"summary_large_image","twitter_misc":{"Est. reading time":"1 minute"},"schema":{"@context":"https:\/\/schema.org","@graph":[{"@type":"WebPage","@id":"https:\/\/www.museovincenzobellini.it\/en\/oggetto\/fotografie-raffiguranti-i-ritratti-delle-personalita-che-parteciparono-alle-onoranze-funebri-di-vincenzo-bellini\/","url":"https:\/\/www.museovincenzobellini.it\/en\/oggetto\/fotografie-raffiguranti-i-ritratti-delle-personalita-che-parteciparono-alle-onoranze-funebri-di-vincenzo-bellini\/","name":"Fotografie raffiguranti i ritratti delle personalit\u00e0 che parteciparono alle onoranze funebri di Vincenzo Bellini - Museo Bellini","isPartOf":{"@id":"https:\/\/www.museovincenzobellini.it\/#website"},"datePublished":"2021-07-22T11:15:34+00:00","dateModified":"2023-03-23T10:24:57+00:00","breadcrumb":{"@id":"https:\/\/www.museovincenzobellini.it\/en\/oggetto\/fotografie-raffiguranti-i-ritratti-delle-personalita-che-parteciparono-alle-onoranze-funebri-di-vincenzo-bellini\/#breadcrumb"},"inLanguage":"en-US","potentialAction":[{"@type":"ReadAction","target":["https:\/\/www.museovincenzobellini.it\/en\/oggetto\/fotografie-raffiguranti-i-ritratti-delle-personalita-che-parteciparono-alle-onoranze-funebri-di-vincenzo-bellini\/"]}]},{"@type":"BreadcrumbList","@id":"https:\/\/www.museovincenzobellini.it\/en\/oggetto\/fotografie-raffiguranti-i-ritratti-delle-personalita-che-parteciparono-alle-onoranze-funebri-di-vincenzo-bellini\/#breadcrumb","itemListElement":[{"@type":"ListItem","position":1,"name":"Home","item":"https:\/\/www.museovincenzobellini.it\/en\/"},{"@type":"ListItem","position":2,"name":"Oggetti","item":"https:\/\/www.museovincenzobellini.it\/en\/oggetto\/"},{"@type":"ListItem","position":3,"name":"Fotografie raffiguranti i ritratti delle personalit\u00e0 che parteciparono alle onoranze funebri di Vincenzo Bellini"}]},{"@type":"WebSite","@id":"https:\/\/www.museovincenzobellini.it\/#website","url":"https:\/\/www.museovincenzobellini.it\/","name":"Museo Bellini","description":"","publisher":{"@id":"https:\/\/www.museovincenzobellini.it\/#organization"},"potentialAction":[{"@type":"SearchAction","target":{"@type":"EntryPoint","urlTemplate":"https:\/\/www.museovincenzobellini.it\/?s={search_term_string}"},"query-input":"required name=search_term_string"}],"inLanguage":"en-US"},{"@type":"Organization","@id":"https:\/\/www.museovincenzobellini.it\/#organization","name":"Museo Bellini","url":"https:\/\/www.museovincenzobellini.it\/","logo":{"@type":"ImageObject","inLanguage":"en-US","@id":"https:\/\/www.museovincenzobellini.it\/#\/schema\/logo\/image\/","url":"https:\/\/www.museovincenzobellini.it\/wp-content\/uploads\/2022\/04\/cropped-red.png","contentUrl":"https:\/\/www.museovincenzobellini.it\/wp-content\/uploads\/2022\/04\/cropped-red.png","width":400,"height":205,"caption":"Museo Bellini"},"image":{"@id":"https:\/\/www.museovincenzobellini.it\/#\/schema\/logo\/image\/"}}]}},"_links":{"self":[{"href":"https:\/\/www.museovincenzobellini.it\/en\/wp-json\/wp\/v2\/oggetto\/1391","targetHints":{"allow":["GET"]}}],"collection":[{"href":"https:\/\/www.museovincenzobellini.it\/en\/wp-json\/wp\/v2\/oggetto"}],"about":[{"href":"https:\/\/www.museovincenzobellini.it\/en\/wp-json\/wp\/v2\/types\/oggetto"}],"author":[{"embeddable":true,"href":"https:\/\/www.museovincenzobellini.it\/en\/wp-json\/wp\/v2\/users\/1"}],"version-history":[{"count":3,"href":"https:\/\/www.museovincenzobellini.it\/en\/wp-json\/wp\/v2\/oggetto\/1391\/revisions"}],"predecessor-version":[{"id":26238,"href":"https:\/\/www.museovincenzobellini.it\/en\/wp-json\/wp\/v2\/oggetto\/1391\/revisions\/26238"}],"wp:featuredmedia":[{"embeddable":true,"href":"https:\/\/www.museovincenzobellini.it\/en\/wp-json\/wp\/v2\/media\/26234"}],"wp:attachment":[{"href":"https:\/\/www.museovincenzobellini.it\/en\/wp-json\/wp\/v2\/media?parent=1391"}],"wp:term":[{"taxonomy":"citta","embeddable":true,"href":"https:\/\/www.museovincenzobellini.it\/en\/wp-json\/wp\/v2\/citta?post=1391"},{"taxonomy":"lingua","embeddable":true,"href":"https:\/\/www.museovincenzobellini.it\/en\/wp-json\/wp\/v2\/lingua?post=1391"},{"taxonomy":"categoria_oggetto","embeddable":true,"href":"https:\/\/www.museovincenzobellini.it\/en\/wp-json\/wp\/v2\/categoria_oggetto?post=1391"},{"taxonomy":"ambito","embeddable":true,"href":"https:\/\/www.museovincenzobellini.it\/en\/wp-json\/wp\/v2\/ambito?post=1391"},{"taxonomy":"materiali","embeddable":true,"href":"https:\/\/www.museovincenzobellini.it\/en\/wp-json\/wp\/v2\/materiali?post=1391"},{"taxonomy":"tecnica","embeddable":true,"href":"https:\/\/www.museovincenzobellini.it\/en\/wp-json\/wp\/v2\/tecnica?post=1391"},{"taxonomy":"ubicazione","embeddable":true,"href":"https:\/\/www.museovincenzobellini.it\/en\/wp-json\/wp\/v2\/ubicazione?post=1391"},{"taxonomy":"identificazione","embeddable":true,"href":"https:\/\/www.museovincenzobellini.it\/en\/wp-json\/wp\/v2\/identificazione?post=1391"},{"taxonomy":"produttore","embeddable":true,"href":"https:\/\/www.museovincenzobellini.it\/en\/wp-json\/wp\/v2\/produttore?post=1391"},{"taxonomy":"manifattura","embeddable":true,"href":"https:\/\/www.museovincenzobellini.it\/en\/wp-json\/wp\/v2\/manifattura?post=1391"},{"taxonomy":"consistenza","embeddable":true,"href":"https:\/\/www.museovincenzobellini.it\/en\/wp-json\/wp\/v2\/consistenza?post=1391"},{"taxonomy":"sezioni","embeddable":true,"href":"https:\/\/www.museovincenzobellini.it\/en\/wp-json\/wp\/v2\/sezioni?post=1391"},{"taxonomy":"forma_musicale","embeddable":true,"href":"https:\/\/www.museovincenzobellini.it\/en\/wp-json\/wp\/v2\/forma_musicale?post=1391"},{"taxonomy":"tonalita","embeddable":true,"href":"https:\/\/www.museovincenzobellini.it\/en\/wp-json\/wp\/v2\/tonalita?post=1391"}],"curies":[{"name":"wp","href":"https:\/\/api.w.org\/{rel}","templated":true}]}}

Fotografie raffiguranti i ritratti delle personalità che parteciparono alle onoranze funebri di Vincenzo Bellini

<p>La cornice contiene sei fotografie in bianco e nero raffiguranti i ritratti di alcuni personaggi storici che ufficialmente rappresentarono la città di Catania e presidiarono l&#8217;esumazione della salma del compositore catanese, Vincenzo Bellini, avvenuta nel cimitero parigino di Pere Lachaise, in occasione della traslazione delle ceneri da Puteaux a Catania (1876). Dall&#8217;alto verso il basso, da sinistra verso destra è possibile osservare: 1) Paternò Castello di Sangiuliano, Antonino; 2) Currò, Rosario; 3) Monteverde, Giulio; 4) Ardizzoni, Gaetano; 5) Tassara, Giovan Battista; 6) Grimaldi di Serravalle, Enrico; I luoghi italiani della ripresa sono differenti, così come lo sono le datazioni, ricondicibili tra agli anni Ottanta dell&#8217;Ottocento e gli anni Trenta del Novecento, come altresì varia la tecnica. Gli autori delle fotografie restano ignoti, tuttavia è possibile identificare il fotografo del ritratto di Giulio Monteverde in Gio Batta Sciutto, un artista che verso la fine dell&#8217;Ottocento operava a Genova in piazza Fontane Marose numero 18.</p>

<!-- This site is optimized with the Yoast SEO plugin v20.2.1 - https://yoast.com/wordpress/plugins/seo/ -->
<title>Fotografie raffiguranti i ritratti delle personalità che parteciparono alle onoranze funebri di Vincenzo Bellini - Museo Bellini</title>
<meta name="robots" content="index, follow, max-snippet:-1, max-image-preview:large, max-video-preview:-1" />
<link rel="canonical" href="https://www.museovincenzobellini.it/en/oggetto/fotografie-raffiguranti-i-ritratti-delle-personalita-che-parteciparono-alle-onoranze-funebri-di-vincenzo-bellini/" />
<meta property="og:locale" content="en_US" />
<meta property="og:type" content="article" />
<meta property="og:title" content="Fotografie raffiguranti i ritratti delle personalità che parteciparono alle onoranze funebri di Vincenzo Bellini - Museo Bellini" />
<meta property="og:description" content="Produzione industriale - Ante 1968" />
<meta property="og:url" content="https://www.museovincenzobellini.it/en/oggetto/fotografie-raffiguranti-i-ritratti-delle-personalita-che-parteciparono-alle-onoranze-funebri-di-vincenzo-bellini/" />
<meta property="og:site_name" content="Museo Bellini" />
<meta property="article:modified_time" content="2023-03-23T10:24:57+00:00" />
<meta property="og:image" content="https://www.museovincenzobellini.it/wp-content/uploads/2021/07/Miniatura-10.jpg" />
	<meta property="og:image:width" content="369" />
	<meta property="og:image:height" content="198" />
	<meta property="og:image:type" content="image/jpeg" />
<meta name="twitter:card" content="summary_large_image" />
<meta name="twitter:label1" content="Est. reading time" />
	<meta name="twitter:data1" content="1 minute" />
<script type="application/ld+json" class="yoast-schema-graph">{"@context":"https://schema.org","@graph":[{"@type":"WebPage","@id":"https://www.museovincenzobellini.it/en/oggetto/fotografie-raffiguranti-i-ritratti-delle-personalita-che-parteciparono-alle-onoranze-funebri-di-vincenzo-bellini/","url":"https://www.museovincenzobellini.it/en/oggetto/fotografie-raffiguranti-i-ritratti-delle-personalita-che-parteciparono-alle-onoranze-funebri-di-vincenzo-bellini/","name":"Fotografie raffiguranti i ritratti delle personalità che parteciparono alle onoranze funebri di Vincenzo Bellini - Museo Bellini","isPartOf":{"@id":"https://www.museovincenzobellini.it/#website"},"datePublished":"2021-07-22T11:15:34+00:00","dateModified":"2023-03-23T10:24:57+00:00","breadcrumb":{"@id":"https://www.museovincenzobellini.it/en/oggetto/fotografie-raffiguranti-i-ritratti-delle-personalita-che-parteciparono-alle-onoranze-funebri-di-vincenzo-bellini/#breadcrumb"},"inLanguage":"en-US","potentialAction":[{"@type":"ReadAction","target":["https://www.museovincenzobellini.it/en/oggetto/fotografie-raffiguranti-i-ritratti-delle-personalita-che-parteciparono-alle-onoranze-funebri-di-vincenzo-bellini/"]}]},{"@type":"BreadcrumbList","@id":"https://www.museovincenzobellini.it/en/oggetto/fotografie-raffiguranti-i-ritratti-delle-personalita-che-parteciparono-alle-onoranze-funebri-di-vincenzo-bellini/#breadcrumb","itemListElement":[{"@type":"ListItem","position":1,"name":"Home","item":"https://www.museovincenzobellini.it/en/"},{"@type":"ListItem","position":2,"name":"Oggetti","item":"https://www.museovincenzobellini.it/en/oggetto/"},{"@type":"ListItem","position":3,"name":"Fotografie raffiguranti i ritratti delle personalità che parteciparono alle onoranze funebri di Vincenzo Bellini"}]},{"@type":"WebSite","@id":"https://www.museovincenzobellini.it/#website","url":"https://www.museovincenzobellini.it/","name":"Museo Bellini","description":"","publisher":{"@id":"https://www.museovincenzobellini.it/#organization"},"potentialAction":[{"@type":"SearchAction","target":{"@type":"EntryPoint","urlTemplate":"https://www.museovincenzobellini.it/?s={search_term_string}"},"query-input":"required name=search_term_string"}],"inLanguage":"en-US"},{"@type":"Organization","@id":"https://www.museovincenzobellini.it/#organization","name":"Museo Bellini","url":"https://www.museovincenzobellini.it/","logo":{"@type":"ImageObject","inLanguage":"en-US","@id":"https://www.museovincenzobellini.it/#/schema/logo/image/","url":"https://www.museovincenzobellini.it/wp-content/uploads/2022/04/cropped-red.png","contentUrl":"https://www.museovincenzobellini.it/wp-content/uploads/2022/04/cropped-red.png","width":400,"height":205,"caption":"Museo Bellini"},"image":{"@id":"https://www.museovincenzobellini.it/#/schema/logo/image/"}}]}</script>
<!-- / Yoast SEO plugin. -->

Fotografie raffiguranti i ritratti delle personalità che parteciparono alle onoranze funebri di Vincenzo Bellini - Museo Bellini
