{"id":1367,"date":"2021-07-22T12:15:16","date_gmt":"2021-07-22T11:15:16","guid":{"rendered":"http:\/\/www.museovincenzobellini.it\/oggetto\/studio-preparatorio-per-lapoteosi-di-bellini\/"},"modified":"2022-04-19T10:40:05","modified_gmt":"2022-04-19T09:40:05","slug":"studio-preparatorio-per-lapoteosi-di-bellini","status":"publish","type":"oggetto","link":"https:\/\/www.museovincenzobellini.it\/en\/oggetto\/studio-preparatorio-per-lapoteosi-di-bellini\/","title":{"rendered":"Studio preparatorio per l&#8217;Apoteosi di Bellini"},"content":{"rendered":"<p>Nel disegno preparatorio per l\u2019 Apoteosi di Bellini &#8211; un frammento di dipinto esposto nel museo civico belliniano &#8211; Michele Rapisardi raffigura due angeli che sostengono il compositore nella sua ascesa verso il cielo. I corpi sono studiati attentamente nella loro anatomia e uno soltanto ancora ha le fattezze di un angelo. Il pittore analizza la figura femminile nei dettagli e grazie all\u2019utilizzo del chiaroscuro e della luce, proveniente da sinistra, ne rende il volume. Il movimento del corpo femminile avviene attraverso la spinta della punta del piede sinistro e la tenuta in equilibrio di quello destro, permettendo all\u2019angelo di librare verso il cielo, spiegando il suo braccio libero che sembra funzionare da ala. Si potrebbe paragonare ad un Mercurio meno manierato ma che accenna ad una timida spirale che parte dalla testa leggermente inclinata. L\u2019angelo di sinistra sembra farci partecipare all\u2019apoteosi del compositore, volgendo il suo sguardo al di l\u00e0 del suo spazio e irrompendo, cos\u00ec sorprendentemente, nel nostro. Questa formula ricorda quelle protobarocche raffaellesche e dunque, \u00e8 come se l\u2019Apoteosi fosse uno spettacolo cui tutti i cittadini catanesi furono invitati a partecipare. Inoltre, il pittore rende bene l\u2019idea della fatica enorme che l\u2019angioletto sta compiendo per trasportare il corpo di Bellini verso il cielo. Il disegno non \u00e8 presente nell\u2019elenco del catalogo di Benedetto Condorelli poich\u00e8 Francesco Pastura, avendolo potuto ammirare tra i disegni della collezione civica, ne richiese la donazione al professore Guido Libertini il 21 settembre 1951 [Documento conservato presso la biblioteca del museo belliniano].<\/p>\n","protected":false},"excerpt":{"rendered":"<p>Rapisardi, Michele &#8211; 1876<\/p>\n","protected":false},"author":1,"featured_media":1368,"menu_order":0,"template":"","meta":{"footnotes":""},"citta":[],"lingua":[],"categoria_oggetto":[191],"ambito":[],"materiali":[213],"tecnica":[280],"ubicazione":[318],"identificazione":[104,319],"produttore":[],"manifattura":[],"consistenza":[],"sezioni":[716],"forma_musicale":[],"tonalita":[],"class_list":["post-1367","oggetto","type-oggetto","status-publish","has-post-thumbnail","hentry","categoria_oggetto-disegno","materiali-carta-bianca","tecnica-matita-nera","ubicazione-sala-7-casa-natale","identificazione-bellini","identificazione-vincenzo-angeli","sezioni-art-objects"],"yoast_head":"<!-- This site is optimized with the Yoast SEO plugin v20.2.1 - https:\/\/yoast.com\/wordpress\/plugins\/seo\/ -->\n<title>Studio preparatorio per l&#039;Apoteosi di Bellini - Museo Bellini<\/title>\n<meta name=\"robots\" content=\"index, follow, max-snippet:-1, max-image-preview:large, max-video-preview:-1\" \/>\n<link rel=\"canonical\" href=\"https:\/\/www.museovincenzobellini.it\/en\/oggetto\/studio-preparatorio-per-lapoteosi-di-bellini\/\" \/>\n<meta property=\"og:locale\" content=\"en_US\" \/>\n<meta property=\"og:type\" content=\"article\" \/>\n<meta property=\"og:title\" content=\"Studio preparatorio per l&#039;Apoteosi di Bellini - Museo Bellini\" \/>\n<meta property=\"og:description\" content=\"Rapisardi, Michele - 1876\" \/>\n<meta property=\"og:url\" content=\"https:\/\/www.museovincenzobellini.it\/en\/oggetto\/studio-preparatorio-per-lapoteosi-di-bellini\/\" \/>\n<meta property=\"og:site_name\" content=\"Museo Bellini\" \/>\n<meta property=\"article:modified_time\" content=\"2022-04-19T09:40:05+00:00\" \/>\n<meta property=\"og:image\" content=\"https:\/\/www.museovincenzobellini.it\/wp-content\/uploads\/2021\/07\/apoteosiquadro-732x1024.jpg\" \/>\n\t<meta property=\"og:image:width\" content=\"732\" \/>\n\t<meta property=\"og:image:height\" content=\"1024\" \/>\n\t<meta property=\"og:image:type\" content=\"image\/jpeg\" \/>\n<meta name=\"twitter:card\" content=\"summary_large_image\" \/>\n<meta name=\"twitter:label1\" content=\"Est. reading time\" \/>\n\t<meta name=\"twitter:data1\" content=\"1 minute\" \/>\n<script type=\"application\/ld+json\" class=\"yoast-schema-graph\">{\"@context\":\"https:\/\/schema.org\",\"@graph\":[{\"@type\":\"WebPage\",\"@id\":\"https:\/\/www.museovincenzobellini.it\/en\/oggetto\/studio-preparatorio-per-lapoteosi-di-bellini\/\",\"url\":\"https:\/\/www.museovincenzobellini.it\/en\/oggetto\/studio-preparatorio-per-lapoteosi-di-bellini\/\",\"name\":\"Studio preparatorio per l'Apoteosi di Bellini - Museo Bellini\",\"isPartOf\":{\"@id\":\"https:\/\/www.museovincenzobellini.it\/#website\"},\"datePublished\":\"2021-07-22T11:15:16+00:00\",\"dateModified\":\"2022-04-19T09:40:05+00:00\",\"breadcrumb\":{\"@id\":\"https:\/\/www.museovincenzobellini.it\/en\/oggetto\/studio-preparatorio-per-lapoteosi-di-bellini\/#breadcrumb\"},\"inLanguage\":\"en-US\",\"potentialAction\":[{\"@type\":\"ReadAction\",\"target\":[\"https:\/\/www.museovincenzobellini.it\/en\/oggetto\/studio-preparatorio-per-lapoteosi-di-bellini\/\"]}]},{\"@type\":\"BreadcrumbList\",\"@id\":\"https:\/\/www.museovincenzobellini.it\/en\/oggetto\/studio-preparatorio-per-lapoteosi-di-bellini\/#breadcrumb\",\"itemListElement\":[{\"@type\":\"ListItem\",\"position\":1,\"name\":\"Home\",\"item\":\"https:\/\/www.museovincenzobellini.it\/en\/\"},{\"@type\":\"ListItem\",\"position\":2,\"name\":\"Oggetti\",\"item\":\"https:\/\/www.museovincenzobellini.it\/en\/oggetto\/\"},{\"@type\":\"ListItem\",\"position\":3,\"name\":\"Studio preparatorio per l&#8217;Apoteosi di Bellini\"}]},{\"@type\":\"WebSite\",\"@id\":\"https:\/\/www.museovincenzobellini.it\/#website\",\"url\":\"https:\/\/www.museovincenzobellini.it\/\",\"name\":\"Museo Bellini\",\"description\":\"\",\"publisher\":{\"@id\":\"https:\/\/www.museovincenzobellini.it\/#organization\"},\"potentialAction\":[{\"@type\":\"SearchAction\",\"target\":{\"@type\":\"EntryPoint\",\"urlTemplate\":\"https:\/\/www.museovincenzobellini.it\/?s={search_term_string}\"},\"query-input\":\"required name=search_term_string\"}],\"inLanguage\":\"en-US\"},{\"@type\":\"Organization\",\"@id\":\"https:\/\/www.museovincenzobellini.it\/#organization\",\"name\":\"Museo Bellini\",\"url\":\"https:\/\/www.museovincenzobellini.it\/\",\"logo\":{\"@type\":\"ImageObject\",\"inLanguage\":\"en-US\",\"@id\":\"https:\/\/www.museovincenzobellini.it\/#\/schema\/logo\/image\/\",\"url\":\"https:\/\/www.museovincenzobellini.it\/wp-content\/uploads\/2022\/04\/cropped-red.png\",\"contentUrl\":\"https:\/\/www.museovincenzobellini.it\/wp-content\/uploads\/2022\/04\/cropped-red.png\",\"width\":400,\"height\":205,\"caption\":\"Museo Bellini\"},\"image\":{\"@id\":\"https:\/\/www.museovincenzobellini.it\/#\/schema\/logo\/image\/\"}}]}<\/script>\n<!-- \/ Yoast SEO plugin. -->","yoast_head_json":{"title":"Studio preparatorio per l'Apoteosi di Bellini - Museo Bellini","robots":{"index":"index","follow":"follow","max-snippet":"max-snippet:-1","max-image-preview":"max-image-preview:large","max-video-preview":"max-video-preview:-1"},"canonical":"https:\/\/www.museovincenzobellini.it\/en\/oggetto\/studio-preparatorio-per-lapoteosi-di-bellini\/","og_locale":"en_US","og_type":"article","og_title":"Studio preparatorio per l'Apoteosi di Bellini - Museo Bellini","og_description":"Rapisardi, Michele - 1876","og_url":"https:\/\/www.museovincenzobellini.it\/en\/oggetto\/studio-preparatorio-per-lapoteosi-di-bellini\/","og_site_name":"Museo Bellini","article_modified_time":"2022-04-19T09:40:05+00:00","og_image":[{"width":732,"height":1024,"url":"https:\/\/www.museovincenzobellini.it\/wp-content\/uploads\/2021\/07\/apoteosiquadro-732x1024.jpg","type":"image\/jpeg"}],"twitter_card":"summary_large_image","twitter_misc":{"Est. reading time":"1 minute"},"schema":{"@context":"https:\/\/schema.org","@graph":[{"@type":"WebPage","@id":"https:\/\/www.museovincenzobellini.it\/en\/oggetto\/studio-preparatorio-per-lapoteosi-di-bellini\/","url":"https:\/\/www.museovincenzobellini.it\/en\/oggetto\/studio-preparatorio-per-lapoteosi-di-bellini\/","name":"Studio preparatorio per l'Apoteosi di Bellini - Museo Bellini","isPartOf":{"@id":"https:\/\/www.museovincenzobellini.it\/#website"},"datePublished":"2021-07-22T11:15:16+00:00","dateModified":"2022-04-19T09:40:05+00:00","breadcrumb":{"@id":"https:\/\/www.museovincenzobellini.it\/en\/oggetto\/studio-preparatorio-per-lapoteosi-di-bellini\/#breadcrumb"},"inLanguage":"en-US","potentialAction":[{"@type":"ReadAction","target":["https:\/\/www.museovincenzobellini.it\/en\/oggetto\/studio-preparatorio-per-lapoteosi-di-bellini\/"]}]},{"@type":"BreadcrumbList","@id":"https:\/\/www.museovincenzobellini.it\/en\/oggetto\/studio-preparatorio-per-lapoteosi-di-bellini\/#breadcrumb","itemListElement":[{"@type":"ListItem","position":1,"name":"Home","item":"https:\/\/www.museovincenzobellini.it\/en\/"},{"@type":"ListItem","position":2,"name":"Oggetti","item":"https:\/\/www.museovincenzobellini.it\/en\/oggetto\/"},{"@type":"ListItem","position":3,"name":"Studio preparatorio per l&#8217;Apoteosi di Bellini"}]},{"@type":"WebSite","@id":"https:\/\/www.museovincenzobellini.it\/#website","url":"https:\/\/www.museovincenzobellini.it\/","name":"Museo Bellini","description":"","publisher":{"@id":"https:\/\/www.museovincenzobellini.it\/#organization"},"potentialAction":[{"@type":"SearchAction","target":{"@type":"EntryPoint","urlTemplate":"https:\/\/www.museovincenzobellini.it\/?s={search_term_string}"},"query-input":"required name=search_term_string"}],"inLanguage":"en-US"},{"@type":"Organization","@id":"https:\/\/www.museovincenzobellini.it\/#organization","name":"Museo Bellini","url":"https:\/\/www.museovincenzobellini.it\/","logo":{"@type":"ImageObject","inLanguage":"en-US","@id":"https:\/\/www.museovincenzobellini.it\/#\/schema\/logo\/image\/","url":"https:\/\/www.museovincenzobellini.it\/wp-content\/uploads\/2022\/04\/cropped-red.png","contentUrl":"https:\/\/www.museovincenzobellini.it\/wp-content\/uploads\/2022\/04\/cropped-red.png","width":400,"height":205,"caption":"Museo Bellini"},"image":{"@id":"https:\/\/www.museovincenzobellini.it\/#\/schema\/logo\/image\/"}}]}},"_links":{"self":[{"href":"https:\/\/www.museovincenzobellini.it\/en\/wp-json\/wp\/v2\/oggetto\/1367","targetHints":{"allow":["GET"]}}],"collection":[{"href":"https:\/\/www.museovincenzobellini.it\/en\/wp-json\/wp\/v2\/oggetto"}],"about":[{"href":"https:\/\/www.museovincenzobellini.it\/en\/wp-json\/wp\/v2\/types\/oggetto"}],"author":[{"embeddable":true,"href":"https:\/\/www.museovincenzobellini.it\/en\/wp-json\/wp\/v2\/users\/1"}],"version-history":[{"count":2,"href":"https:\/\/www.museovincenzobellini.it\/en\/wp-json\/wp\/v2\/oggetto\/1367\/revisions"}],"predecessor-version":[{"id":13693,"href":"https:\/\/www.museovincenzobellini.it\/en\/wp-json\/wp\/v2\/oggetto\/1367\/revisions\/13693"}],"wp:featuredmedia":[{"embeddable":true,"href":"https:\/\/www.museovincenzobellini.it\/en\/wp-json\/wp\/v2\/media\/1368"}],"wp:attachment":[{"href":"https:\/\/www.museovincenzobellini.it\/en\/wp-json\/wp\/v2\/media?parent=1367"}],"wp:term":[{"taxonomy":"citta","embeddable":true,"href":"https:\/\/www.museovincenzobellini.it\/en\/wp-json\/wp\/v2\/citta?post=1367"},{"taxonomy":"lingua","embeddable":true,"href":"https:\/\/www.museovincenzobellini.it\/en\/wp-json\/wp\/v2\/lingua?post=1367"},{"taxonomy":"categoria_oggetto","embeddable":true,"href":"https:\/\/www.museovincenzobellini.it\/en\/wp-json\/wp\/v2\/categoria_oggetto?post=1367"},{"taxonomy":"ambito","embeddable":true,"href":"https:\/\/www.museovincenzobellini.it\/en\/wp-json\/wp\/v2\/ambito?post=1367"},{"taxonomy":"materiali","embeddable":true,"href":"https:\/\/www.museovincenzobellini.it\/en\/wp-json\/wp\/v2\/materiali?post=1367"},{"taxonomy":"tecnica","embeddable":true,"href":"https:\/\/www.museovincenzobellini.it\/en\/wp-json\/wp\/v2\/tecnica?post=1367"},{"taxonomy":"ubicazione","embeddable":true,"href":"https:\/\/www.museovincenzobellini.it\/en\/wp-json\/wp\/v2\/ubicazione?post=1367"},{"taxonomy":"identificazione","embeddable":true,"href":"https:\/\/www.museovincenzobellini.it\/en\/wp-json\/wp\/v2\/identificazione?post=1367"},{"taxonomy":"produttore","embeddable":true,"href":"https:\/\/www.museovincenzobellini.it\/en\/wp-json\/wp\/v2\/produttore?post=1367"},{"taxonomy":"manifattura","embeddable":true,"href":"https:\/\/www.museovincenzobellini.it\/en\/wp-json\/wp\/v2\/manifattura?post=1367"},{"taxonomy":"consistenza","embeddable":true,"href":"https:\/\/www.museovincenzobellini.it\/en\/wp-json\/wp\/v2\/consistenza?post=1367"},{"taxonomy":"sezioni","embeddable":true,"href":"https:\/\/www.museovincenzobellini.it\/en\/wp-json\/wp\/v2\/sezioni?post=1367"},{"taxonomy":"forma_musicale","embeddable":true,"href":"https:\/\/www.museovincenzobellini.it\/en\/wp-json\/wp\/v2\/forma_musicale?post=1367"},{"taxonomy":"tonalita","embeddable":true,"href":"https:\/\/www.museovincenzobellini.it\/en\/wp-json\/wp\/v2\/tonalita?post=1367"}],"curies":[{"name":"wp","href":"https:\/\/api.w.org\/{rel}","templated":true}]}}

<p>Nel disegno preparatorio per l’ Apoteosi di Bellini &#8211; un frammento di dipinto esposto nel museo civico belliniano &#8211; Michele Rapisardi raffigura due angeli che sostengono il compositore nella sua ascesa verso il cielo. I corpi sono studiati attentamente nella loro anatomia e uno soltanto ancora ha le fattezze di un angelo. Il pittore analizza la figura femminile nei dettagli e grazie all’utilizzo del chiaroscuro e della luce, proveniente da sinistra, ne rende il volume. Il movimento del corpo femminile avviene attraverso la spinta della punta del piede sinistro e la tenuta in equilibrio di quello destro, permettendo all’angelo di librare verso il cielo, spiegando il suo braccio libero che sembra funzionare da ala. Si potrebbe paragonare ad un Mercurio meno manierato ma che accenna ad una timida spirale che parte dalla testa leggermente inclinata. L’angelo di sinistra sembra farci partecipare all’apoteosi del compositore, volgendo il suo sguardo al di là del suo spazio e irrompendo, così sorprendentemente, nel nostro. Questa formula ricorda quelle protobarocche raffaellesche e dunque, è come se l’Apoteosi fosse uno spettacolo cui tutti i cittadini catanesi furono invitati a partecipare. Inoltre, il pittore rende bene l’idea della fatica enorme che l’angioletto sta compiendo per trasportare il corpo di Bellini verso il cielo. Il disegno non è presente nell’elenco del catalogo di Benedetto Condorelli poichè Francesco Pastura, avendolo potuto ammirare tra i disegni della collezione civica, ne richiese la donazione al professore Guido Libertini il 21 settembre 1951 [Documento conservato presso la biblioteca del museo belliniano].</p>
