{"id":1332,"date":"2021-07-22T12:14:43","date_gmt":"2021-07-22T11:14:43","guid":{"rendered":"http:\/\/www.museovincenzobellini.it\/oggetto\/vincenzo-bellini-4\/"},"modified":"2022-04-19T10:39:57","modified_gmt":"2022-04-19T09:39:57","slug":"vincenzo-bellini-4","status":"publish","type":"oggetto","link":"https:\/\/www.museovincenzobellini.it\/en\/oggetto\/vincenzo-bellini-4\/","title":{"rendered":"&#8220;Vincenzo Bellini.&#8221;"},"content":{"rendered":"<p>La litografia fu ricavata da un disegno di Giuseppe Patania e incisa dal messinese Tommaso Aloysio Juvara nel 1836. Si tratta di una rara iconografia e fu commissionata, in seguito alla morte del compositore, dal barone Vincenzo Mortillaro, fondatore nel 1823 del Giornale di Lettere, Scienze ed Arti per la Sicilia, di cui fu direttore fino al 1842. L\u2019opera appartenne a Francesco Patern\u00f2 Castello, duca di Carcaci, la cui famiglia la don\u00f2 in seguito al museo. Il compositore \u00e8 raffigurato di tre quarti con lo sguardo rivolto verso lo spettatore, con folte basette che scendono al di sotto dell\u2019orecchio e capelli corti, il viso, invece, completamente rasato: un taglio che divenne sempre pi\u00f9 comune in Europa dalla fine del Settecento. Il compositore indossa una camicia, una cravatta nera, e una giacca sopra le quali \u00e8 posato sulle spalle un mantello con pelliccia, le cui innumerevoli pieghe e morbidezza sono rese attraverso dei colpi di luce e sapienti giochi di contrasto di ombre. Il ductus del Patania \u00e8 evidente seppur mediato dal lavoro dell\u2019incisore messinese. Egli infatti, famoso pi\u00f9 per essere un pittore che un litografo, fu indirizzato alle sperimentazioni dell\u2019acquaforte in seguito ai suggerimenti dello studioso Agostino Gallo a partire dal 1815: \u00abquesto celebre pittore diessi per diletto all\u2019incisione ad acquaforte. Aveva egli verso il 1815 opera pria cominciato per esercitarsi nella composizione e delineare a penna i pi\u00f9 bei soggetti dell\u2019Iliade di Omero. All\u2019intimazione degli amici, che ne desideravano delle copie s\u2019indusse egli a tentarne l\u2019incisione ad acquaforte, e resosi istruito nella pratica, coll\u2019assistenza del suo amico incisore Pietro Vaincher, di\u00e8 ad intagliare in rame ad acquaforte le sue bellissime composizioni, promuovendone l\u2019associazione. I suoi rami sono pregevolissimi per la diligenza, il buon disegno e la grazia e gentilezza del bulino\u00bb. Nelle Notizie di artisti siciliani da collocarsi ne\u2019 registri secondo l\u2019epoche rispettive raccolte da Agostino Gallo, lo storico palermitano elenca i ritratti realizzati dal pittore palermitano anno per anno e tra questi si pu\u00f2 ricavare l\u2019informazione che nel 1836, fu realizzata una replica del ritratto di Vincenzo Bellini \u00abper l\u2019incisore sig. [Tommaso] Aloisio [Juvara]\u00bb.<\/p>\n","protected":false},"excerpt":{"rendered":"<p>Patania, Giuseppe; Juvara, Tommaso Aloysio &#8211; 1836<\/p>\n","protected":false},"author":1,"featured_media":1333,"menu_order":0,"template":"","meta":{"footnotes":""},"citta":[],"lingua":[],"categoria_oggetto":[9],"ambito":[],"materiali":[213],"tecnica":[214],"ubicazione":[310],"identificazione":[104,105],"produttore":[],"manifattura":[],"consistenza":[],"sezioni":[715],"forma_musicale":[],"tonalita":[],"class_list":["post-1332","oggetto","type-oggetto","status-publish","has-post-thumbnail","hentry","categoria_oggetto-stampa","materiali-carta-bianca","tecnica-litografia","ubicazione-sala-6-casa-natale","identificazione-bellini","identificazione-vincenzo","sezioni-prints"],"yoast_head":"<!-- This site is optimized with the Yoast SEO plugin v20.2.1 - https:\/\/yoast.com\/wordpress\/plugins\/seo\/ -->\n<title>&quot;Vincenzo Bellini.&quot; - Museo Bellini<\/title>\n<meta name=\"robots\" content=\"index, follow, max-snippet:-1, max-image-preview:large, max-video-preview:-1\" \/>\n<link rel=\"canonical\" href=\"https:\/\/www.museovincenzobellini.it\/en\/oggetto\/vincenzo-bellini-4\/\" \/>\n<meta property=\"og:locale\" content=\"en_US\" \/>\n<meta property=\"og:type\" content=\"article\" \/>\n<meta property=\"og:title\" content=\"&quot;Vincenzo Bellini.&quot; - Museo Bellini\" \/>\n<meta property=\"og:description\" content=\"Patania, Giuseppe; Juvara, Tommaso Aloysio - 1836\" \/>\n<meta property=\"og:url\" content=\"https:\/\/www.museovincenzobellini.it\/en\/oggetto\/vincenzo-bellini-4\/\" \/>\n<meta property=\"og:site_name\" content=\"Museo Bellini\" \/>\n<meta property=\"article:modified_time\" content=\"2022-04-19T09:39:57+00:00\" \/>\n<meta property=\"og:image\" content=\"https:\/\/www.museovincenzobellini.it\/wp-content\/uploads\/2021\/07\/ritratto15x21web.jpg\" \/>\n\t<meta property=\"og:image:width\" content=\"1772\" \/>\n\t<meta property=\"og:image:height\" content=\"2480\" \/>\n\t<meta property=\"og:image:type\" content=\"image\/jpeg\" \/>\n<meta name=\"twitter:card\" content=\"summary_large_image\" \/>\n<meta name=\"twitter:label1\" content=\"Est. reading time\" \/>\n\t<meta name=\"twitter:data1\" content=\"2 minutes\" \/>\n<script type=\"application\/ld+json\" class=\"yoast-schema-graph\">{\"@context\":\"https:\/\/schema.org\",\"@graph\":[{\"@type\":\"WebPage\",\"@id\":\"https:\/\/www.museovincenzobellini.it\/en\/oggetto\/vincenzo-bellini-4\/\",\"url\":\"https:\/\/www.museovincenzobellini.it\/en\/oggetto\/vincenzo-bellini-4\/\",\"name\":\"\\\"Vincenzo Bellini.\\\" - Museo Bellini\",\"isPartOf\":{\"@id\":\"https:\/\/www.museovincenzobellini.it\/#website\"},\"datePublished\":\"2021-07-22T11:14:43+00:00\",\"dateModified\":\"2022-04-19T09:39:57+00:00\",\"breadcrumb\":{\"@id\":\"https:\/\/www.museovincenzobellini.it\/en\/oggetto\/vincenzo-bellini-4\/#breadcrumb\"},\"inLanguage\":\"en-US\",\"potentialAction\":[{\"@type\":\"ReadAction\",\"target\":[\"https:\/\/www.museovincenzobellini.it\/en\/oggetto\/vincenzo-bellini-4\/\"]}]},{\"@type\":\"BreadcrumbList\",\"@id\":\"https:\/\/www.museovincenzobellini.it\/en\/oggetto\/vincenzo-bellini-4\/#breadcrumb\",\"itemListElement\":[{\"@type\":\"ListItem\",\"position\":1,\"name\":\"Home\",\"item\":\"https:\/\/www.museovincenzobellini.it\/en\/\"},{\"@type\":\"ListItem\",\"position\":2,\"name\":\"Oggetti\",\"item\":\"https:\/\/www.museovincenzobellini.it\/en\/oggetto\/\"},{\"@type\":\"ListItem\",\"position\":3,\"name\":\"&#8220;Vincenzo Bellini.&#8221;\"}]},{\"@type\":\"WebSite\",\"@id\":\"https:\/\/www.museovincenzobellini.it\/#website\",\"url\":\"https:\/\/www.museovincenzobellini.it\/\",\"name\":\"Museo Bellini\",\"description\":\"\",\"publisher\":{\"@id\":\"https:\/\/www.museovincenzobellini.it\/#organization\"},\"potentialAction\":[{\"@type\":\"SearchAction\",\"target\":{\"@type\":\"EntryPoint\",\"urlTemplate\":\"https:\/\/www.museovincenzobellini.it\/?s={search_term_string}\"},\"query-input\":\"required name=search_term_string\"}],\"inLanguage\":\"en-US\"},{\"@type\":\"Organization\",\"@id\":\"https:\/\/www.museovincenzobellini.it\/#organization\",\"name\":\"Museo Bellini\",\"url\":\"https:\/\/www.museovincenzobellini.it\/\",\"logo\":{\"@type\":\"ImageObject\",\"inLanguage\":\"en-US\",\"@id\":\"https:\/\/www.museovincenzobellini.it\/#\/schema\/logo\/image\/\",\"url\":\"https:\/\/www.museovincenzobellini.it\/wp-content\/uploads\/2022\/04\/cropped-red.png\",\"contentUrl\":\"https:\/\/www.museovincenzobellini.it\/wp-content\/uploads\/2022\/04\/cropped-red.png\",\"width\":400,\"height\":205,\"caption\":\"Museo Bellini\"},\"image\":{\"@id\":\"https:\/\/www.museovincenzobellini.it\/#\/schema\/logo\/image\/\"}}]}<\/script>\n<!-- \/ Yoast SEO plugin. -->","yoast_head_json":{"title":"\"Vincenzo Bellini.\" - Museo Bellini","robots":{"index":"index","follow":"follow","max-snippet":"max-snippet:-1","max-image-preview":"max-image-preview:large","max-video-preview":"max-video-preview:-1"},"canonical":"https:\/\/www.museovincenzobellini.it\/en\/oggetto\/vincenzo-bellini-4\/","og_locale":"en_US","og_type":"article","og_title":"\"Vincenzo Bellini.\" - Museo Bellini","og_description":"Patania, Giuseppe; Juvara, Tommaso Aloysio - 1836","og_url":"https:\/\/www.museovincenzobellini.it\/en\/oggetto\/vincenzo-bellini-4\/","og_site_name":"Museo Bellini","article_modified_time":"2022-04-19T09:39:57+00:00","og_image":[{"width":1772,"height":2480,"url":"https:\/\/www.museovincenzobellini.it\/wp-content\/uploads\/2021\/07\/ritratto15x21web.jpg","type":"image\/jpeg"}],"twitter_card":"summary_large_image","twitter_misc":{"Est. reading time":"2 minutes"},"schema":{"@context":"https:\/\/schema.org","@graph":[{"@type":"WebPage","@id":"https:\/\/www.museovincenzobellini.it\/en\/oggetto\/vincenzo-bellini-4\/","url":"https:\/\/www.museovincenzobellini.it\/en\/oggetto\/vincenzo-bellini-4\/","name":"\"Vincenzo Bellini.\" - Museo Bellini","isPartOf":{"@id":"https:\/\/www.museovincenzobellini.it\/#website"},"datePublished":"2021-07-22T11:14:43+00:00","dateModified":"2022-04-19T09:39:57+00:00","breadcrumb":{"@id":"https:\/\/www.museovincenzobellini.it\/en\/oggetto\/vincenzo-bellini-4\/#breadcrumb"},"inLanguage":"en-US","potentialAction":[{"@type":"ReadAction","target":["https:\/\/www.museovincenzobellini.it\/en\/oggetto\/vincenzo-bellini-4\/"]}]},{"@type":"BreadcrumbList","@id":"https:\/\/www.museovincenzobellini.it\/en\/oggetto\/vincenzo-bellini-4\/#breadcrumb","itemListElement":[{"@type":"ListItem","position":1,"name":"Home","item":"https:\/\/www.museovincenzobellini.it\/en\/"},{"@type":"ListItem","position":2,"name":"Oggetti","item":"https:\/\/www.museovincenzobellini.it\/en\/oggetto\/"},{"@type":"ListItem","position":3,"name":"&#8220;Vincenzo Bellini.&#8221;"}]},{"@type":"WebSite","@id":"https:\/\/www.museovincenzobellini.it\/#website","url":"https:\/\/www.museovincenzobellini.it\/","name":"Museo Bellini","description":"","publisher":{"@id":"https:\/\/www.museovincenzobellini.it\/#organization"},"potentialAction":[{"@type":"SearchAction","target":{"@type":"EntryPoint","urlTemplate":"https:\/\/www.museovincenzobellini.it\/?s={search_term_string}"},"query-input":"required name=search_term_string"}],"inLanguage":"en-US"},{"@type":"Organization","@id":"https:\/\/www.museovincenzobellini.it\/#organization","name":"Museo Bellini","url":"https:\/\/www.museovincenzobellini.it\/","logo":{"@type":"ImageObject","inLanguage":"en-US","@id":"https:\/\/www.museovincenzobellini.it\/#\/schema\/logo\/image\/","url":"https:\/\/www.museovincenzobellini.it\/wp-content\/uploads\/2022\/04\/cropped-red.png","contentUrl":"https:\/\/www.museovincenzobellini.it\/wp-content\/uploads\/2022\/04\/cropped-red.png","width":400,"height":205,"caption":"Museo Bellini"},"image":{"@id":"https:\/\/www.museovincenzobellini.it\/#\/schema\/logo\/image\/"}}]}},"_links":{"self":[{"href":"https:\/\/www.museovincenzobellini.it\/en\/wp-json\/wp\/v2\/oggetto\/1332","targetHints":{"allow":["GET"]}}],"collection":[{"href":"https:\/\/www.museovincenzobellini.it\/en\/wp-json\/wp\/v2\/oggetto"}],"about":[{"href":"https:\/\/www.museovincenzobellini.it\/en\/wp-json\/wp\/v2\/types\/oggetto"}],"author":[{"embeddable":true,"href":"https:\/\/www.museovincenzobellini.it\/en\/wp-json\/wp\/v2\/users\/1"}],"version-history":[{"count":2,"href":"https:\/\/www.museovincenzobellini.it\/en\/wp-json\/wp\/v2\/oggetto\/1332\/revisions"}],"predecessor-version":[{"id":13676,"href":"https:\/\/www.museovincenzobellini.it\/en\/wp-json\/wp\/v2\/oggetto\/1332\/revisions\/13676"}],"wp:featuredmedia":[{"embeddable":true,"href":"https:\/\/www.museovincenzobellini.it\/en\/wp-json\/wp\/v2\/media\/1333"}],"wp:attachment":[{"href":"https:\/\/www.museovincenzobellini.it\/en\/wp-json\/wp\/v2\/media?parent=1332"}],"wp:term":[{"taxonomy":"citta","embeddable":true,"href":"https:\/\/www.museovincenzobellini.it\/en\/wp-json\/wp\/v2\/citta?post=1332"},{"taxonomy":"lingua","embeddable":true,"href":"https:\/\/www.museovincenzobellini.it\/en\/wp-json\/wp\/v2\/lingua?post=1332"},{"taxonomy":"categoria_oggetto","embeddable":true,"href":"https:\/\/www.museovincenzobellini.it\/en\/wp-json\/wp\/v2\/categoria_oggetto?post=1332"},{"taxonomy":"ambito","embeddable":true,"href":"https:\/\/www.museovincenzobellini.it\/en\/wp-json\/wp\/v2\/ambito?post=1332"},{"taxonomy":"materiali","embeddable":true,"href":"https:\/\/www.museovincenzobellini.it\/en\/wp-json\/wp\/v2\/materiali?post=1332"},{"taxonomy":"tecnica","embeddable":true,"href":"https:\/\/www.museovincenzobellini.it\/en\/wp-json\/wp\/v2\/tecnica?post=1332"},{"taxonomy":"ubicazione","embeddable":true,"href":"https:\/\/www.museovincenzobellini.it\/en\/wp-json\/wp\/v2\/ubicazione?post=1332"},{"taxonomy":"identificazione","embeddable":true,"href":"https:\/\/www.museovincenzobellini.it\/en\/wp-json\/wp\/v2\/identificazione?post=1332"},{"taxonomy":"produttore","embeddable":true,"href":"https:\/\/www.museovincenzobellini.it\/en\/wp-json\/wp\/v2\/produttore?post=1332"},{"taxonomy":"manifattura","embeddable":true,"href":"https:\/\/www.museovincenzobellini.it\/en\/wp-json\/wp\/v2\/manifattura?post=1332"},{"taxonomy":"consistenza","embeddable":true,"href":"https:\/\/www.museovincenzobellini.it\/en\/wp-json\/wp\/v2\/consistenza?post=1332"},{"taxonomy":"sezioni","embeddable":true,"href":"https:\/\/www.museovincenzobellini.it\/en\/wp-json\/wp\/v2\/sezioni?post=1332"},{"taxonomy":"forma_musicale","embeddable":true,"href":"https:\/\/www.museovincenzobellini.it\/en\/wp-json\/wp\/v2\/forma_musicale?post=1332"},{"taxonomy":"tonalita","embeddable":true,"href":"https:\/\/www.museovincenzobellini.it\/en\/wp-json\/wp\/v2\/tonalita?post=1332"}],"curies":[{"name":"wp","href":"https:\/\/api.w.org\/{rel}","templated":true}]}}

<p>La litografia fu ricavata da un disegno di Giuseppe Patania e incisa dal messinese Tommaso Aloysio Juvara nel 1836. Si tratta di una rara iconografia e fu commissionata, in seguito alla morte del compositore, dal barone Vincenzo Mortillaro, fondatore nel 1823 del Giornale di Lettere, Scienze ed Arti per la Sicilia, di cui fu direttore fino al 1842. L’opera appartenne a Francesco Paternò Castello, duca di Carcaci, la cui famiglia la donò in seguito al museo. Il compositore è raffigurato di tre quarti con lo sguardo rivolto verso lo spettatore, con folte basette che scendono al di sotto dell’orecchio e capelli corti, il viso, invece, completamente rasato: un taglio che divenne sempre più comune in Europa dalla fine del Settecento. Il compositore indossa una camicia, una cravatta nera, e una giacca sopra le quali è posato sulle spalle un mantello con pelliccia, le cui innumerevoli pieghe e morbidezza sono rese attraverso dei colpi di luce e sapienti giochi di contrasto di ombre. Il ductus del Patania è evidente seppur mediato dal lavoro dell’incisore messinese. Egli infatti, famoso più per essere un pittore che un litografo, fu indirizzato alle sperimentazioni dell’acquaforte in seguito ai suggerimenti dello studioso Agostino Gallo a partire dal 1815: «questo celebre pittore diessi per diletto all’incisione ad acquaforte. Aveva egli verso il 1815 opera pria cominciato per esercitarsi nella composizione e delineare a penna i più bei soggetti dell’Iliade di Omero. All’intimazione degli amici, che ne desideravano delle copie s’indusse egli a tentarne l’incisione ad acquaforte, e resosi istruito nella pratica, coll’assistenza del suo amico incisore Pietro Vaincher, diè ad intagliare in rame ad acquaforte le sue bellissime composizioni, promuovendone l’associazione. I suoi rami sono pregevolissimi per la diligenza, il buon disegno e la grazia e gentilezza del bulino». Nelle Notizie di artisti siciliani da collocarsi ne’ registri secondo l’epoche rispettive raccolte da Agostino Gallo, lo storico palermitano elenca i ritratti realizzati dal pittore palermitano anno per anno e tra questi si può ricavare l’informazione che nel 1836, fu realizzata una replica del ritratto di Vincenzo Bellini «per l’incisore sig. [Tommaso] Aloisio [Juvara]».</p>
