{"id":1302,"date":"2021-07-22T12:14:27","date_gmt":"2021-07-22T11:14:27","guid":{"rendered":"http:\/\/www.museovincenzobellini.it\/oggetto\/m-e-pasta-2\/"},"modified":"2022-04-19T10:39:54","modified_gmt":"2022-04-19T09:39:54","slug":"m-e-pasta-2","status":"publish","type":"oggetto","link":"https:\/\/www.museovincenzobellini.it\/en\/oggetto\/m-e-pasta-2\/","title":{"rendered":"&#8220;M.e Pasta&#8221;"},"content":{"rendered":"<p>Nel 1826, il soprano italiano, Giuditta Pasta, debutt\u00f2 in diversi teatri delle grandi citt\u00e0 europee: a Parigi, interpret\u00f2 Zelmira di Gioacchino Rossini, a Napoli, insieme alla cantante Carolina Ungher con la prima di Niobe di Giovanni Pacini e altres\u00ec a Londra, nelle vesti di Medea in Corinto, un&#8217;opera lirica di Simon Mayr, su libretto di Felice Romani. L\u2019iconografia del dipinto a pastello potrebbe identificarsi con il personaggio di Medea e il motivo di tale ipotesi, risiederebbe nell\u2019esistenza di una litografia inglese, conservata nei depositi del Victoria and Albert Museum di Londra (numero d\u2019inventario: S.2540-2013), dalla simile iconografia rispetto al dipinto del museo civico belliniano ma pubblicata nella capitale inglese il primo agosto del 1826, anno in cui a Londra, il soprano italiano interpret\u00f2 tra aprile e luglio Otello, Giulietta e Romeo, Tancredi, Nina, Medea in Corinto e Zelmira. La stampa fu eseguita da un disegno di Dubase \u00ab?\u00bb, incisa da \u00abThomas A. Woolnoth, 1785 &#8211; 1857\u00bb, e infine pubblicata dagli editori Dean &#038; Munday. Tuttavia, al British Museum \u00e8 conservata un\u2019altra litografia (numero d\u2019inventario: 1868,0612.1054) ma dall\u2019identica iconografia, rispetto al quadro esposto nella casa-museo. Il ritratto fu disegnato da Claude Marie Dubufe \u00ab1790-1864\u00bb e litografato da Z\u00e9phirin Belliard \u00ab1798-1861\u00bb ma della stampa, non \u00e8 presente alcuna data di pubblicazione. \u00c8 dunque plausibile l\u2019ipotesi che in seguito alla rappresentazione dell\u2019opera Medea in Corinto, nella citt\u00e0 di Londra fu stampata la litografia, oggi conservata al V&#038;A Museum di Londra, rappresentante la cantante nelle vesti della protagonista. La donna indossa un abito nero, una stola bianca e un turbante, attributo di chiara origine orientale \u2013 Medea era figlia di E\u00e9te, re della Colchide \u2013 e probabilmente seppur non si tratti di una tiara frigia, il copricapo comunque era considerato un segno distintivo per personaggi di stirpe orientale in genere, come \u00e8 possibile rintracciare gi\u00e0 a partire dalla pittura vascolare greca. L\u2019altra ipotesi, accosterebbe invece questa iconografia con quella del personaggio di Elcia dell\u2019opera Mos\u00e8 di Gioacchino Rossini, come propose Benedetto Condorelli, primo direttore del museo civico belliniano nel suo catalogo storico-icongrafico (1935): N. 111. Ritratto di Giuditta Pasta (\u00e8 un pastello originale che ritrae la celebre cantante in costume orientale, probabilmente nell\u2019opera il Mos\u00e8 di Rossini. (Dono di D. Francesco Patern\u00f2 Castello, duca di Carcaci). Il dipinto belliniano potrebbe essere considerata un\u2019esatta riproduzione della stampa del British Museum, identici, persino i caratteri della didascalia \u00abM.e Pasta\u00bb e chi lo commission\u00f2, probabilmente ne chiese una copia dipinta, non avendo a disposizione sul mercato una copia litografica.<\/p>\n","protected":false},"excerpt":{"rendered":"<p>Ambito europeo &#8211; 1826-1850<\/p>\n","protected":false},"author":1,"featured_media":1150,"menu_order":0,"template":"","meta":{"footnotes":""},"citta":[],"lingua":[],"categoria_oggetto":[42],"ambito":[284],"materiali":[306],"tecnica":[285],"ubicazione":[301],"identificazione":[229,228,227],"produttore":[],"manifattura":[],"consistenza":[],"sezioni":[716],"forma_musicale":[],"tonalita":[],"class_list":["post-1302","oggetto","type-oggetto","status-publish","has-post-thumbnail","hentry","categoria_oggetto-dipinto","ambito-ambito-europeo","materiali-carta-preparata","tecnica-pastello","ubicazione-sala-5-casa-natale","identificazione-giuditta-angiola-maria-costanza","identificazione-nata-negri","identificazione-pasta","sezioni-art-objects"],"yoast_head":"<!-- This site is optimized with the Yoast SEO plugin v20.2.1 - https:\/\/yoast.com\/wordpress\/plugins\/seo\/ -->\n<title>&quot;M.e Pasta&quot; - Museo Bellini<\/title>\n<meta name=\"robots\" content=\"index, follow, max-snippet:-1, max-image-preview:large, max-video-preview:-1\" \/>\n<link rel=\"canonical\" href=\"https:\/\/www.museovincenzobellini.it\/en\/oggetto\/m-e-pasta-2\/\" \/>\n<meta property=\"og:locale\" content=\"en_US\" \/>\n<meta property=\"og:type\" content=\"article\" \/>\n<meta property=\"og:title\" content=\"&quot;M.e Pasta&quot; - Museo Bellini\" \/>\n<meta property=\"og:description\" content=\"Ambito europeo - 1826-1850\" \/>\n<meta property=\"og:url\" content=\"https:\/\/www.museovincenzobellini.it\/en\/oggetto\/m-e-pasta-2\/\" \/>\n<meta property=\"og:site_name\" content=\"Museo Bellini\" \/>\n<meta property=\"article:modified_time\" content=\"2022-04-19T09:39:54+00:00\" \/>\n<meta property=\"og:image\" content=\"https:\/\/www.museovincenzobellini.it\/wp-content\/uploads\/2021\/07\/Pasta15x21stampa-732x1024.jpg\" \/>\n\t<meta property=\"og:image:width\" content=\"732\" \/>\n\t<meta property=\"og:image:height\" content=\"1024\" \/>\n\t<meta property=\"og:image:type\" content=\"image\/jpeg\" \/>\n<meta name=\"twitter:card\" content=\"summary_large_image\" \/>\n<meta name=\"twitter:label1\" content=\"Est. reading time\" \/>\n\t<meta name=\"twitter:data1\" content=\"2 minutes\" \/>\n<script type=\"application\/ld+json\" class=\"yoast-schema-graph\">{\"@context\":\"https:\/\/schema.org\",\"@graph\":[{\"@type\":\"WebPage\",\"@id\":\"https:\/\/www.museovincenzobellini.it\/en\/oggetto\/m-e-pasta-2\/\",\"url\":\"https:\/\/www.museovincenzobellini.it\/en\/oggetto\/m-e-pasta-2\/\",\"name\":\"\\\"M.e Pasta\\\" - Museo Bellini\",\"isPartOf\":{\"@id\":\"https:\/\/www.museovincenzobellini.it\/#website\"},\"datePublished\":\"2021-07-22T11:14:27+00:00\",\"dateModified\":\"2022-04-19T09:39:54+00:00\",\"breadcrumb\":{\"@id\":\"https:\/\/www.museovincenzobellini.it\/en\/oggetto\/m-e-pasta-2\/#breadcrumb\"},\"inLanguage\":\"en-US\",\"potentialAction\":[{\"@type\":\"ReadAction\",\"target\":[\"https:\/\/www.museovincenzobellini.it\/en\/oggetto\/m-e-pasta-2\/\"]}]},{\"@type\":\"BreadcrumbList\",\"@id\":\"https:\/\/www.museovincenzobellini.it\/en\/oggetto\/m-e-pasta-2\/#breadcrumb\",\"itemListElement\":[{\"@type\":\"ListItem\",\"position\":1,\"name\":\"Home\",\"item\":\"https:\/\/www.museovincenzobellini.it\/en\/\"},{\"@type\":\"ListItem\",\"position\":2,\"name\":\"Oggetti\",\"item\":\"https:\/\/www.museovincenzobellini.it\/en\/oggetto\/\"},{\"@type\":\"ListItem\",\"position\":3,\"name\":\"&#8220;M.e Pasta&#8221;\"}]},{\"@type\":\"WebSite\",\"@id\":\"https:\/\/www.museovincenzobellini.it\/#website\",\"url\":\"https:\/\/www.museovincenzobellini.it\/\",\"name\":\"Museo Bellini\",\"description\":\"\",\"publisher\":{\"@id\":\"https:\/\/www.museovincenzobellini.it\/#organization\"},\"potentialAction\":[{\"@type\":\"SearchAction\",\"target\":{\"@type\":\"EntryPoint\",\"urlTemplate\":\"https:\/\/www.museovincenzobellini.it\/?s={search_term_string}\"},\"query-input\":\"required name=search_term_string\"}],\"inLanguage\":\"en-US\"},{\"@type\":\"Organization\",\"@id\":\"https:\/\/www.museovincenzobellini.it\/#organization\",\"name\":\"Museo Bellini\",\"url\":\"https:\/\/www.museovincenzobellini.it\/\",\"logo\":{\"@type\":\"ImageObject\",\"inLanguage\":\"en-US\",\"@id\":\"https:\/\/www.museovincenzobellini.it\/#\/schema\/logo\/image\/\",\"url\":\"https:\/\/www.museovincenzobellini.it\/wp-content\/uploads\/2022\/04\/cropped-red.png\",\"contentUrl\":\"https:\/\/www.museovincenzobellini.it\/wp-content\/uploads\/2022\/04\/cropped-red.png\",\"width\":400,\"height\":205,\"caption\":\"Museo Bellini\"},\"image\":{\"@id\":\"https:\/\/www.museovincenzobellini.it\/#\/schema\/logo\/image\/\"}}]}<\/script>\n<!-- \/ Yoast SEO plugin. -->","yoast_head_json":{"title":"\"M.e Pasta\" - Museo Bellini","robots":{"index":"index","follow":"follow","max-snippet":"max-snippet:-1","max-image-preview":"max-image-preview:large","max-video-preview":"max-video-preview:-1"},"canonical":"https:\/\/www.museovincenzobellini.it\/en\/oggetto\/m-e-pasta-2\/","og_locale":"en_US","og_type":"article","og_title":"\"M.e Pasta\" - Museo Bellini","og_description":"Ambito europeo - 1826-1850","og_url":"https:\/\/www.museovincenzobellini.it\/en\/oggetto\/m-e-pasta-2\/","og_site_name":"Museo Bellini","article_modified_time":"2022-04-19T09:39:54+00:00","og_image":[{"width":732,"height":1024,"url":"https:\/\/www.museovincenzobellini.it\/wp-content\/uploads\/2021\/07\/Pasta15x21stampa-732x1024.jpg","type":"image\/jpeg"}],"twitter_card":"summary_large_image","twitter_misc":{"Est. reading time":"2 minutes"},"schema":{"@context":"https:\/\/schema.org","@graph":[{"@type":"WebPage","@id":"https:\/\/www.museovincenzobellini.it\/en\/oggetto\/m-e-pasta-2\/","url":"https:\/\/www.museovincenzobellini.it\/en\/oggetto\/m-e-pasta-2\/","name":"\"M.e Pasta\" - Museo Bellini","isPartOf":{"@id":"https:\/\/www.museovincenzobellini.it\/#website"},"datePublished":"2021-07-22T11:14:27+00:00","dateModified":"2022-04-19T09:39:54+00:00","breadcrumb":{"@id":"https:\/\/www.museovincenzobellini.it\/en\/oggetto\/m-e-pasta-2\/#breadcrumb"},"inLanguage":"en-US","potentialAction":[{"@type":"ReadAction","target":["https:\/\/www.museovincenzobellini.it\/en\/oggetto\/m-e-pasta-2\/"]}]},{"@type":"BreadcrumbList","@id":"https:\/\/www.museovincenzobellini.it\/en\/oggetto\/m-e-pasta-2\/#breadcrumb","itemListElement":[{"@type":"ListItem","position":1,"name":"Home","item":"https:\/\/www.museovincenzobellini.it\/en\/"},{"@type":"ListItem","position":2,"name":"Oggetti","item":"https:\/\/www.museovincenzobellini.it\/en\/oggetto\/"},{"@type":"ListItem","position":3,"name":"&#8220;M.e Pasta&#8221;"}]},{"@type":"WebSite","@id":"https:\/\/www.museovincenzobellini.it\/#website","url":"https:\/\/www.museovincenzobellini.it\/","name":"Museo Bellini","description":"","publisher":{"@id":"https:\/\/www.museovincenzobellini.it\/#organization"},"potentialAction":[{"@type":"SearchAction","target":{"@type":"EntryPoint","urlTemplate":"https:\/\/www.museovincenzobellini.it\/?s={search_term_string}"},"query-input":"required name=search_term_string"}],"inLanguage":"en-US"},{"@type":"Organization","@id":"https:\/\/www.museovincenzobellini.it\/#organization","name":"Museo Bellini","url":"https:\/\/www.museovincenzobellini.it\/","logo":{"@type":"ImageObject","inLanguage":"en-US","@id":"https:\/\/www.museovincenzobellini.it\/#\/schema\/logo\/image\/","url":"https:\/\/www.museovincenzobellini.it\/wp-content\/uploads\/2022\/04\/cropped-red.png","contentUrl":"https:\/\/www.museovincenzobellini.it\/wp-content\/uploads\/2022\/04\/cropped-red.png","width":400,"height":205,"caption":"Museo Bellini"},"image":{"@id":"https:\/\/www.museovincenzobellini.it\/#\/schema\/logo\/image\/"}}]}},"_links":{"self":[{"href":"https:\/\/www.museovincenzobellini.it\/en\/wp-json\/wp\/v2\/oggetto\/1302","targetHints":{"allow":["GET"]}}],"collection":[{"href":"https:\/\/www.museovincenzobellini.it\/en\/wp-json\/wp\/v2\/oggetto"}],"about":[{"href":"https:\/\/www.museovincenzobellini.it\/en\/wp-json\/wp\/v2\/types\/oggetto"}],"author":[{"embeddable":true,"href":"https:\/\/www.museovincenzobellini.it\/en\/wp-json\/wp\/v2\/users\/1"}],"version-history":[{"count":2,"href":"https:\/\/www.museovincenzobellini.it\/en\/wp-json\/wp\/v2\/oggetto\/1302\/revisions"}],"predecessor-version":[{"id":13668,"href":"https:\/\/www.museovincenzobellini.it\/en\/wp-json\/wp\/v2\/oggetto\/1302\/revisions\/13668"}],"wp:featuredmedia":[{"embeddable":true,"href":"https:\/\/www.museovincenzobellini.it\/en\/wp-json\/wp\/v2\/media\/1150"}],"wp:attachment":[{"href":"https:\/\/www.museovincenzobellini.it\/en\/wp-json\/wp\/v2\/media?parent=1302"}],"wp:term":[{"taxonomy":"citta","embeddable":true,"href":"https:\/\/www.museovincenzobellini.it\/en\/wp-json\/wp\/v2\/citta?post=1302"},{"taxonomy":"lingua","embeddable":true,"href":"https:\/\/www.museovincenzobellini.it\/en\/wp-json\/wp\/v2\/lingua?post=1302"},{"taxonomy":"categoria_oggetto","embeddable":true,"href":"https:\/\/www.museovincenzobellini.it\/en\/wp-json\/wp\/v2\/categoria_oggetto?post=1302"},{"taxonomy":"ambito","embeddable":true,"href":"https:\/\/www.museovincenzobellini.it\/en\/wp-json\/wp\/v2\/ambito?post=1302"},{"taxonomy":"materiali","embeddable":true,"href":"https:\/\/www.museovincenzobellini.it\/en\/wp-json\/wp\/v2\/materiali?post=1302"},{"taxonomy":"tecnica","embeddable":true,"href":"https:\/\/www.museovincenzobellini.it\/en\/wp-json\/wp\/v2\/tecnica?post=1302"},{"taxonomy":"ubicazione","embeddable":true,"href":"https:\/\/www.museovincenzobellini.it\/en\/wp-json\/wp\/v2\/ubicazione?post=1302"},{"taxonomy":"identificazione","embeddable":true,"href":"https:\/\/www.museovincenzobellini.it\/en\/wp-json\/wp\/v2\/identificazione?post=1302"},{"taxonomy":"produttore","embeddable":true,"href":"https:\/\/www.museovincenzobellini.it\/en\/wp-json\/wp\/v2\/produttore?post=1302"},{"taxonomy":"manifattura","embeddable":true,"href":"https:\/\/www.museovincenzobellini.it\/en\/wp-json\/wp\/v2\/manifattura?post=1302"},{"taxonomy":"consistenza","embeddable":true,"href":"https:\/\/www.museovincenzobellini.it\/en\/wp-json\/wp\/v2\/consistenza?post=1302"},{"taxonomy":"sezioni","embeddable":true,"href":"https:\/\/www.museovincenzobellini.it\/en\/wp-json\/wp\/v2\/sezioni?post=1302"},{"taxonomy":"forma_musicale","embeddable":true,"href":"https:\/\/www.museovincenzobellini.it\/en\/wp-json\/wp\/v2\/forma_musicale?post=1302"},{"taxonomy":"tonalita","embeddable":true,"href":"https:\/\/www.museovincenzobellini.it\/en\/wp-json\/wp\/v2\/tonalita?post=1302"}],"curies":[{"name":"wp","href":"https:\/\/api.w.org\/{rel}","templated":true}]}}

<p>Nel 1826, il soprano italiano, Giuditta Pasta, debuttò in diversi teatri delle grandi città europee: a Parigi, interpretò Zelmira di Gioacchino Rossini, a Napoli, insieme alla cantante Carolina Ungher con la prima di Niobe di Giovanni Pacini e altresì a Londra, nelle vesti di Medea in Corinto, un&#8217;opera lirica di Simon Mayr, su libretto di Felice Romani. L’iconografia del dipinto a pastello potrebbe identificarsi con il personaggio di Medea e il motivo di tale ipotesi, risiederebbe nell’esistenza di una litografia inglese, conservata nei depositi del Victoria and Albert Museum di Londra (numero d’inventario: S.2540-2013), dalla simile iconografia rispetto al dipinto del museo civico belliniano ma pubblicata nella capitale inglese il primo agosto del 1826, anno in cui a Londra, il soprano italiano interpretò tra aprile e luglio Otello, Giulietta e Romeo, Tancredi, Nina, Medea in Corinto e Zelmira. La stampa fu eseguita da un disegno di Dubase «?», incisa da «Thomas A. Woolnoth, 1785 &#8211; 1857», e infine pubblicata dagli editori Dean &#038; Munday. Tuttavia, al British Museum è conservata un’altra litografia (numero d’inventario: 1868,0612.1054) ma dall’identica iconografia, rispetto al quadro esposto nella casa-museo. Il ritratto fu disegnato da Claude Marie Dubufe «1790-1864» e litografato da Zéphirin Belliard «1798-1861» ma della stampa, non è presente alcuna data di pubblicazione. È dunque plausibile l’ipotesi che in seguito alla rappresentazione dell’opera Medea in Corinto, nella città di Londra fu stampata la litografia, oggi conservata al V&#038;A Museum di Londra, rappresentante la cantante nelle vesti della protagonista. La donna indossa un abito nero, una stola bianca e un turbante, attributo di chiara origine orientale – Medea era figlia di Eéte, re della Colchide – e probabilmente seppur non si tratti di una tiara frigia, il copricapo comunque era considerato un segno distintivo per personaggi di stirpe orientale in genere, come è possibile rintracciare già a partire dalla pittura vascolare greca. L’altra ipotesi, accosterebbe invece questa iconografia con quella del personaggio di Elcia dell’opera Mosè di Gioacchino Rossini, come propose Benedetto Condorelli, primo direttore del museo civico belliniano nel suo catalogo storico-icongrafico (1935): N. 111. Ritratto di Giuditta Pasta (è un pastello originale che ritrae la celebre cantante in costume orientale, probabilmente nell’opera il Mosè di Rossini. (Dono di D. Francesco Paternò Castello, duca di Carcaci). Il dipinto belliniano potrebbe essere considerata un’esatta riproduzione della stampa del British Museum, identici, persino i caratteri della didascalia «M.e Pasta» e chi lo commissionò, probabilmente ne chiese una copia dipinta, non avendo a disposizione sul mercato una copia litografica.</p>
