{"id":1262,"date":"2021-07-22T12:14:09","date_gmt":"2021-07-22T11:14:09","guid":{"rendered":"http:\/\/www.museovincenzobellini.it\/oggetto\/giuditta-turina-in-giovane-eta\/"},"modified":"2022-04-19T10:39:51","modified_gmt":"2022-04-19T09:39:51","slug":"giuditta-turina-in-giovane-eta","status":"publish","type":"oggetto","link":"https:\/\/www.museovincenzobellini.it\/en\/oggetto\/giuditta-turina-in-giovane-eta\/","title":{"rendered":"Giuditta Turina, in giovane et\u00e0"},"content":{"rendered":"<p>Luigi Bianchi frequent\u00f2 le lezioni di Franceco Hayez, presso l\u2019Accademia di Belle Arti di Brera, solamente dopo essere stato costretto ad abbandonare la facolt\u00e0 di Giurisprudenza per arruolarsi. Il soggiorno romano, per\u00f2 fu quello pi\u00f9 importante, poich\u00e8 lo consacr\u00f2 per sempre alle ideologie romantiche, privilegiando soggetti come i ritratti, i quadri di genere, le ambientazioni storiche e di costume. L\u2019opera, invero \u00e8 un saggio delle sue doti di eccellente ritrattista e raffigura la giovane Giuditta Turina Cant\u00f9, concentrata ad osservare lo spettatore, mostra un dolce sorriso, abbondanti capelli corti e riccioluti e, infine, un elegante vestito. Il disegno \u00e8 stato incollato su un supporto secondario in carta, color marrone scuro, nel quale \u00e8 presente nel margine destro inferiore, un&#8217;iscrizione ad inchiostro che registra il nome dell\u2019autore, il soggetto rappresentato e infine l\u2019anno in cui fu eseguito il ritratto: &#8220;L&#8217;autore Bianchi Luigi\/ Donna Giuditta Turina\/ il primo Genn.io 1858&#8221;.<\/p>\n","protected":false},"excerpt":{"rendered":"<p>Bianchi, Luigi &#8211; 1858<\/p>\n","protected":false},"author":1,"featured_media":1263,"menu_order":0,"template":"","meta":{"footnotes":""},"citta":[],"lingua":[],"categoria_oggetto":[191],"ambito":[],"materiali":[279],"tecnica":[280,285],"ubicazione":[275],"identificazione":[293,292],"produttore":[],"manifattura":[],"consistenza":[],"sezioni":[716],"forma_musicale":[],"tonalita":[],"class_list":["post-1262","oggetto","type-oggetto","status-publish","has-post-thumbnail","hentry","categoria_oggetto-disegno","materiali-carta-ocra","tecnica-matita-nera","tecnica-pastello","ubicazione-sala-4-casa-natale","identificazione-giuditta-cantu","identificazione-turina","sezioni-art-objects"],"yoast_head":"<!-- This site is optimized with the Yoast SEO plugin v20.2.1 - https:\/\/yoast.com\/wordpress\/plugins\/seo\/ -->\n<title>Giuditta Turina, in giovane et\u00e0 - Museo Bellini<\/title>\n<meta name=\"robots\" content=\"index, follow, max-snippet:-1, max-image-preview:large, max-video-preview:-1\" \/>\n<link rel=\"canonical\" href=\"https:\/\/www.museovincenzobellini.it\/en\/oggetto\/giuditta-turina-in-giovane-eta\/\" \/>\n<meta property=\"og:locale\" content=\"en_US\" \/>\n<meta property=\"og:type\" content=\"article\" \/>\n<meta property=\"og:title\" content=\"Giuditta Turina, in giovane et\u00e0 - Museo Bellini\" \/>\n<meta property=\"og:description\" content=\"Bianchi, Luigi - 1858\" \/>\n<meta property=\"og:url\" content=\"https:\/\/www.museovincenzobellini.it\/en\/oggetto\/giuditta-turina-in-giovane-eta\/\" \/>\n<meta property=\"og:site_name\" content=\"Museo Bellini\" \/>\n<meta property=\"article:modified_time\" content=\"2022-04-19T09:39:51+00:00\" \/>\n<meta property=\"og:image\" content=\"https:\/\/www.museovincenzobellini.it\/wp-content\/uploads\/2021\/07\/Turina15x21stampa-732x1024.jpg\" \/>\n\t<meta property=\"og:image:width\" content=\"732\" \/>\n\t<meta property=\"og:image:height\" content=\"1024\" \/>\n\t<meta property=\"og:image:type\" content=\"image\/jpeg\" \/>\n<meta name=\"twitter:card\" content=\"summary_large_image\" \/>\n<meta name=\"twitter:label1\" content=\"Est. reading time\" \/>\n\t<meta name=\"twitter:data1\" content=\"1 minute\" \/>\n<script type=\"application\/ld+json\" class=\"yoast-schema-graph\">{\"@context\":\"https:\/\/schema.org\",\"@graph\":[{\"@type\":\"WebPage\",\"@id\":\"https:\/\/www.museovincenzobellini.it\/en\/oggetto\/giuditta-turina-in-giovane-eta\/\",\"url\":\"https:\/\/www.museovincenzobellini.it\/en\/oggetto\/giuditta-turina-in-giovane-eta\/\",\"name\":\"Giuditta Turina, in giovane et\u00e0 - Museo Bellini\",\"isPartOf\":{\"@id\":\"https:\/\/www.museovincenzobellini.it\/#website\"},\"datePublished\":\"2021-07-22T11:14:09+00:00\",\"dateModified\":\"2022-04-19T09:39:51+00:00\",\"breadcrumb\":{\"@id\":\"https:\/\/www.museovincenzobellini.it\/en\/oggetto\/giuditta-turina-in-giovane-eta\/#breadcrumb\"},\"inLanguage\":\"en-US\",\"potentialAction\":[{\"@type\":\"ReadAction\",\"target\":[\"https:\/\/www.museovincenzobellini.it\/en\/oggetto\/giuditta-turina-in-giovane-eta\/\"]}]},{\"@type\":\"BreadcrumbList\",\"@id\":\"https:\/\/www.museovincenzobellini.it\/en\/oggetto\/giuditta-turina-in-giovane-eta\/#breadcrumb\",\"itemListElement\":[{\"@type\":\"ListItem\",\"position\":1,\"name\":\"Home\",\"item\":\"https:\/\/www.museovincenzobellini.it\/en\/\"},{\"@type\":\"ListItem\",\"position\":2,\"name\":\"Oggetti\",\"item\":\"https:\/\/www.museovincenzobellini.it\/en\/oggetto\/\"},{\"@type\":\"ListItem\",\"position\":3,\"name\":\"Giuditta Turina, in giovane et\u00e0\"}]},{\"@type\":\"WebSite\",\"@id\":\"https:\/\/www.museovincenzobellini.it\/#website\",\"url\":\"https:\/\/www.museovincenzobellini.it\/\",\"name\":\"Museo Bellini\",\"description\":\"\",\"publisher\":{\"@id\":\"https:\/\/www.museovincenzobellini.it\/#organization\"},\"potentialAction\":[{\"@type\":\"SearchAction\",\"target\":{\"@type\":\"EntryPoint\",\"urlTemplate\":\"https:\/\/www.museovincenzobellini.it\/?s={search_term_string}\"},\"query-input\":\"required name=search_term_string\"}],\"inLanguage\":\"en-US\"},{\"@type\":\"Organization\",\"@id\":\"https:\/\/www.museovincenzobellini.it\/#organization\",\"name\":\"Museo Bellini\",\"url\":\"https:\/\/www.museovincenzobellini.it\/\",\"logo\":{\"@type\":\"ImageObject\",\"inLanguage\":\"en-US\",\"@id\":\"https:\/\/www.museovincenzobellini.it\/#\/schema\/logo\/image\/\",\"url\":\"https:\/\/www.museovincenzobellini.it\/wp-content\/uploads\/2022\/04\/cropped-red.png\",\"contentUrl\":\"https:\/\/www.museovincenzobellini.it\/wp-content\/uploads\/2022\/04\/cropped-red.png\",\"width\":400,\"height\":205,\"caption\":\"Museo Bellini\"},\"image\":{\"@id\":\"https:\/\/www.museovincenzobellini.it\/#\/schema\/logo\/image\/\"}}]}<\/script>\n<!-- \/ Yoast SEO plugin. -->","yoast_head_json":{"title":"Giuditta Turina, in giovane et\u00e0 - Museo Bellini","robots":{"index":"index","follow":"follow","max-snippet":"max-snippet:-1","max-image-preview":"max-image-preview:large","max-video-preview":"max-video-preview:-1"},"canonical":"https:\/\/www.museovincenzobellini.it\/en\/oggetto\/giuditta-turina-in-giovane-eta\/","og_locale":"en_US","og_type":"article","og_title":"Giuditta Turina, in giovane et\u00e0 - Museo Bellini","og_description":"Bianchi, Luigi - 1858","og_url":"https:\/\/www.museovincenzobellini.it\/en\/oggetto\/giuditta-turina-in-giovane-eta\/","og_site_name":"Museo Bellini","article_modified_time":"2022-04-19T09:39:51+00:00","og_image":[{"width":732,"height":1024,"url":"https:\/\/www.museovincenzobellini.it\/wp-content\/uploads\/2021\/07\/Turina15x21stampa-732x1024.jpg","type":"image\/jpeg"}],"twitter_card":"summary_large_image","twitter_misc":{"Est. reading time":"1 minute"},"schema":{"@context":"https:\/\/schema.org","@graph":[{"@type":"WebPage","@id":"https:\/\/www.museovincenzobellini.it\/en\/oggetto\/giuditta-turina-in-giovane-eta\/","url":"https:\/\/www.museovincenzobellini.it\/en\/oggetto\/giuditta-turina-in-giovane-eta\/","name":"Giuditta Turina, in giovane et\u00e0 - Museo Bellini","isPartOf":{"@id":"https:\/\/www.museovincenzobellini.it\/#website"},"datePublished":"2021-07-22T11:14:09+00:00","dateModified":"2022-04-19T09:39:51+00:00","breadcrumb":{"@id":"https:\/\/www.museovincenzobellini.it\/en\/oggetto\/giuditta-turina-in-giovane-eta\/#breadcrumb"},"inLanguage":"en-US","potentialAction":[{"@type":"ReadAction","target":["https:\/\/www.museovincenzobellini.it\/en\/oggetto\/giuditta-turina-in-giovane-eta\/"]}]},{"@type":"BreadcrumbList","@id":"https:\/\/www.museovincenzobellini.it\/en\/oggetto\/giuditta-turina-in-giovane-eta\/#breadcrumb","itemListElement":[{"@type":"ListItem","position":1,"name":"Home","item":"https:\/\/www.museovincenzobellini.it\/en\/"},{"@type":"ListItem","position":2,"name":"Oggetti","item":"https:\/\/www.museovincenzobellini.it\/en\/oggetto\/"},{"@type":"ListItem","position":3,"name":"Giuditta Turina, in giovane et\u00e0"}]},{"@type":"WebSite","@id":"https:\/\/www.museovincenzobellini.it\/#website","url":"https:\/\/www.museovincenzobellini.it\/","name":"Museo Bellini","description":"","publisher":{"@id":"https:\/\/www.museovincenzobellini.it\/#organization"},"potentialAction":[{"@type":"SearchAction","target":{"@type":"EntryPoint","urlTemplate":"https:\/\/www.museovincenzobellini.it\/?s={search_term_string}"},"query-input":"required name=search_term_string"}],"inLanguage":"en-US"},{"@type":"Organization","@id":"https:\/\/www.museovincenzobellini.it\/#organization","name":"Museo Bellini","url":"https:\/\/www.museovincenzobellini.it\/","logo":{"@type":"ImageObject","inLanguage":"en-US","@id":"https:\/\/www.museovincenzobellini.it\/#\/schema\/logo\/image\/","url":"https:\/\/www.museovincenzobellini.it\/wp-content\/uploads\/2022\/04\/cropped-red.png","contentUrl":"https:\/\/www.museovincenzobellini.it\/wp-content\/uploads\/2022\/04\/cropped-red.png","width":400,"height":205,"caption":"Museo Bellini"},"image":{"@id":"https:\/\/www.museovincenzobellini.it\/#\/schema\/logo\/image\/"}}]}},"_links":{"self":[{"href":"https:\/\/www.museovincenzobellini.it\/en\/wp-json\/wp\/v2\/oggetto\/1262","targetHints":{"allow":["GET"]}}],"collection":[{"href":"https:\/\/www.museovincenzobellini.it\/en\/wp-json\/wp\/v2\/oggetto"}],"about":[{"href":"https:\/\/www.museovincenzobellini.it\/en\/wp-json\/wp\/v2\/types\/oggetto"}],"author":[{"embeddable":true,"href":"https:\/\/www.museovincenzobellini.it\/en\/wp-json\/wp\/v2\/users\/1"}],"version-history":[{"count":2,"href":"https:\/\/www.museovincenzobellini.it\/en\/wp-json\/wp\/v2\/oggetto\/1262\/revisions"}],"predecessor-version":[{"id":13660,"href":"https:\/\/www.museovincenzobellini.it\/en\/wp-json\/wp\/v2\/oggetto\/1262\/revisions\/13660"}],"wp:featuredmedia":[{"embeddable":true,"href":"https:\/\/www.museovincenzobellini.it\/en\/wp-json\/wp\/v2\/media\/1263"}],"wp:attachment":[{"href":"https:\/\/www.museovincenzobellini.it\/en\/wp-json\/wp\/v2\/media?parent=1262"}],"wp:term":[{"taxonomy":"citta","embeddable":true,"href":"https:\/\/www.museovincenzobellini.it\/en\/wp-json\/wp\/v2\/citta?post=1262"},{"taxonomy":"lingua","embeddable":true,"href":"https:\/\/www.museovincenzobellini.it\/en\/wp-json\/wp\/v2\/lingua?post=1262"},{"taxonomy":"categoria_oggetto","embeddable":true,"href":"https:\/\/www.museovincenzobellini.it\/en\/wp-json\/wp\/v2\/categoria_oggetto?post=1262"},{"taxonomy":"ambito","embeddable":true,"href":"https:\/\/www.museovincenzobellini.it\/en\/wp-json\/wp\/v2\/ambito?post=1262"},{"taxonomy":"materiali","embeddable":true,"href":"https:\/\/www.museovincenzobellini.it\/en\/wp-json\/wp\/v2\/materiali?post=1262"},{"taxonomy":"tecnica","embeddable":true,"href":"https:\/\/www.museovincenzobellini.it\/en\/wp-json\/wp\/v2\/tecnica?post=1262"},{"taxonomy":"ubicazione","embeddable":true,"href":"https:\/\/www.museovincenzobellini.it\/en\/wp-json\/wp\/v2\/ubicazione?post=1262"},{"taxonomy":"identificazione","embeddable":true,"href":"https:\/\/www.museovincenzobellini.it\/en\/wp-json\/wp\/v2\/identificazione?post=1262"},{"taxonomy":"produttore","embeddable":true,"href":"https:\/\/www.museovincenzobellini.it\/en\/wp-json\/wp\/v2\/produttore?post=1262"},{"taxonomy":"manifattura","embeddable":true,"href":"https:\/\/www.museovincenzobellini.it\/en\/wp-json\/wp\/v2\/manifattura?post=1262"},{"taxonomy":"consistenza","embeddable":true,"href":"https:\/\/www.museovincenzobellini.it\/en\/wp-json\/wp\/v2\/consistenza?post=1262"},{"taxonomy":"sezioni","embeddable":true,"href":"https:\/\/www.museovincenzobellini.it\/en\/wp-json\/wp\/v2\/sezioni?post=1262"},{"taxonomy":"forma_musicale","embeddable":true,"href":"https:\/\/www.museovincenzobellini.it\/en\/wp-json\/wp\/v2\/forma_musicale?post=1262"},{"taxonomy":"tonalita","embeddable":true,"href":"https:\/\/www.museovincenzobellini.it\/en\/wp-json\/wp\/v2\/tonalita?post=1262"}],"curies":[{"name":"wp","href":"https:\/\/api.w.org\/{rel}","templated":true}]}}

Giuditta Turina, in giovane età

<p>Luigi Bianchi frequentò le lezioni di Franceco Hayez, presso l’Accademia di Belle Arti di Brera, solamente dopo essere stato costretto ad abbandonare la facoltà di Giurisprudenza per arruolarsi. Il soggiorno romano, però fu quello più importante, poichè lo consacrò per sempre alle ideologie romantiche, privilegiando soggetti come i ritratti, i quadri di genere, le ambientazioni storiche e di costume. L’opera, invero è un saggio delle sue doti di eccellente ritrattista e raffigura la giovane Giuditta Turina Cantù, concentrata ad osservare lo spettatore, mostra un dolce sorriso, abbondanti capelli corti e riccioluti e, infine, un elegante vestito. Il disegno è stato incollato su un supporto secondario in carta, color marrone scuro, nel quale è presente nel margine destro inferiore, un&#8217;iscrizione ad inchiostro che registra il nome dell’autore, il soggetto rappresentato e infine l’anno in cui fu eseguito il ritratto: &#8220;L&#8217;autore Bianchi Luigi/ Donna Giuditta Turina/ il primo Genn.io 1858&#8221;.</p>

<!-- This site is optimized with the Yoast SEO plugin v20.2.1 - https://yoast.com/wordpress/plugins/seo/ -->
<title>Giuditta Turina, in giovane età - Museo Bellini</title>
<meta name="robots" content="index, follow, max-snippet:-1, max-image-preview:large, max-video-preview:-1" />
<link rel="canonical" href="https://www.museovincenzobellini.it/en/oggetto/giuditta-turina-in-giovane-eta/" />
<meta property="og:locale" content="en_US" />
<meta property="og:type" content="article" />
<meta property="og:title" content="Giuditta Turina, in giovane età - Museo Bellini" />
<meta property="og:description" content="Bianchi, Luigi - 1858" />
<meta property="og:url" content="https://www.museovincenzobellini.it/en/oggetto/giuditta-turina-in-giovane-eta/" />
<meta property="og:site_name" content="Museo Bellini" />
<meta property="article:modified_time" content="2022-04-19T09:39:51+00:00" />
<meta property="og:image" content="https://www.museovincenzobellini.it/wp-content/uploads/2021/07/Turina15x21stampa-732x1024.jpg" />
	<meta property="og:image:width" content="732" />
	<meta property="og:image:height" content="1024" />
	<meta property="og:image:type" content="image/jpeg" />
<meta name="twitter:card" content="summary_large_image" />
<meta name="twitter:label1" content="Est. reading time" />
	<meta name="twitter:data1" content="1 minute" />
<script type="application/ld+json" class="yoast-schema-graph">{"@context":"https://schema.org","@graph":[{"@type":"WebPage","@id":"https://www.museovincenzobellini.it/en/oggetto/giuditta-turina-in-giovane-eta/","url":"https://www.museovincenzobellini.it/en/oggetto/giuditta-turina-in-giovane-eta/","name":"Giuditta Turina, in giovane età - Museo Bellini","isPartOf":{"@id":"https://www.museovincenzobellini.it/#website"},"datePublished":"2021-07-22T11:14:09+00:00","dateModified":"2022-04-19T09:39:51+00:00","breadcrumb":{"@id":"https://www.museovincenzobellini.it/en/oggetto/giuditta-turina-in-giovane-eta/#breadcrumb"},"inLanguage":"en-US","potentialAction":[{"@type":"ReadAction","target":["https://www.museovincenzobellini.it/en/oggetto/giuditta-turina-in-giovane-eta/"]}]},{"@type":"BreadcrumbList","@id":"https://www.museovincenzobellini.it/en/oggetto/giuditta-turina-in-giovane-eta/#breadcrumb","itemListElement":[{"@type":"ListItem","position":1,"name":"Home","item":"https://www.museovincenzobellini.it/en/"},{"@type":"ListItem","position":2,"name":"Oggetti","item":"https://www.museovincenzobellini.it/en/oggetto/"},{"@type":"ListItem","position":3,"name":"Giuditta Turina, in giovane età"}]},{"@type":"WebSite","@id":"https://www.museovincenzobellini.it/#website","url":"https://www.museovincenzobellini.it/","name":"Museo Bellini","description":"","publisher":{"@id":"https://www.museovincenzobellini.it/#organization"},"potentialAction":[{"@type":"SearchAction","target":{"@type":"EntryPoint","urlTemplate":"https://www.museovincenzobellini.it/?s={search_term_string}"},"query-input":"required name=search_term_string"}],"inLanguage":"en-US"},{"@type":"Organization","@id":"https://www.museovincenzobellini.it/#organization","name":"Museo Bellini","url":"https://www.museovincenzobellini.it/","logo":{"@type":"ImageObject","inLanguage":"en-US","@id":"https://www.museovincenzobellini.it/#/schema/logo/image/","url":"https://www.museovincenzobellini.it/wp-content/uploads/2022/04/cropped-red.png","contentUrl":"https://www.museovincenzobellini.it/wp-content/uploads/2022/04/cropped-red.png","width":400,"height":205,"caption":"Museo Bellini"},"image":{"@id":"https://www.museovincenzobellini.it/#/schema/logo/image/"}}]}</script>
<!-- / Yoast SEO plugin. -->

Giuditta Turina, in giovane età - Museo Bellini
