{"id":1225,"date":"2021-07-22T12:13:50","date_gmt":"2021-07-22T11:13:50","guid":{"rendered":"http:\/\/www.museovincenzobellini.it\/oggetto\/dottor-luigi-montallegri-di-faenza\/"},"modified":"2022-04-19T10:39:48","modified_gmt":"2022-04-19T09:39:48","slug":"dottor-luigi-montallegri-di-faenza","status":"publish","type":"oggetto","link":"https:\/\/www.museovincenzobellini.it\/en\/oggetto\/dottor-luigi-montallegri-di-faenza\/","title":{"rendered":"&#8220;Dottor Luigi Montallegri di Faenza&#8221;"},"content":{"rendered":"<p>Nel disegno raffigurante il profilo sinistro del dottor Luigi Montallegri, medico curante di Vincenzo Bellini in Francia, non \u00e8 riportata, purtroppo  la firma dell&#8217;autore. Al di sotto del ritratto, in basso, al centro, \u00e8 registrata un&#8217;iscrizione a matita, con caratteri in corsivo: Dott. Luigi Montallegri di Faenza, invece, nel margine inferiore, sono presenti tre macchie scure dalla forma circolare &#8211; due grandi ai lati e una piccola al centro &#8211; probabilmente prodotte dall&#8217;apposizione di un timbro in  ceralacca -. Il medico indossa un copricapo dalla resa molto morbida, grazie alla definizione del chiaroscuro; porta delle lunghe basette e un cappotto con un lungo colletto. Il disegno non \u00e8 presente all&#8217;interno del catalogo storico-iconografico, redatto da Benedetto Condorelli nel 1935, quindi \u00e8 probabile che l&#8217;opera entr\u00f2 a far parte della collezione civica museale negli anni precedenti al 1968, anno in cui fu redatto il secondo registro inventariale del museo.<\/p>\n","protected":false},"excerpt":{"rendered":"<p>Ambito italiano &#8211; 1835-1850<\/p>\n","protected":false},"author":1,"featured_media":1226,"menu_order":0,"template":"","meta":{"footnotes":""},"citta":[],"lingua":[],"categoria_oggetto":[191],"ambito":[278],"materiali":[279],"tecnica":[281,280],"ubicazione":[275],"identificazione":[283,282],"produttore":[],"manifattura":[],"consistenza":[],"sezioni":[716],"forma_musicale":[],"tonalita":[],"class_list":["post-1225","oggetto","type-oggetto","status-publish","has-post-thumbnail","hentry","categoria_oggetto-disegno","ambito-ambito-italiano","materiali-carta-ocra","tecnica-matita-bianca","tecnica-matita-nera","ubicazione-sala-4-casa-natale","identificazione-luigi","identificazione-montallegri","sezioni-art-objects"],"yoast_head":"<!-- This site is optimized with the Yoast SEO plugin v20.2.1 - https:\/\/yoast.com\/wordpress\/plugins\/seo\/ -->\n<title>&quot;Dottor Luigi Montallegri di Faenza&quot; - Museo Bellini<\/title>\n<meta name=\"robots\" content=\"index, follow, max-snippet:-1, max-image-preview:large, max-video-preview:-1\" \/>\n<link rel=\"canonical\" href=\"https:\/\/www.museovincenzobellini.it\/en\/oggetto\/dottor-luigi-montallegri-di-faenza\/\" \/>\n<meta property=\"og:locale\" content=\"en_US\" \/>\n<meta property=\"og:type\" content=\"article\" \/>\n<meta property=\"og:title\" content=\"&quot;Dottor Luigi Montallegri di Faenza&quot; - Museo Bellini\" \/>\n<meta property=\"og:description\" content=\"Ambito italiano - 1835-1850\" \/>\n<meta property=\"og:url\" content=\"https:\/\/www.museovincenzobellini.it\/en\/oggetto\/dottor-luigi-montallegri-di-faenza\/\" \/>\n<meta property=\"og:site_name\" content=\"Museo Bellini\" \/>\n<meta property=\"article:modified_time\" content=\"2022-04-19T09:39:48+00:00\" \/>\n<meta property=\"og:image\" content=\"https:\/\/www.museovincenzobellini.it\/wp-content\/uploads\/2021\/07\/Luigi-Montallegri15x21stampa-732x1024.jpg\" \/>\n\t<meta property=\"og:image:width\" content=\"732\" \/>\n\t<meta property=\"og:image:height\" content=\"1024\" \/>\n\t<meta property=\"og:image:type\" content=\"image\/jpeg\" \/>\n<meta name=\"twitter:card\" content=\"summary_large_image\" \/>\n<meta name=\"twitter:label1\" content=\"Est. reading time\" \/>\n\t<meta name=\"twitter:data1\" content=\"1 minute\" \/>\n<script type=\"application\/ld+json\" class=\"yoast-schema-graph\">{\"@context\":\"https:\/\/schema.org\",\"@graph\":[{\"@type\":\"WebPage\",\"@id\":\"https:\/\/www.museovincenzobellini.it\/en\/oggetto\/dottor-luigi-montallegri-di-faenza\/\",\"url\":\"https:\/\/www.museovincenzobellini.it\/en\/oggetto\/dottor-luigi-montallegri-di-faenza\/\",\"name\":\"\\\"Dottor Luigi Montallegri di Faenza\\\" - Museo Bellini\",\"isPartOf\":{\"@id\":\"https:\/\/www.museovincenzobellini.it\/#website\"},\"datePublished\":\"2021-07-22T11:13:50+00:00\",\"dateModified\":\"2022-04-19T09:39:48+00:00\",\"breadcrumb\":{\"@id\":\"https:\/\/www.museovincenzobellini.it\/en\/oggetto\/dottor-luigi-montallegri-di-faenza\/#breadcrumb\"},\"inLanguage\":\"en-US\",\"potentialAction\":[{\"@type\":\"ReadAction\",\"target\":[\"https:\/\/www.museovincenzobellini.it\/en\/oggetto\/dottor-luigi-montallegri-di-faenza\/\"]}]},{\"@type\":\"BreadcrumbList\",\"@id\":\"https:\/\/www.museovincenzobellini.it\/en\/oggetto\/dottor-luigi-montallegri-di-faenza\/#breadcrumb\",\"itemListElement\":[{\"@type\":\"ListItem\",\"position\":1,\"name\":\"Home\",\"item\":\"https:\/\/www.museovincenzobellini.it\/en\/\"},{\"@type\":\"ListItem\",\"position\":2,\"name\":\"Oggetti\",\"item\":\"https:\/\/www.museovincenzobellini.it\/en\/oggetto\/\"},{\"@type\":\"ListItem\",\"position\":3,\"name\":\"&#8220;Dottor Luigi Montallegri di Faenza&#8221;\"}]},{\"@type\":\"WebSite\",\"@id\":\"https:\/\/www.museovincenzobellini.it\/#website\",\"url\":\"https:\/\/www.museovincenzobellini.it\/\",\"name\":\"Museo Bellini\",\"description\":\"\",\"publisher\":{\"@id\":\"https:\/\/www.museovincenzobellini.it\/#organization\"},\"potentialAction\":[{\"@type\":\"SearchAction\",\"target\":{\"@type\":\"EntryPoint\",\"urlTemplate\":\"https:\/\/www.museovincenzobellini.it\/?s={search_term_string}\"},\"query-input\":\"required name=search_term_string\"}],\"inLanguage\":\"en-US\"},{\"@type\":\"Organization\",\"@id\":\"https:\/\/www.museovincenzobellini.it\/#organization\",\"name\":\"Museo Bellini\",\"url\":\"https:\/\/www.museovincenzobellini.it\/\",\"logo\":{\"@type\":\"ImageObject\",\"inLanguage\":\"en-US\",\"@id\":\"https:\/\/www.museovincenzobellini.it\/#\/schema\/logo\/image\/\",\"url\":\"https:\/\/www.museovincenzobellini.it\/wp-content\/uploads\/2022\/04\/cropped-red.png\",\"contentUrl\":\"https:\/\/www.museovincenzobellini.it\/wp-content\/uploads\/2022\/04\/cropped-red.png\",\"width\":400,\"height\":205,\"caption\":\"Museo Bellini\"},\"image\":{\"@id\":\"https:\/\/www.museovincenzobellini.it\/#\/schema\/logo\/image\/\"}}]}<\/script>\n<!-- \/ Yoast SEO plugin. -->","yoast_head_json":{"title":"\"Dottor Luigi Montallegri di Faenza\" - Museo Bellini","robots":{"index":"index","follow":"follow","max-snippet":"max-snippet:-1","max-image-preview":"max-image-preview:large","max-video-preview":"max-video-preview:-1"},"canonical":"https:\/\/www.museovincenzobellini.it\/en\/oggetto\/dottor-luigi-montallegri-di-faenza\/","og_locale":"en_US","og_type":"article","og_title":"\"Dottor Luigi Montallegri di Faenza\" - Museo Bellini","og_description":"Ambito italiano - 1835-1850","og_url":"https:\/\/www.museovincenzobellini.it\/en\/oggetto\/dottor-luigi-montallegri-di-faenza\/","og_site_name":"Museo Bellini","article_modified_time":"2022-04-19T09:39:48+00:00","og_image":[{"width":732,"height":1024,"url":"https:\/\/www.museovincenzobellini.it\/wp-content\/uploads\/2021\/07\/Luigi-Montallegri15x21stampa-732x1024.jpg","type":"image\/jpeg"}],"twitter_card":"summary_large_image","twitter_misc":{"Est. reading time":"1 minute"},"schema":{"@context":"https:\/\/schema.org","@graph":[{"@type":"WebPage","@id":"https:\/\/www.museovincenzobellini.it\/en\/oggetto\/dottor-luigi-montallegri-di-faenza\/","url":"https:\/\/www.museovincenzobellini.it\/en\/oggetto\/dottor-luigi-montallegri-di-faenza\/","name":"\"Dottor Luigi Montallegri di Faenza\" - Museo Bellini","isPartOf":{"@id":"https:\/\/www.museovincenzobellini.it\/#website"},"datePublished":"2021-07-22T11:13:50+00:00","dateModified":"2022-04-19T09:39:48+00:00","breadcrumb":{"@id":"https:\/\/www.museovincenzobellini.it\/en\/oggetto\/dottor-luigi-montallegri-di-faenza\/#breadcrumb"},"inLanguage":"en-US","potentialAction":[{"@type":"ReadAction","target":["https:\/\/www.museovincenzobellini.it\/en\/oggetto\/dottor-luigi-montallegri-di-faenza\/"]}]},{"@type":"BreadcrumbList","@id":"https:\/\/www.museovincenzobellini.it\/en\/oggetto\/dottor-luigi-montallegri-di-faenza\/#breadcrumb","itemListElement":[{"@type":"ListItem","position":1,"name":"Home","item":"https:\/\/www.museovincenzobellini.it\/en\/"},{"@type":"ListItem","position":2,"name":"Oggetti","item":"https:\/\/www.museovincenzobellini.it\/en\/oggetto\/"},{"@type":"ListItem","position":3,"name":"&#8220;Dottor Luigi Montallegri di Faenza&#8221;"}]},{"@type":"WebSite","@id":"https:\/\/www.museovincenzobellini.it\/#website","url":"https:\/\/www.museovincenzobellini.it\/","name":"Museo Bellini","description":"","publisher":{"@id":"https:\/\/www.museovincenzobellini.it\/#organization"},"potentialAction":[{"@type":"SearchAction","target":{"@type":"EntryPoint","urlTemplate":"https:\/\/www.museovincenzobellini.it\/?s={search_term_string}"},"query-input":"required name=search_term_string"}],"inLanguage":"en-US"},{"@type":"Organization","@id":"https:\/\/www.museovincenzobellini.it\/#organization","name":"Museo Bellini","url":"https:\/\/www.museovincenzobellini.it\/","logo":{"@type":"ImageObject","inLanguage":"en-US","@id":"https:\/\/www.museovincenzobellini.it\/#\/schema\/logo\/image\/","url":"https:\/\/www.museovincenzobellini.it\/wp-content\/uploads\/2022\/04\/cropped-red.png","contentUrl":"https:\/\/www.museovincenzobellini.it\/wp-content\/uploads\/2022\/04\/cropped-red.png","width":400,"height":205,"caption":"Museo Bellini"},"image":{"@id":"https:\/\/www.museovincenzobellini.it\/#\/schema\/logo\/image\/"}}]}},"_links":{"self":[{"href":"https:\/\/www.museovincenzobellini.it\/en\/wp-json\/wp\/v2\/oggetto\/1225","targetHints":{"allow":["GET"]}}],"collection":[{"href":"https:\/\/www.museovincenzobellini.it\/en\/wp-json\/wp\/v2\/oggetto"}],"about":[{"href":"https:\/\/www.museovincenzobellini.it\/en\/wp-json\/wp\/v2\/types\/oggetto"}],"author":[{"embeddable":true,"href":"https:\/\/www.museovincenzobellini.it\/en\/wp-json\/wp\/v2\/users\/1"}],"version-history":[{"count":2,"href":"https:\/\/www.museovincenzobellini.it\/en\/wp-json\/wp\/v2\/oggetto\/1225\/revisions"}],"predecessor-version":[{"id":13651,"href":"https:\/\/www.museovincenzobellini.it\/en\/wp-json\/wp\/v2\/oggetto\/1225\/revisions\/13651"}],"wp:featuredmedia":[{"embeddable":true,"href":"https:\/\/www.museovincenzobellini.it\/en\/wp-json\/wp\/v2\/media\/1226"}],"wp:attachment":[{"href":"https:\/\/www.museovincenzobellini.it\/en\/wp-json\/wp\/v2\/media?parent=1225"}],"wp:term":[{"taxonomy":"citta","embeddable":true,"href":"https:\/\/www.museovincenzobellini.it\/en\/wp-json\/wp\/v2\/citta?post=1225"},{"taxonomy":"lingua","embeddable":true,"href":"https:\/\/www.museovincenzobellini.it\/en\/wp-json\/wp\/v2\/lingua?post=1225"},{"taxonomy":"categoria_oggetto","embeddable":true,"href":"https:\/\/www.museovincenzobellini.it\/en\/wp-json\/wp\/v2\/categoria_oggetto?post=1225"},{"taxonomy":"ambito","embeddable":true,"href":"https:\/\/www.museovincenzobellini.it\/en\/wp-json\/wp\/v2\/ambito?post=1225"},{"taxonomy":"materiali","embeddable":true,"href":"https:\/\/www.museovincenzobellini.it\/en\/wp-json\/wp\/v2\/materiali?post=1225"},{"taxonomy":"tecnica","embeddable":true,"href":"https:\/\/www.museovincenzobellini.it\/en\/wp-json\/wp\/v2\/tecnica?post=1225"},{"taxonomy":"ubicazione","embeddable":true,"href":"https:\/\/www.museovincenzobellini.it\/en\/wp-json\/wp\/v2\/ubicazione?post=1225"},{"taxonomy":"identificazione","embeddable":true,"href":"https:\/\/www.museovincenzobellini.it\/en\/wp-json\/wp\/v2\/identificazione?post=1225"},{"taxonomy":"produttore","embeddable":true,"href":"https:\/\/www.museovincenzobellini.it\/en\/wp-json\/wp\/v2\/produttore?post=1225"},{"taxonomy":"manifattura","embeddable":true,"href":"https:\/\/www.museovincenzobellini.it\/en\/wp-json\/wp\/v2\/manifattura?post=1225"},{"taxonomy":"consistenza","embeddable":true,"href":"https:\/\/www.museovincenzobellini.it\/en\/wp-json\/wp\/v2\/consistenza?post=1225"},{"taxonomy":"sezioni","embeddable":true,"href":"https:\/\/www.museovincenzobellini.it\/en\/wp-json\/wp\/v2\/sezioni?post=1225"},{"taxonomy":"forma_musicale","embeddable":true,"href":"https:\/\/www.museovincenzobellini.it\/en\/wp-json\/wp\/v2\/forma_musicale?post=1225"},{"taxonomy":"tonalita","embeddable":true,"href":"https:\/\/www.museovincenzobellini.it\/en\/wp-json\/wp\/v2\/tonalita?post=1225"}],"curies":[{"name":"wp","href":"https:\/\/api.w.org\/{rel}","templated":true}]}}

<p>Nel disegno raffigurante il profilo sinistro del dottor Luigi Montallegri, medico curante di Vincenzo Bellini in Francia, non è riportata, purtroppo  la firma dell&#8217;autore. Al di sotto del ritratto, in basso, al centro, è registrata un&#8217;iscrizione a matita, con caratteri in corsivo: Dott. Luigi Montallegri di Faenza, invece, nel margine inferiore, sono presenti tre macchie scure dalla forma circolare &#8211; due grandi ai lati e una piccola al centro &#8211; probabilmente prodotte dall&#8217;apposizione di un timbro in  ceralacca -. Il medico indossa un copricapo dalla resa molto morbida, grazie alla definizione del chiaroscuro; porta delle lunghe basette e un cappotto con un lungo colletto. Il disegno non è presente all&#8217;interno del catalogo storico-iconografico, redatto da Benedetto Condorelli nel 1935, quindi è probabile che l&#8217;opera entrò a far parte della collezione civica museale negli anni precedenti al 1968, anno in cui fu redatto il secondo registro inventariale del museo.</p>
