{"id":1160,"date":"2021-07-22T12:12:53","date_gmt":"2021-07-22T11:12:53","guid":{"rendered":"http:\/\/www.museovincenzobellini.it\/oggetto\/bustino-raffigurante-il-ritratto-di-vincenzo-bellini\/"},"modified":"2022-04-19T10:39:36","modified_gmt":"2022-04-19T09:39:36","slug":"bustino-raffigurante-il-ritratto-di-vincenzo-bellini","status":"publish","type":"oggetto","link":"https:\/\/www.museovincenzobellini.it\/en\/oggetto\/bustino-raffigurante-il-ritratto-di-vincenzo-bellini\/","title":{"rendered":"Bustino raffigurante il ritratto di Vincenzo Bellini"},"content":{"rendered":"<p>Bustino eseguito dallo scultore francese Jean Pierre Dantan, il giovane, figlio di un intagliatore presso cui impar\u00f2 i primi rudimenti dell\u2019arte insieme al fratello maggiore, Antoine Laurent Dantan, divenendo noto, soprattutto per l\u2019esecuzione di ritratti, sculture e caricature di personaggi a lui coevi. Per questi motivi, Vincenzo Bellini, dopo l\u2019immenso successo de I Puritani, nella primavera del 1835, decise di commissionare allo scultore alcuni esemplari di bustini tutti identici, in quanto avrebbe voluto farne dono ad alcune persone che gli erano state vicine o per cui nutriva un particolare affetto. I bustini commissionati erano in tutto sei e al museo belliniano pervenne quello che Bellini aveva donato a un amico torinese, Alessandro Lamperi, segretario dell\u2019Ambasciata sarda a Torino. In seguito, il bustino fu spedito nel 1923 al Comune di Catania da un nipote di Lamperi, l\u2019onorevole Carlo Rizzetti da Torino, il quale rispose volentieri all\u2019appello lanciato dalla citt\u00e0 etnea per riunire in esso tutti i cimeli belliniani, affinch\u00e8 venisse fondato un museo a lui dedicato. Attualmente sono conservati altri due bustini presso il Mus\u00e9e Carnavalet (Parigi), con numero d\u2019 inventario S2015 e S1687. Il bustino di Bellini apparterrebbe a una tipologia ben specifica della produzione di Dantan, ossia quella dei Portrait s\u00e9rieux in cui si rintraccia una resa anatomica della struttura ossea e una vacuit\u00e0 dello sguardo, influenzati certamente dalle teorie frenologiche coeve. I suoi bustini furono realizzati, non per sconvolgere, piuttosto per presentare una sorta di obiettivit\u00e0 fotografica, escludendo per\u00f2 nella resa ogni difetto e segno del tempo.<\/p>\n","protected":false},"excerpt":{"rendered":"<p>Dantan, Jean Pierre &#8211; 1835<\/p>\n","protected":false},"author":1,"featured_media":1161,"menu_order":0,"template":"","meta":{"footnotes":""},"citta":[],"lingua":[],"categoria_oggetto":[47],"ambito":[],"materiali":[88],"tecnica":[230,89],"ubicazione":[52],"identificazione":[104,105],"produttore":[],"manifattura":[],"consistenza":[],"sezioni":[716],"forma_musicale":[],"tonalita":[],"class_list":["post-1160","oggetto","type-oggetto","status-publish","has-post-thumbnail","hentry","categoria_oggetto-scultura","materiali-gesso","tecnica-bronzatura","tecnica-scultura","ubicazione-sala-3-casa-natale","identificazione-bellini","identificazione-vincenzo","sezioni-art-objects"],"yoast_head":"<!-- This site is optimized with the Yoast SEO plugin v20.2.1 - https:\/\/yoast.com\/wordpress\/plugins\/seo\/ -->\n<title>Bustino raffigurante il ritratto di Vincenzo Bellini - Museo Bellini<\/title>\n<meta name=\"robots\" content=\"index, follow, max-snippet:-1, max-image-preview:large, max-video-preview:-1\" \/>\n<link rel=\"canonical\" href=\"https:\/\/www.museovincenzobellini.it\/en\/oggetto\/bustino-raffigurante-il-ritratto-di-vincenzo-bellini\/\" \/>\n<meta property=\"og:locale\" content=\"en_US\" \/>\n<meta property=\"og:type\" content=\"article\" \/>\n<meta property=\"og:title\" content=\"Bustino raffigurante il ritratto di Vincenzo Bellini - Museo Bellini\" \/>\n<meta property=\"og:description\" content=\"Dantan, Jean Pierre - 1835\" \/>\n<meta property=\"og:url\" content=\"https:\/\/www.museovincenzobellini.it\/en\/oggetto\/bustino-raffigurante-il-ritratto-di-vincenzo-bellini\/\" \/>\n<meta property=\"og:site_name\" content=\"Museo Bellini\" \/>\n<meta property=\"article:modified_time\" content=\"2022-04-19T09:39:36+00:00\" \/>\n<meta property=\"og:image\" content=\"https:\/\/www.museovincenzobellini.it\/wp-content\/uploads\/2021\/07\/statuetta-scaled.jpg\" \/>\n\t<meta property=\"og:image:width\" content=\"2329\" \/>\n\t<meta property=\"og:image:height\" content=\"2560\" \/>\n\t<meta property=\"og:image:type\" content=\"image\/jpeg\" \/>\n<meta name=\"twitter:card\" content=\"summary_large_image\" \/>\n<meta name=\"twitter:label1\" content=\"Est. reading time\" \/>\n\t<meta name=\"twitter:data1\" content=\"1 minute\" \/>\n<script type=\"application\/ld+json\" class=\"yoast-schema-graph\">{\"@context\":\"https:\/\/schema.org\",\"@graph\":[{\"@type\":\"WebPage\",\"@id\":\"https:\/\/www.museovincenzobellini.it\/en\/oggetto\/bustino-raffigurante-il-ritratto-di-vincenzo-bellini\/\",\"url\":\"https:\/\/www.museovincenzobellini.it\/en\/oggetto\/bustino-raffigurante-il-ritratto-di-vincenzo-bellini\/\",\"name\":\"Bustino raffigurante il ritratto di Vincenzo Bellini - Museo Bellini\",\"isPartOf\":{\"@id\":\"https:\/\/www.museovincenzobellini.it\/#website\"},\"datePublished\":\"2021-07-22T11:12:53+00:00\",\"dateModified\":\"2022-04-19T09:39:36+00:00\",\"breadcrumb\":{\"@id\":\"https:\/\/www.museovincenzobellini.it\/en\/oggetto\/bustino-raffigurante-il-ritratto-di-vincenzo-bellini\/#breadcrumb\"},\"inLanguage\":\"en-US\",\"potentialAction\":[{\"@type\":\"ReadAction\",\"target\":[\"https:\/\/www.museovincenzobellini.it\/en\/oggetto\/bustino-raffigurante-il-ritratto-di-vincenzo-bellini\/\"]}]},{\"@type\":\"BreadcrumbList\",\"@id\":\"https:\/\/www.museovincenzobellini.it\/en\/oggetto\/bustino-raffigurante-il-ritratto-di-vincenzo-bellini\/#breadcrumb\",\"itemListElement\":[{\"@type\":\"ListItem\",\"position\":1,\"name\":\"Home\",\"item\":\"https:\/\/www.museovincenzobellini.it\/en\/\"},{\"@type\":\"ListItem\",\"position\":2,\"name\":\"Oggetti\",\"item\":\"https:\/\/www.museovincenzobellini.it\/en\/oggetto\/\"},{\"@type\":\"ListItem\",\"position\":3,\"name\":\"Bustino raffigurante il ritratto di Vincenzo Bellini\"}]},{\"@type\":\"WebSite\",\"@id\":\"https:\/\/www.museovincenzobellini.it\/#website\",\"url\":\"https:\/\/www.museovincenzobellini.it\/\",\"name\":\"Museo Bellini\",\"description\":\"\",\"publisher\":{\"@id\":\"https:\/\/www.museovincenzobellini.it\/#organization\"},\"potentialAction\":[{\"@type\":\"SearchAction\",\"target\":{\"@type\":\"EntryPoint\",\"urlTemplate\":\"https:\/\/www.museovincenzobellini.it\/?s={search_term_string}\"},\"query-input\":\"required name=search_term_string\"}],\"inLanguage\":\"en-US\"},{\"@type\":\"Organization\",\"@id\":\"https:\/\/www.museovincenzobellini.it\/#organization\",\"name\":\"Museo Bellini\",\"url\":\"https:\/\/www.museovincenzobellini.it\/\",\"logo\":{\"@type\":\"ImageObject\",\"inLanguage\":\"en-US\",\"@id\":\"https:\/\/www.museovincenzobellini.it\/#\/schema\/logo\/image\/\",\"url\":\"https:\/\/www.museovincenzobellini.it\/wp-content\/uploads\/2022\/04\/cropped-red.png\",\"contentUrl\":\"https:\/\/www.museovincenzobellini.it\/wp-content\/uploads\/2022\/04\/cropped-red.png\",\"width\":400,\"height\":205,\"caption\":\"Museo Bellini\"},\"image\":{\"@id\":\"https:\/\/www.museovincenzobellini.it\/#\/schema\/logo\/image\/\"}}]}<\/script>\n<!-- \/ Yoast SEO plugin. -->","yoast_head_json":{"title":"Bustino raffigurante il ritratto di Vincenzo Bellini - Museo Bellini","robots":{"index":"index","follow":"follow","max-snippet":"max-snippet:-1","max-image-preview":"max-image-preview:large","max-video-preview":"max-video-preview:-1"},"canonical":"https:\/\/www.museovincenzobellini.it\/en\/oggetto\/bustino-raffigurante-il-ritratto-di-vincenzo-bellini\/","og_locale":"en_US","og_type":"article","og_title":"Bustino raffigurante il ritratto di Vincenzo Bellini - Museo Bellini","og_description":"Dantan, Jean Pierre - 1835","og_url":"https:\/\/www.museovincenzobellini.it\/en\/oggetto\/bustino-raffigurante-il-ritratto-di-vincenzo-bellini\/","og_site_name":"Museo Bellini","article_modified_time":"2022-04-19T09:39:36+00:00","og_image":[{"width":2329,"height":2560,"url":"https:\/\/www.museovincenzobellini.it\/wp-content\/uploads\/2021\/07\/statuetta-scaled.jpg","type":"image\/jpeg"}],"twitter_card":"summary_large_image","twitter_misc":{"Est. reading time":"1 minute"},"schema":{"@context":"https:\/\/schema.org","@graph":[{"@type":"WebPage","@id":"https:\/\/www.museovincenzobellini.it\/en\/oggetto\/bustino-raffigurante-il-ritratto-di-vincenzo-bellini\/","url":"https:\/\/www.museovincenzobellini.it\/en\/oggetto\/bustino-raffigurante-il-ritratto-di-vincenzo-bellini\/","name":"Bustino raffigurante il ritratto di Vincenzo Bellini - Museo Bellini","isPartOf":{"@id":"https:\/\/www.museovincenzobellini.it\/#website"},"datePublished":"2021-07-22T11:12:53+00:00","dateModified":"2022-04-19T09:39:36+00:00","breadcrumb":{"@id":"https:\/\/www.museovincenzobellini.it\/en\/oggetto\/bustino-raffigurante-il-ritratto-di-vincenzo-bellini\/#breadcrumb"},"inLanguage":"en-US","potentialAction":[{"@type":"ReadAction","target":["https:\/\/www.museovincenzobellini.it\/en\/oggetto\/bustino-raffigurante-il-ritratto-di-vincenzo-bellini\/"]}]},{"@type":"BreadcrumbList","@id":"https:\/\/www.museovincenzobellini.it\/en\/oggetto\/bustino-raffigurante-il-ritratto-di-vincenzo-bellini\/#breadcrumb","itemListElement":[{"@type":"ListItem","position":1,"name":"Home","item":"https:\/\/www.museovincenzobellini.it\/en\/"},{"@type":"ListItem","position":2,"name":"Oggetti","item":"https:\/\/www.museovincenzobellini.it\/en\/oggetto\/"},{"@type":"ListItem","position":3,"name":"Bustino raffigurante il ritratto di Vincenzo Bellini"}]},{"@type":"WebSite","@id":"https:\/\/www.museovincenzobellini.it\/#website","url":"https:\/\/www.museovincenzobellini.it\/","name":"Museo Bellini","description":"","publisher":{"@id":"https:\/\/www.museovincenzobellini.it\/#organization"},"potentialAction":[{"@type":"SearchAction","target":{"@type":"EntryPoint","urlTemplate":"https:\/\/www.museovincenzobellini.it\/?s={search_term_string}"},"query-input":"required name=search_term_string"}],"inLanguage":"en-US"},{"@type":"Organization","@id":"https:\/\/www.museovincenzobellini.it\/#organization","name":"Museo Bellini","url":"https:\/\/www.museovincenzobellini.it\/","logo":{"@type":"ImageObject","inLanguage":"en-US","@id":"https:\/\/www.museovincenzobellini.it\/#\/schema\/logo\/image\/","url":"https:\/\/www.museovincenzobellini.it\/wp-content\/uploads\/2022\/04\/cropped-red.png","contentUrl":"https:\/\/www.museovincenzobellini.it\/wp-content\/uploads\/2022\/04\/cropped-red.png","width":400,"height":205,"caption":"Museo Bellini"},"image":{"@id":"https:\/\/www.museovincenzobellini.it\/#\/schema\/logo\/image\/"}}]}},"_links":{"self":[{"href":"https:\/\/www.museovincenzobellini.it\/en\/wp-json\/wp\/v2\/oggetto\/1160","targetHints":{"allow":["GET"]}}],"collection":[{"href":"https:\/\/www.museovincenzobellini.it\/en\/wp-json\/wp\/v2\/oggetto"}],"about":[{"href":"https:\/\/www.museovincenzobellini.it\/en\/wp-json\/wp\/v2\/types\/oggetto"}],"author":[{"embeddable":true,"href":"https:\/\/www.museovincenzobellini.it\/en\/wp-json\/wp\/v2\/users\/1"}],"version-history":[{"count":2,"href":"https:\/\/www.museovincenzobellini.it\/en\/wp-json\/wp\/v2\/oggetto\/1160\/revisions"}],"predecessor-version":[{"id":13622,"href":"https:\/\/www.museovincenzobellini.it\/en\/wp-json\/wp\/v2\/oggetto\/1160\/revisions\/13622"}],"wp:featuredmedia":[{"embeddable":true,"href":"https:\/\/www.museovincenzobellini.it\/en\/wp-json\/wp\/v2\/media\/1161"}],"wp:attachment":[{"href":"https:\/\/www.museovincenzobellini.it\/en\/wp-json\/wp\/v2\/media?parent=1160"}],"wp:term":[{"taxonomy":"citta","embeddable":true,"href":"https:\/\/www.museovincenzobellini.it\/en\/wp-json\/wp\/v2\/citta?post=1160"},{"taxonomy":"lingua","embeddable":true,"href":"https:\/\/www.museovincenzobellini.it\/en\/wp-json\/wp\/v2\/lingua?post=1160"},{"taxonomy":"categoria_oggetto","embeddable":true,"href":"https:\/\/www.museovincenzobellini.it\/en\/wp-json\/wp\/v2\/categoria_oggetto?post=1160"},{"taxonomy":"ambito","embeddable":true,"href":"https:\/\/www.museovincenzobellini.it\/en\/wp-json\/wp\/v2\/ambito?post=1160"},{"taxonomy":"materiali","embeddable":true,"href":"https:\/\/www.museovincenzobellini.it\/en\/wp-json\/wp\/v2\/materiali?post=1160"},{"taxonomy":"tecnica","embeddable":true,"href":"https:\/\/www.museovincenzobellini.it\/en\/wp-json\/wp\/v2\/tecnica?post=1160"},{"taxonomy":"ubicazione","embeddable":true,"href":"https:\/\/www.museovincenzobellini.it\/en\/wp-json\/wp\/v2\/ubicazione?post=1160"},{"taxonomy":"identificazione","embeddable":true,"href":"https:\/\/www.museovincenzobellini.it\/en\/wp-json\/wp\/v2\/identificazione?post=1160"},{"taxonomy":"produttore","embeddable":true,"href":"https:\/\/www.museovincenzobellini.it\/en\/wp-json\/wp\/v2\/produttore?post=1160"},{"taxonomy":"manifattura","embeddable":true,"href":"https:\/\/www.museovincenzobellini.it\/en\/wp-json\/wp\/v2\/manifattura?post=1160"},{"taxonomy":"consistenza","embeddable":true,"href":"https:\/\/www.museovincenzobellini.it\/en\/wp-json\/wp\/v2\/consistenza?post=1160"},{"taxonomy":"sezioni","embeddable":true,"href":"https:\/\/www.museovincenzobellini.it\/en\/wp-json\/wp\/v2\/sezioni?post=1160"},{"taxonomy":"forma_musicale","embeddable":true,"href":"https:\/\/www.museovincenzobellini.it\/en\/wp-json\/wp\/v2\/forma_musicale?post=1160"},{"taxonomy":"tonalita","embeddable":true,"href":"https:\/\/www.museovincenzobellini.it\/en\/wp-json\/wp\/v2\/tonalita?post=1160"}],"curies":[{"name":"wp","href":"https:\/\/api.w.org\/{rel}","templated":true}]}}

<p>Bustino eseguito dallo scultore francese Jean Pierre Dantan, il giovane, figlio di un intagliatore presso cui imparò i primi rudimenti dell’arte insieme al fratello maggiore, Antoine Laurent Dantan, divenendo noto, soprattutto per l’esecuzione di ritratti, sculture e caricature di personaggi a lui coevi. Per questi motivi, Vincenzo Bellini, dopo l’immenso successo de I Puritani, nella primavera del 1835, decise di commissionare allo scultore alcuni esemplari di bustini tutti identici, in quanto avrebbe voluto farne dono ad alcune persone che gli erano state vicine o per cui nutriva un particolare affetto. I bustini commissionati erano in tutto sei e al museo belliniano pervenne quello che Bellini aveva donato a un amico torinese, Alessandro Lamperi, segretario dell’Ambasciata sarda a Torino. In seguito, il bustino fu spedito nel 1923 al Comune di Catania da un nipote di Lamperi, l’onorevole Carlo Rizzetti da Torino, il quale rispose volentieri all’appello lanciato dalla città etnea per riunire in esso tutti i cimeli belliniani, affinchè venisse fondato un museo a lui dedicato. Attualmente sono conservati altri due bustini presso il Musée Carnavalet (Parigi), con numero d’ inventario S2015 e S1687. Il bustino di Bellini apparterrebbe a una tipologia ben specifica della produzione di Dantan, ossia quella dei Portrait sérieux in cui si rintraccia una resa anatomica della struttura ossea e una vacuità dello sguardo, influenzati certamente dalle teorie frenologiche coeve. I suoi bustini furono realizzati, non per sconvolgere, piuttosto per presentare una sorta di obiettività fotografica, escludendo però nella resa ogni difetto e segno del tempo.</p>
