{"id":1047,"date":"2021-07-22T12:12:13","date_gmt":"2021-07-22T11:12:13","guid":{"rendered":"http:\/\/www.museovincenzobellini.it\/oggetto\/infanzia-di-bellini\/"},"modified":"2023-03-21T16:57:31","modified_gmt":"2023-03-21T15:57:31","slug":"infanzia-di-bellini","status":"publish","type":"oggetto","link":"https:\/\/www.museovincenzobellini.it\/en\/oggetto\/infanzia-di-bellini\/","title":{"rendered":"&#8220;Infanzia di Bellini&#8221;"},"content":{"rendered":"<p>L\u2019opera \u00e8 una statua in gesso eseguita dallo scultore catanese Salvatore Grimaldi nel 1901, in occasione del centenario della nascita di Vincenzo Bellini. Compiuti i vent\u2019anni, lo scultore decise di trasferirsi a Firenze, dove frequent\u00f2 le lezioni del maestro senese Giovanni Dupr\u00e8, da cui ricevette una formazione purista, presso l\u2019Accademia di Belle Arti. Salvatore Grimaldi abit\u00f2 a Firenze per circa otto anni, lavorando ed esponendo alcuni busti ed altre opere in terracotta negli anni \u201970 dell\u2019Ottocento. Tornato a Catania, ormai quasi trentenne, gli furono commissionati dei lavori che lo impegnarono nella decorazione di alcuni ambienti della citt\u00e0, come ad esempio il Giardino Bellini, dove, ancora oggi, \u00e8 possibile ammirare un busto del re Vittorio Emanuele II, considerato un ritratto davvero somigliante, e quello del Conte di Cavour. Inoltre, per la facciata del duomo di Catania, realizz\u00f2 la statua di Sant\u2019 Everio. La statua del museo civico belliniano rappresenta l\u2019\u00abInfanzia di Vincenzo Bellini\u00bb, un fanciullo di circa sei anni, realizzata ad altezza naturale. L\u2019opera risente della formazione purista ricevuta a Firenze, dove Grimaldi, grazie al contatto con il maestro Giovanni Dupr\u00e8, fu, probabilmente, influenzato dalle opere dell\u2019artista Lorenzo Bartolini, il quale restrinse il suo insegnamento, non pi\u00f9 all\u2019imitazione dei classici, piuttosto a quella della natura, senza pregiudizi ideali. La statua presenta all&#8217;osservatore un bimbo di circa sei anni, il quale punta verso l&#8217;alto, il dito della mano destra, come se stesse battendo il tempo di una musica, quella probabilmente scritturata nella carta che tiene, invece, nell&#8217;altra mano. Lo sguardo \u00e8 vuoto perch\u00e9 il soggetto \u00e8 colto nell\u2019attimo della meditazione (Neri). In una lettera indirizzata al presidente del Real Circolo Bellini, Giuseppe Giuliano, oggi conservato all&#8217;archivio di Stato di Catania lo scultore dichiarava i motivi che lo spinsero alla realizzazione dell\u2019opera, non commissionata da privati piuttosto eseguita su iniziativa dello stesso artista: \u00abIll.mo Sig. Presidente, Vincenzo Bellini all\u2019et\u00e0 di sei anni music\u00f2 le parole del Passio: Gallo cantavit ecc. Leggendo ci\u00f2 nella biografia del Cicconetti, vidi nella mia fantasia il Bellini fanciullo, tenendo nella mano sinistra una carta musicata, con l\u2019indice della destra battere il tempo di quella musica e lo sguardo fisso nel vuoto. Quella fantasia la realizzai in una statuetta di marmo a grandezza naturale e la battezzai l\u2019Infanzia di Bellini. Nell\u2019occasione del primo centenario della sua nascita, mi permetto d\u2019inviarle una fotografia di detta statua e d\u2019un&#8217;altra fotografia pure in marmo del grande maestro\u2026 [\u2026], Catania, 10 settembre 1901, Salvatore Grimaldi\u00bb.. La statua fu esposta nel 1907 a Catania durante la II\u00aa Mostra Siciliana insieme ad altre sue opere: I Fratelli Pii (gruppo in gesso) e La Ciociara, (marmo). La scultura in gesso fu donata al museo dalla famiglia dello stesso scultore.<\/p>\n","protected":false},"excerpt":{"rendered":"<p>Grimaldi, Salvatore &#8211; 1901<\/p>\n","protected":false},"author":1,"featured_media":25955,"menu_order":0,"template":"","meta":{"footnotes":""},"citta":[],"lingua":[],"categoria_oggetto":[47],"ambito":[],"materiali":[88],"tecnica":[89],"ubicazione":[24],"identificazione":[104,105],"produttore":[],"manifattura":[],"consistenza":[],"sezioni":[716],"forma_musicale":[],"tonalita":[],"class_list":["post-1047","oggetto","type-oggetto","status-publish","has-post-thumbnail","hentry","categoria_oggetto-scultura","materiali-gesso","tecnica-scultura","ubicazione-sala-2-casa-natale","identificazione-bellini","identificazione-vincenzo","sezioni-art-objects"],"yoast_head":"<!-- This site is optimized with the Yoast SEO plugin v20.2.1 - https:\/\/yoast.com\/wordpress\/plugins\/seo\/ -->\n<title>&quot;Infanzia di Bellini&quot; - Museo Bellini<\/title>\n<meta name=\"robots\" content=\"index, follow, max-snippet:-1, max-image-preview:large, max-video-preview:-1\" \/>\n<link rel=\"canonical\" href=\"https:\/\/www.museovincenzobellini.it\/en\/oggetto\/infanzia-di-bellini\/\" \/>\n<meta property=\"og:locale\" content=\"en_US\" \/>\n<meta property=\"og:type\" content=\"article\" \/>\n<meta property=\"og:title\" content=\"&quot;Infanzia di Bellini&quot; - Museo Bellini\" \/>\n<meta property=\"og:description\" content=\"Grimaldi, Salvatore - 1901\" \/>\n<meta property=\"og:url\" content=\"https:\/\/www.museovincenzobellini.it\/en\/oggetto\/infanzia-di-bellini\/\" \/>\n<meta property=\"og:site_name\" content=\"Museo Bellini\" \/>\n<meta property=\"article:modified_time\" content=\"2023-03-21T15:57:31+00:00\" \/>\n<meta property=\"og:image\" content=\"https:\/\/www.museovincenzobellini.it\/wp-content\/uploads\/2021\/07\/Grimaldi_Infanzia-di-Bellini-2.jpg\" \/>\n\t<meta property=\"og:image:width\" content=\"369\" \/>\n\t<meta property=\"og:image:height\" content=\"198\" \/>\n\t<meta property=\"og:image:type\" content=\"image\/jpeg\" \/>\n<meta name=\"twitter:card\" content=\"summary_large_image\" \/>\n<meta name=\"twitter:label1\" content=\"Est. reading time\" \/>\n\t<meta name=\"twitter:data1\" content=\"3 minutes\" \/>\n<script type=\"application\/ld+json\" class=\"yoast-schema-graph\">{\"@context\":\"https:\/\/schema.org\",\"@graph\":[{\"@type\":\"WebPage\",\"@id\":\"https:\/\/www.museovincenzobellini.it\/en\/oggetto\/infanzia-di-bellini\/\",\"url\":\"https:\/\/www.museovincenzobellini.it\/en\/oggetto\/infanzia-di-bellini\/\",\"name\":\"\\\"Infanzia di Bellini\\\" - Museo Bellini\",\"isPartOf\":{\"@id\":\"https:\/\/www.museovincenzobellini.it\/#website\"},\"datePublished\":\"2021-07-22T11:12:13+00:00\",\"dateModified\":\"2023-03-21T15:57:31+00:00\",\"breadcrumb\":{\"@id\":\"https:\/\/www.museovincenzobellini.it\/en\/oggetto\/infanzia-di-bellini\/#breadcrumb\"},\"inLanguage\":\"en-US\",\"potentialAction\":[{\"@type\":\"ReadAction\",\"target\":[\"https:\/\/www.museovincenzobellini.it\/en\/oggetto\/infanzia-di-bellini\/\"]}]},{\"@type\":\"BreadcrumbList\",\"@id\":\"https:\/\/www.museovincenzobellini.it\/en\/oggetto\/infanzia-di-bellini\/#breadcrumb\",\"itemListElement\":[{\"@type\":\"ListItem\",\"position\":1,\"name\":\"Home\",\"item\":\"https:\/\/www.museovincenzobellini.it\/en\/\"},{\"@type\":\"ListItem\",\"position\":2,\"name\":\"Oggetti\",\"item\":\"https:\/\/www.museovincenzobellini.it\/en\/oggetto\/\"},{\"@type\":\"ListItem\",\"position\":3,\"name\":\"&#8220;Infanzia di Bellini&#8221;\"}]},{\"@type\":\"WebSite\",\"@id\":\"https:\/\/www.museovincenzobellini.it\/#website\",\"url\":\"https:\/\/www.museovincenzobellini.it\/\",\"name\":\"Museo Bellini\",\"description\":\"\",\"publisher\":{\"@id\":\"https:\/\/www.museovincenzobellini.it\/#organization\"},\"potentialAction\":[{\"@type\":\"SearchAction\",\"target\":{\"@type\":\"EntryPoint\",\"urlTemplate\":\"https:\/\/www.museovincenzobellini.it\/?s={search_term_string}\"},\"query-input\":\"required name=search_term_string\"}],\"inLanguage\":\"en-US\"},{\"@type\":\"Organization\",\"@id\":\"https:\/\/www.museovincenzobellini.it\/#organization\",\"name\":\"Museo Bellini\",\"url\":\"https:\/\/www.museovincenzobellini.it\/\",\"logo\":{\"@type\":\"ImageObject\",\"inLanguage\":\"en-US\",\"@id\":\"https:\/\/www.museovincenzobellini.it\/#\/schema\/logo\/image\/\",\"url\":\"https:\/\/www.museovincenzobellini.it\/wp-content\/uploads\/2022\/04\/cropped-red.png\",\"contentUrl\":\"https:\/\/www.museovincenzobellini.it\/wp-content\/uploads\/2022\/04\/cropped-red.png\",\"width\":400,\"height\":205,\"caption\":\"Museo Bellini\"},\"image\":{\"@id\":\"https:\/\/www.museovincenzobellini.it\/#\/schema\/logo\/image\/\"}}]}<\/script>\n<!-- \/ Yoast SEO plugin. -->","yoast_head_json":{"title":"\"Infanzia di Bellini\" - Museo Bellini","robots":{"index":"index","follow":"follow","max-snippet":"max-snippet:-1","max-image-preview":"max-image-preview:large","max-video-preview":"max-video-preview:-1"},"canonical":"https:\/\/www.museovincenzobellini.it\/en\/oggetto\/infanzia-di-bellini\/","og_locale":"en_US","og_type":"article","og_title":"\"Infanzia di Bellini\" - Museo Bellini","og_description":"Grimaldi, Salvatore - 1901","og_url":"https:\/\/www.museovincenzobellini.it\/en\/oggetto\/infanzia-di-bellini\/","og_site_name":"Museo Bellini","article_modified_time":"2023-03-21T15:57:31+00:00","og_image":[{"width":369,"height":198,"url":"https:\/\/www.museovincenzobellini.it\/wp-content\/uploads\/2021\/07\/Grimaldi_Infanzia-di-Bellini-2.jpg","type":"image\/jpeg"}],"twitter_card":"summary_large_image","twitter_misc":{"Est. reading time":"3 minutes"},"schema":{"@context":"https:\/\/schema.org","@graph":[{"@type":"WebPage","@id":"https:\/\/www.museovincenzobellini.it\/en\/oggetto\/infanzia-di-bellini\/","url":"https:\/\/www.museovincenzobellini.it\/en\/oggetto\/infanzia-di-bellini\/","name":"\"Infanzia di Bellini\" - Museo Bellini","isPartOf":{"@id":"https:\/\/www.museovincenzobellini.it\/#website"},"datePublished":"2021-07-22T11:12:13+00:00","dateModified":"2023-03-21T15:57:31+00:00","breadcrumb":{"@id":"https:\/\/www.museovincenzobellini.it\/en\/oggetto\/infanzia-di-bellini\/#breadcrumb"},"inLanguage":"en-US","potentialAction":[{"@type":"ReadAction","target":["https:\/\/www.museovincenzobellini.it\/en\/oggetto\/infanzia-di-bellini\/"]}]},{"@type":"BreadcrumbList","@id":"https:\/\/www.museovincenzobellini.it\/en\/oggetto\/infanzia-di-bellini\/#breadcrumb","itemListElement":[{"@type":"ListItem","position":1,"name":"Home","item":"https:\/\/www.museovincenzobellini.it\/en\/"},{"@type":"ListItem","position":2,"name":"Oggetti","item":"https:\/\/www.museovincenzobellini.it\/en\/oggetto\/"},{"@type":"ListItem","position":3,"name":"&#8220;Infanzia di Bellini&#8221;"}]},{"@type":"WebSite","@id":"https:\/\/www.museovincenzobellini.it\/#website","url":"https:\/\/www.museovincenzobellini.it\/","name":"Museo Bellini","description":"","publisher":{"@id":"https:\/\/www.museovincenzobellini.it\/#organization"},"potentialAction":[{"@type":"SearchAction","target":{"@type":"EntryPoint","urlTemplate":"https:\/\/www.museovincenzobellini.it\/?s={search_term_string}"},"query-input":"required name=search_term_string"}],"inLanguage":"en-US"},{"@type":"Organization","@id":"https:\/\/www.museovincenzobellini.it\/#organization","name":"Museo Bellini","url":"https:\/\/www.museovincenzobellini.it\/","logo":{"@type":"ImageObject","inLanguage":"en-US","@id":"https:\/\/www.museovincenzobellini.it\/#\/schema\/logo\/image\/","url":"https:\/\/www.museovincenzobellini.it\/wp-content\/uploads\/2022\/04\/cropped-red.png","contentUrl":"https:\/\/www.museovincenzobellini.it\/wp-content\/uploads\/2022\/04\/cropped-red.png","width":400,"height":205,"caption":"Museo Bellini"},"image":{"@id":"https:\/\/www.museovincenzobellini.it\/#\/schema\/logo\/image\/"}}]}},"_links":{"self":[{"href":"https:\/\/www.museovincenzobellini.it\/en\/wp-json\/wp\/v2\/oggetto\/1047","targetHints":{"allow":["GET"]}}],"collection":[{"href":"https:\/\/www.museovincenzobellini.it\/en\/wp-json\/wp\/v2\/oggetto"}],"about":[{"href":"https:\/\/www.museovincenzobellini.it\/en\/wp-json\/wp\/v2\/types\/oggetto"}],"author":[{"embeddable":true,"href":"https:\/\/www.museovincenzobellini.it\/en\/wp-json\/wp\/v2\/users\/1"}],"version-history":[{"count":4,"href":"https:\/\/www.museovincenzobellini.it\/en\/wp-json\/wp\/v2\/oggetto\/1047\/revisions"}],"predecessor-version":[{"id":25959,"href":"https:\/\/www.museovincenzobellini.it\/en\/wp-json\/wp\/v2\/oggetto\/1047\/revisions\/25959"}],"wp:featuredmedia":[{"embeddable":true,"href":"https:\/\/www.museovincenzobellini.it\/en\/wp-json\/wp\/v2\/media\/25955"}],"wp:attachment":[{"href":"https:\/\/www.museovincenzobellini.it\/en\/wp-json\/wp\/v2\/media?parent=1047"}],"wp:term":[{"taxonomy":"citta","embeddable":true,"href":"https:\/\/www.museovincenzobellini.it\/en\/wp-json\/wp\/v2\/citta?post=1047"},{"taxonomy":"lingua","embeddable":true,"href":"https:\/\/www.museovincenzobellini.it\/en\/wp-json\/wp\/v2\/lingua?post=1047"},{"taxonomy":"categoria_oggetto","embeddable":true,"href":"https:\/\/www.museovincenzobellini.it\/en\/wp-json\/wp\/v2\/categoria_oggetto?post=1047"},{"taxonomy":"ambito","embeddable":true,"href":"https:\/\/www.museovincenzobellini.it\/en\/wp-json\/wp\/v2\/ambito?post=1047"},{"taxonomy":"materiali","embeddable":true,"href":"https:\/\/www.museovincenzobellini.it\/en\/wp-json\/wp\/v2\/materiali?post=1047"},{"taxonomy":"tecnica","embeddable":true,"href":"https:\/\/www.museovincenzobellini.it\/en\/wp-json\/wp\/v2\/tecnica?post=1047"},{"taxonomy":"ubicazione","embeddable":true,"href":"https:\/\/www.museovincenzobellini.it\/en\/wp-json\/wp\/v2\/ubicazione?post=1047"},{"taxonomy":"identificazione","embeddable":true,"href":"https:\/\/www.museovincenzobellini.it\/en\/wp-json\/wp\/v2\/identificazione?post=1047"},{"taxonomy":"produttore","embeddable":true,"href":"https:\/\/www.museovincenzobellini.it\/en\/wp-json\/wp\/v2\/produttore?post=1047"},{"taxonomy":"manifattura","embeddable":true,"href":"https:\/\/www.museovincenzobellini.it\/en\/wp-json\/wp\/v2\/manifattura?post=1047"},{"taxonomy":"consistenza","embeddable":true,"href":"https:\/\/www.museovincenzobellini.it\/en\/wp-json\/wp\/v2\/consistenza?post=1047"},{"taxonomy":"sezioni","embeddable":true,"href":"https:\/\/www.museovincenzobellini.it\/en\/wp-json\/wp\/v2\/sezioni?post=1047"},{"taxonomy":"forma_musicale","embeddable":true,"href":"https:\/\/www.museovincenzobellini.it\/en\/wp-json\/wp\/v2\/forma_musicale?post=1047"},{"taxonomy":"tonalita","embeddable":true,"href":"https:\/\/www.museovincenzobellini.it\/en\/wp-json\/wp\/v2\/tonalita?post=1047"}],"curies":[{"name":"wp","href":"https:\/\/api.w.org\/{rel}","templated":true}]}}

<p>L’opera è una statua in gesso eseguita dallo scultore catanese Salvatore Grimaldi nel 1901, in occasione del centenario della nascita di Vincenzo Bellini. Compiuti i vent’anni, lo scultore decise di trasferirsi a Firenze, dove frequentò le lezioni del maestro senese Giovanni Duprè, da cui ricevette una formazione purista, presso l’Accademia di Belle Arti. Salvatore Grimaldi abitò a Firenze per circa otto anni, lavorando ed esponendo alcuni busti ed altre opere in terracotta negli anni ’70 dell’Ottocento. Tornato a Catania, ormai quasi trentenne, gli furono commissionati dei lavori che lo impegnarono nella decorazione di alcuni ambienti della città, come ad esempio il Giardino Bellini, dove, ancora oggi, è possibile ammirare un busto del re Vittorio Emanuele II, considerato un ritratto davvero somigliante, e quello del Conte di Cavour. Inoltre, per la facciata del duomo di Catania, realizzò la statua di Sant’ Everio. La statua del museo civico belliniano rappresenta l’«Infanzia di Vincenzo Bellini», un fanciullo di circa sei anni, realizzata ad altezza naturale. L’opera risente della formazione purista ricevuta a Firenze, dove Grimaldi, grazie al contatto con il maestro Giovanni Duprè, fu, probabilmente, influenzato dalle opere dell’artista Lorenzo Bartolini, il quale restrinse il suo insegnamento, non più all’imitazione dei classici, piuttosto a quella della natura, senza pregiudizi ideali. La statua presenta all&#8217;osservatore un bimbo di circa sei anni, il quale punta verso l&#8217;alto, il dito della mano destra, come se stesse battendo il tempo di una musica, quella probabilmente scritturata nella carta che tiene, invece, nell&#8217;altra mano. Lo sguardo è vuoto perché il soggetto è colto nell’attimo della meditazione (Neri). In una lettera indirizzata al presidente del Real Circolo Bellini, Giuseppe Giuliano, oggi conservato all&#8217;archivio di Stato di Catania lo scultore dichiarava i motivi che lo spinsero alla realizzazione dell’opera, non commissionata da privati piuttosto eseguita su iniziativa dello stesso artista: «Ill.mo Sig. Presidente, Vincenzo Bellini all’età di sei anni musicò le parole del Passio: Gallo cantavit ecc. Leggendo ciò nella biografia del Cicconetti, vidi nella mia fantasia il Bellini fanciullo, tenendo nella mano sinistra una carta musicata, con l’indice della destra battere il tempo di quella musica e lo sguardo fisso nel vuoto. Quella fantasia la realizzai in una statuetta di marmo a grandezza naturale e la battezzai l’Infanzia di Bellini. Nell’occasione del primo centenario della sua nascita, mi permetto d’inviarle una fotografia di detta statua e d’un&#8217;altra fotografia pure in marmo del grande maestro… […], Catania, 10 settembre 1901, Salvatore Grimaldi».. La statua fu esposta nel 1907 a Catania durante la IIª Mostra Siciliana insieme ad altre sue opere: I Fratelli Pii (gruppo in gesso) e La Ciociara, (marmo). La scultura in gesso fu donata al museo dalla famiglia dello stesso scultore.</p>
