{"id":1043,"date":"2021-07-22T12:12:10","date_gmt":"2021-07-22T11:12:10","guid":{"rendered":"http:\/\/www.museovincenzobellini.it\/oggetto\/ritratto-di-vincenzo-bellini-in-giovane-eta\/"},"modified":"2022-04-19T10:39:28","modified_gmt":"2022-04-19T09:39:28","slug":"ritratto-di-vincenzo-bellini-in-giovane-eta","status":"publish","type":"oggetto","link":"https:\/\/www.museovincenzobellini.it\/en\/oggetto\/ritratto-di-vincenzo-bellini-in-giovane-eta\/","title":{"rendered":"Ritratto di Vincenzo Bellini in giovane et\u00e0"},"content":{"rendered":"<p>Del dipinto, purtroppo, non esiste alcuna documentazione. L\u2019unico dato certo \u00e8 che il dipinto postumo fu commissionato dall\u2019intimo amico del compositore, Francesco Florimo (quindi da datare non oltre la sua data di morte, avvenuta nel 1888). Il dipinto successivamente fu acquistato a Napoli dal maestro catanese Antonino Strano che lo don\u00f2 al museo prima del 1935. Il ritratto fu eseguito dal pittore napoletano, Federico Maldarelli, che ricostruisce &#8220;il volto di un Bellini giovanissimo e insolitamente castano e che insieme ad una discussa tela di anonimo, che lo ritrae adulto, \u00e8 l\u2019unica fonte che lo testimonia bruno&#8221;. Federico, figlio di Gennaro Maldarelli &#8211; un pittore di genere storico, attivo tra il secondo e il terzo decennio dell\u2019Ottocento, di formazione neoclassica camucciana ed esordiente nel campo della committenza di corte &#8211; si avvicin\u00f2 alla pittura di genere religioso che coniug\u00f2 all\u2019inclinazione purista dagli influssi dello storicismo morelliano. Egli fu allievo dell\u2019abruzzese Costanzo Angelini (Monte San Giusto 1760-Napoli 1853), maestro \u00abdal 1808 delle Reali Scuole delle Arti di Disegno e di Figura\u00bb e pittore di impronta neoclassica di cultura davidiana che durante il decennio francese, dopo la restaurazione ferdinandea, pieg\u00f2 il suo stile ad operazioni di mera propaganda borbonica. Federico Maldarelli fu grande amico di Domenico Morelli dal quale si distacc\u00f2 stilisticamente, scegliendo per le sue opere, alcuni soggetti di genere religioso (soprattutto per la committenza reale ed ecclesiastica). In seguito, dagli anni Sessanta in poi, si affacci\u00f2 al genere neopompeiano e realista, a cui deve la sua maggiore fortuna commerciale e di pubblico. Egli, per\u00f2, rester\u00e0 per tutta la vita legato ad un linguaggio neoclassico di stampo accademico che non trov\u00f2 riscontro in ambito partenopeo, dove la figura di Domenico Morelli era predominante. Federico Maldarelli d\u00e0 prova, nel dipinto belliniano, delle sue doti di perfetto ritrattista. Il quadro \u00e8 un saggio d\u2019intenso vigore psicologico ed \u00e8 collegato agli interessi di tipo realista, temprati, per\u00f2, dalla finezza e dalla precisione del linguaggio neoclassico. \u00c9 rappresentato un giovane Vincenzo Bellini, vestito alla moda, con una giacca e una camicia dal colletto alto, senza la cravatta che lo rimanderebbe all\u2019et\u00e0 adulta. Il volto di Bellini fu ricostruito dal pittore in base ad alcuni documenti iconografici esistenti ed ai suggerimenti del committente, Francesco Florimo, bibliotecario del Conservatorio di San Pietro a Majella di Napoli, il quale giudic\u00f2 il soggetto molto somigliante \u00abnonostante i capelli castani\u00bb (Condorelli).<\/p>\n","protected":false},"excerpt":{"rendered":"<p>Maldarelli, Federico &#8211; 1870-1888<\/p>\n","protected":false},"author":1,"featured_media":1044,"menu_order":0,"template":"","meta":{"footnotes":""},"citta":[],"lingua":[],"categoria_oggetto":[42],"ambito":[],"materiali":[85],"tecnica":[86],"ubicazione":[45],"identificazione":[104,105],"produttore":[],"manifattura":[],"consistenza":[],"sezioni":[716],"forma_musicale":[],"tonalita":[],"class_list":["post-1043","oggetto","type-oggetto","status-publish","has-post-thumbnail","hentry","categoria_oggetto-dipinto","materiali-tela","tecnica-pittura-ad-olio","ubicazione-sala-2-casa-natate","identificazione-bellini","identificazione-vincenzo","sezioni-art-objects"],"yoast_head":"<!-- This site is optimized with the Yoast SEO plugin v20.2.1 - https:\/\/yoast.com\/wordpress\/plugins\/seo\/ -->\n<title>Ritratto di Vincenzo Bellini in giovane et\u00e0 - Museo Bellini<\/title>\n<meta name=\"robots\" content=\"index, follow, max-snippet:-1, max-image-preview:large, max-video-preview:-1\" \/>\n<link rel=\"canonical\" href=\"https:\/\/www.museovincenzobellini.it\/en\/oggetto\/ritratto-di-vincenzo-bellini-in-giovane-eta\/\" \/>\n<meta property=\"og:locale\" content=\"en_US\" \/>\n<meta property=\"og:type\" content=\"article\" \/>\n<meta property=\"og:title\" content=\"Ritratto di Vincenzo Bellini in giovane et\u00e0 - Museo Bellini\" \/>\n<meta property=\"og:description\" content=\"Maldarelli, Federico - 1870-1888\" \/>\n<meta property=\"og:url\" content=\"https:\/\/www.museovincenzobellini.it\/en\/oggetto\/ritratto-di-vincenzo-bellini-in-giovane-eta\/\" \/>\n<meta property=\"og:site_name\" content=\"Museo Bellini\" \/>\n<meta property=\"article:modified_time\" content=\"2022-04-19T09:39:28+00:00\" \/>\n<meta property=\"og:image\" content=\"https:\/\/www.museovincenzobellini.it\/wp-content\/uploads\/2021\/07\/ritratto-Bellini-di-Antonio-Strano15x21stampa-732x1024.jpg\" \/>\n\t<meta property=\"og:image:width\" content=\"732\" \/>\n\t<meta property=\"og:image:height\" content=\"1024\" \/>\n\t<meta property=\"og:image:type\" content=\"image\/jpeg\" \/>\n<meta name=\"twitter:card\" content=\"summary_large_image\" \/>\n<meta name=\"twitter:label1\" content=\"Est. reading time\" \/>\n\t<meta name=\"twitter:data1\" content=\"2 minutes\" \/>\n<script type=\"application\/ld+json\" class=\"yoast-schema-graph\">{\"@context\":\"https:\/\/schema.org\",\"@graph\":[{\"@type\":\"WebPage\",\"@id\":\"https:\/\/www.museovincenzobellini.it\/en\/oggetto\/ritratto-di-vincenzo-bellini-in-giovane-eta\/\",\"url\":\"https:\/\/www.museovincenzobellini.it\/en\/oggetto\/ritratto-di-vincenzo-bellini-in-giovane-eta\/\",\"name\":\"Ritratto di Vincenzo Bellini in giovane et\u00e0 - Museo Bellini\",\"isPartOf\":{\"@id\":\"https:\/\/www.museovincenzobellini.it\/#website\"},\"datePublished\":\"2021-07-22T11:12:10+00:00\",\"dateModified\":\"2022-04-19T09:39:28+00:00\",\"breadcrumb\":{\"@id\":\"https:\/\/www.museovincenzobellini.it\/en\/oggetto\/ritratto-di-vincenzo-bellini-in-giovane-eta\/#breadcrumb\"},\"inLanguage\":\"en-US\",\"potentialAction\":[{\"@type\":\"ReadAction\",\"target\":[\"https:\/\/www.museovincenzobellini.it\/en\/oggetto\/ritratto-di-vincenzo-bellini-in-giovane-eta\/\"]}]},{\"@type\":\"BreadcrumbList\",\"@id\":\"https:\/\/www.museovincenzobellini.it\/en\/oggetto\/ritratto-di-vincenzo-bellini-in-giovane-eta\/#breadcrumb\",\"itemListElement\":[{\"@type\":\"ListItem\",\"position\":1,\"name\":\"Home\",\"item\":\"https:\/\/www.museovincenzobellini.it\/en\/\"},{\"@type\":\"ListItem\",\"position\":2,\"name\":\"Oggetti\",\"item\":\"https:\/\/www.museovincenzobellini.it\/en\/oggetto\/\"},{\"@type\":\"ListItem\",\"position\":3,\"name\":\"Ritratto di Vincenzo Bellini in giovane et\u00e0\"}]},{\"@type\":\"WebSite\",\"@id\":\"https:\/\/www.museovincenzobellini.it\/#website\",\"url\":\"https:\/\/www.museovincenzobellini.it\/\",\"name\":\"Museo Bellini\",\"description\":\"\",\"publisher\":{\"@id\":\"https:\/\/www.museovincenzobellini.it\/#organization\"},\"potentialAction\":[{\"@type\":\"SearchAction\",\"target\":{\"@type\":\"EntryPoint\",\"urlTemplate\":\"https:\/\/www.museovincenzobellini.it\/?s={search_term_string}\"},\"query-input\":\"required name=search_term_string\"}],\"inLanguage\":\"en-US\"},{\"@type\":\"Organization\",\"@id\":\"https:\/\/www.museovincenzobellini.it\/#organization\",\"name\":\"Museo Bellini\",\"url\":\"https:\/\/www.museovincenzobellini.it\/\",\"logo\":{\"@type\":\"ImageObject\",\"inLanguage\":\"en-US\",\"@id\":\"https:\/\/www.museovincenzobellini.it\/#\/schema\/logo\/image\/\",\"url\":\"https:\/\/www.museovincenzobellini.it\/wp-content\/uploads\/2022\/04\/cropped-red.png\",\"contentUrl\":\"https:\/\/www.museovincenzobellini.it\/wp-content\/uploads\/2022\/04\/cropped-red.png\",\"width\":400,\"height\":205,\"caption\":\"Museo Bellini\"},\"image\":{\"@id\":\"https:\/\/www.museovincenzobellini.it\/#\/schema\/logo\/image\/\"}}]}<\/script>\n<!-- \/ Yoast SEO plugin. -->","yoast_head_json":{"title":"Ritratto di Vincenzo Bellini in giovane et\u00e0 - Museo Bellini","robots":{"index":"index","follow":"follow","max-snippet":"max-snippet:-1","max-image-preview":"max-image-preview:large","max-video-preview":"max-video-preview:-1"},"canonical":"https:\/\/www.museovincenzobellini.it\/en\/oggetto\/ritratto-di-vincenzo-bellini-in-giovane-eta\/","og_locale":"en_US","og_type":"article","og_title":"Ritratto di Vincenzo Bellini in giovane et\u00e0 - Museo Bellini","og_description":"Maldarelli, Federico - 1870-1888","og_url":"https:\/\/www.museovincenzobellini.it\/en\/oggetto\/ritratto-di-vincenzo-bellini-in-giovane-eta\/","og_site_name":"Museo Bellini","article_modified_time":"2022-04-19T09:39:28+00:00","og_image":[{"width":732,"height":1024,"url":"https:\/\/www.museovincenzobellini.it\/wp-content\/uploads\/2021\/07\/ritratto-Bellini-di-Antonio-Strano15x21stampa-732x1024.jpg","type":"image\/jpeg"}],"twitter_card":"summary_large_image","twitter_misc":{"Est. reading time":"2 minutes"},"schema":{"@context":"https:\/\/schema.org","@graph":[{"@type":"WebPage","@id":"https:\/\/www.museovincenzobellini.it\/en\/oggetto\/ritratto-di-vincenzo-bellini-in-giovane-eta\/","url":"https:\/\/www.museovincenzobellini.it\/en\/oggetto\/ritratto-di-vincenzo-bellini-in-giovane-eta\/","name":"Ritratto di Vincenzo Bellini in giovane et\u00e0 - Museo Bellini","isPartOf":{"@id":"https:\/\/www.museovincenzobellini.it\/#website"},"datePublished":"2021-07-22T11:12:10+00:00","dateModified":"2022-04-19T09:39:28+00:00","breadcrumb":{"@id":"https:\/\/www.museovincenzobellini.it\/en\/oggetto\/ritratto-di-vincenzo-bellini-in-giovane-eta\/#breadcrumb"},"inLanguage":"en-US","potentialAction":[{"@type":"ReadAction","target":["https:\/\/www.museovincenzobellini.it\/en\/oggetto\/ritratto-di-vincenzo-bellini-in-giovane-eta\/"]}]},{"@type":"BreadcrumbList","@id":"https:\/\/www.museovincenzobellini.it\/en\/oggetto\/ritratto-di-vincenzo-bellini-in-giovane-eta\/#breadcrumb","itemListElement":[{"@type":"ListItem","position":1,"name":"Home","item":"https:\/\/www.museovincenzobellini.it\/en\/"},{"@type":"ListItem","position":2,"name":"Oggetti","item":"https:\/\/www.museovincenzobellini.it\/en\/oggetto\/"},{"@type":"ListItem","position":3,"name":"Ritratto di Vincenzo Bellini in giovane et\u00e0"}]},{"@type":"WebSite","@id":"https:\/\/www.museovincenzobellini.it\/#website","url":"https:\/\/www.museovincenzobellini.it\/","name":"Museo Bellini","description":"","publisher":{"@id":"https:\/\/www.museovincenzobellini.it\/#organization"},"potentialAction":[{"@type":"SearchAction","target":{"@type":"EntryPoint","urlTemplate":"https:\/\/www.museovincenzobellini.it\/?s={search_term_string}"},"query-input":"required name=search_term_string"}],"inLanguage":"en-US"},{"@type":"Organization","@id":"https:\/\/www.museovincenzobellini.it\/#organization","name":"Museo Bellini","url":"https:\/\/www.museovincenzobellini.it\/","logo":{"@type":"ImageObject","inLanguage":"en-US","@id":"https:\/\/www.museovincenzobellini.it\/#\/schema\/logo\/image\/","url":"https:\/\/www.museovincenzobellini.it\/wp-content\/uploads\/2022\/04\/cropped-red.png","contentUrl":"https:\/\/www.museovincenzobellini.it\/wp-content\/uploads\/2022\/04\/cropped-red.png","width":400,"height":205,"caption":"Museo Bellini"},"image":{"@id":"https:\/\/www.museovincenzobellini.it\/#\/schema\/logo\/image\/"}}]}},"_links":{"self":[{"href":"https:\/\/www.museovincenzobellini.it\/en\/wp-json\/wp\/v2\/oggetto\/1043","targetHints":{"allow":["GET"]}}],"collection":[{"href":"https:\/\/www.museovincenzobellini.it\/en\/wp-json\/wp\/v2\/oggetto"}],"about":[{"href":"https:\/\/www.museovincenzobellini.it\/en\/wp-json\/wp\/v2\/types\/oggetto"}],"author":[{"embeddable":true,"href":"https:\/\/www.museovincenzobellini.it\/en\/wp-json\/wp\/v2\/users\/1"}],"version-history":[{"count":2,"href":"https:\/\/www.museovincenzobellini.it\/en\/wp-json\/wp\/v2\/oggetto\/1043\/revisions"}],"predecessor-version":[{"id":13601,"href":"https:\/\/www.museovincenzobellini.it\/en\/wp-json\/wp\/v2\/oggetto\/1043\/revisions\/13601"}],"wp:featuredmedia":[{"embeddable":true,"href":"https:\/\/www.museovincenzobellini.it\/en\/wp-json\/wp\/v2\/media\/1044"}],"wp:attachment":[{"href":"https:\/\/www.museovincenzobellini.it\/en\/wp-json\/wp\/v2\/media?parent=1043"}],"wp:term":[{"taxonomy":"citta","embeddable":true,"href":"https:\/\/www.museovincenzobellini.it\/en\/wp-json\/wp\/v2\/citta?post=1043"},{"taxonomy":"lingua","embeddable":true,"href":"https:\/\/www.museovincenzobellini.it\/en\/wp-json\/wp\/v2\/lingua?post=1043"},{"taxonomy":"categoria_oggetto","embeddable":true,"href":"https:\/\/www.museovincenzobellini.it\/en\/wp-json\/wp\/v2\/categoria_oggetto?post=1043"},{"taxonomy":"ambito","embeddable":true,"href":"https:\/\/www.museovincenzobellini.it\/en\/wp-json\/wp\/v2\/ambito?post=1043"},{"taxonomy":"materiali","embeddable":true,"href":"https:\/\/www.museovincenzobellini.it\/en\/wp-json\/wp\/v2\/materiali?post=1043"},{"taxonomy":"tecnica","embeddable":true,"href":"https:\/\/www.museovincenzobellini.it\/en\/wp-json\/wp\/v2\/tecnica?post=1043"},{"taxonomy":"ubicazione","embeddable":true,"href":"https:\/\/www.museovincenzobellini.it\/en\/wp-json\/wp\/v2\/ubicazione?post=1043"},{"taxonomy":"identificazione","embeddable":true,"href":"https:\/\/www.museovincenzobellini.it\/en\/wp-json\/wp\/v2\/identificazione?post=1043"},{"taxonomy":"produttore","embeddable":true,"href":"https:\/\/www.museovincenzobellini.it\/en\/wp-json\/wp\/v2\/produttore?post=1043"},{"taxonomy":"manifattura","embeddable":true,"href":"https:\/\/www.museovincenzobellini.it\/en\/wp-json\/wp\/v2\/manifattura?post=1043"},{"taxonomy":"consistenza","embeddable":true,"href":"https:\/\/www.museovincenzobellini.it\/en\/wp-json\/wp\/v2\/consistenza?post=1043"},{"taxonomy":"sezioni","embeddable":true,"href":"https:\/\/www.museovincenzobellini.it\/en\/wp-json\/wp\/v2\/sezioni?post=1043"},{"taxonomy":"forma_musicale","embeddable":true,"href":"https:\/\/www.museovincenzobellini.it\/en\/wp-json\/wp\/v2\/forma_musicale?post=1043"},{"taxonomy":"tonalita","embeddable":true,"href":"https:\/\/www.museovincenzobellini.it\/en\/wp-json\/wp\/v2\/tonalita?post=1043"}],"curies":[{"name":"wp","href":"https:\/\/api.w.org\/{rel}","templated":true}]}}

Ritratto di Vincenzo Bellini in giovane età

<p>Del dipinto, purtroppo, non esiste alcuna documentazione. L’unico dato certo è che il dipinto postumo fu commissionato dall’intimo amico del compositore, Francesco Florimo (quindi da datare non oltre la sua data di morte, avvenuta nel 1888). Il dipinto successivamente fu acquistato a Napoli dal maestro catanese Antonino Strano che lo donò al museo prima del 1935. Il ritratto fu eseguito dal pittore napoletano, Federico Maldarelli, che ricostruisce &#8220;il volto di un Bellini giovanissimo e insolitamente castano e che insieme ad una discussa tela di anonimo, che lo ritrae adulto, è l’unica fonte che lo testimonia bruno&#8221;. Federico, figlio di Gennaro Maldarelli &#8211; un pittore di genere storico, attivo tra il secondo e il terzo decennio dell’Ottocento, di formazione neoclassica camucciana ed esordiente nel campo della committenza di corte &#8211; si avvicinò alla pittura di genere religioso che coniugò all’inclinazione purista dagli influssi dello storicismo morelliano. Egli fu allievo dell’abruzzese Costanzo Angelini (Monte San Giusto 1760-Napoli 1853), maestro «dal 1808 delle Reali Scuole delle Arti di Disegno e di Figura» e pittore di impronta neoclassica di cultura davidiana che durante il decennio francese, dopo la restaurazione ferdinandea, piegò il suo stile ad operazioni di mera propaganda borbonica. Federico Maldarelli fu grande amico di Domenico Morelli dal quale si distaccò stilisticamente, scegliendo per le sue opere, alcuni soggetti di genere religioso (soprattutto per la committenza reale ed ecclesiastica). In seguito, dagli anni Sessanta in poi, si affacciò al genere neopompeiano e realista, a cui deve la sua maggiore fortuna commerciale e di pubblico. Egli, però, resterà per tutta la vita legato ad un linguaggio neoclassico di stampo accademico che non trovò riscontro in ambito partenopeo, dove la figura di Domenico Morelli era predominante. Federico Maldarelli dà prova, nel dipinto belliniano, delle sue doti di perfetto ritrattista. Il quadro è un saggio d’intenso vigore psicologico ed è collegato agli interessi di tipo realista, temprati, però, dalla finezza e dalla precisione del linguaggio neoclassico. É rappresentato un giovane Vincenzo Bellini, vestito alla moda, con una giacca e una camicia dal colletto alto, senza la cravatta che lo rimanderebbe all’età adulta. Il volto di Bellini fu ricostruito dal pittore in base ad alcuni documenti iconografici esistenti ed ai suggerimenti del committente, Francesco Florimo, bibliotecario del Conservatorio di San Pietro a Majella di Napoli, il quale giudicò il soggetto molto somigliante «nonostante i capelli castani» (Condorelli).</p>

<!-- This site is optimized with the Yoast SEO plugin v20.2.1 - https://yoast.com/wordpress/plugins/seo/ -->
<title>Ritratto di Vincenzo Bellini in giovane età - Museo Bellini</title>
<meta name="robots" content="index, follow, max-snippet:-1, max-image-preview:large, max-video-preview:-1" />
<link rel="canonical" href="https://www.museovincenzobellini.it/en/oggetto/ritratto-di-vincenzo-bellini-in-giovane-eta/" />
<meta property="og:locale" content="en_US" />
<meta property="og:type" content="article" />
<meta property="og:title" content="Ritratto di Vincenzo Bellini in giovane età - Museo Bellini" />
<meta property="og:description" content="Maldarelli, Federico - 1870-1888" />
<meta property="og:url" content="https://www.museovincenzobellini.it/en/oggetto/ritratto-di-vincenzo-bellini-in-giovane-eta/" />
<meta property="og:site_name" content="Museo Bellini" />
<meta property="article:modified_time" content="2022-04-19T09:39:28+00:00" />
<meta property="og:image" content="https://www.museovincenzobellini.it/wp-content/uploads/2021/07/ritratto-Bellini-di-Antonio-Strano15x21stampa-732x1024.jpg" />
	<meta property="og:image:width" content="732" />
	<meta property="og:image:height" content="1024" />
	<meta property="og:image:type" content="image/jpeg" />
<meta name="twitter:card" content="summary_large_image" />
<meta name="twitter:label1" content="Est. reading time" />
	<meta name="twitter:data1" content="2 minutes" />
<script type="application/ld+json" class="yoast-schema-graph">{"@context":"https://schema.org","@graph":[{"@type":"WebPage","@id":"https://www.museovincenzobellini.it/en/oggetto/ritratto-di-vincenzo-bellini-in-giovane-eta/","url":"https://www.museovincenzobellini.it/en/oggetto/ritratto-di-vincenzo-bellini-in-giovane-eta/","name":"Ritratto di Vincenzo Bellini in giovane età - Museo Bellini","isPartOf":{"@id":"https://www.museovincenzobellini.it/#website"},"datePublished":"2021-07-22T11:12:10+00:00","dateModified":"2022-04-19T09:39:28+00:00","breadcrumb":{"@id":"https://www.museovincenzobellini.it/en/oggetto/ritratto-di-vincenzo-bellini-in-giovane-eta/#breadcrumb"},"inLanguage":"en-US","potentialAction":[{"@type":"ReadAction","target":["https://www.museovincenzobellini.it/en/oggetto/ritratto-di-vincenzo-bellini-in-giovane-eta/"]}]},{"@type":"BreadcrumbList","@id":"https://www.museovincenzobellini.it/en/oggetto/ritratto-di-vincenzo-bellini-in-giovane-eta/#breadcrumb","itemListElement":[{"@type":"ListItem","position":1,"name":"Home","item":"https://www.museovincenzobellini.it/en/"},{"@type":"ListItem","position":2,"name":"Oggetti","item":"https://www.museovincenzobellini.it/en/oggetto/"},{"@type":"ListItem","position":3,"name":"Ritratto di Vincenzo Bellini in giovane età"}]},{"@type":"WebSite","@id":"https://www.museovincenzobellini.it/#website","url":"https://www.museovincenzobellini.it/","name":"Museo Bellini","description":"","publisher":{"@id":"https://www.museovincenzobellini.it/#organization"},"potentialAction":[{"@type":"SearchAction","target":{"@type":"EntryPoint","urlTemplate":"https://www.museovincenzobellini.it/?s={search_term_string}"},"query-input":"required name=search_term_string"}],"inLanguage":"en-US"},{"@type":"Organization","@id":"https://www.museovincenzobellini.it/#organization","name":"Museo Bellini","url":"https://www.museovincenzobellini.it/","logo":{"@type":"ImageObject","inLanguage":"en-US","@id":"https://www.museovincenzobellini.it/#/schema/logo/image/","url":"https://www.museovincenzobellini.it/wp-content/uploads/2022/04/cropped-red.png","contentUrl":"https://www.museovincenzobellini.it/wp-content/uploads/2022/04/cropped-red.png","width":400,"height":205,"caption":"Museo Bellini"},"image":{"@id":"https://www.museovincenzobellini.it/#/schema/logo/image/"}}]}</script>
<!-- / Yoast SEO plugin. -->

Ritratto di Vincenzo Bellini in giovane età - Museo Bellini
