{"id":1030,"date":"2021-07-22T12:11:49","date_gmt":"2021-07-22T11:11:49","guid":{"rendered":"http:\/\/www.museovincenzobellini.it\/oggetto\/cornice-contenente-sette-fotografie-dei-luoghi-catanesi-legati-alla-vita-di-vincenzo-bellini\/"},"modified":"2023-03-22T13:47:42","modified_gmt":"2023-03-22T12:47:42","slug":"cornice-contenente-sette-fotografie-dei-luoghi-catanesi-legati-alla-vita-di-vincenzo-bellini","status":"publish","type":"oggetto","link":"https:\/\/www.museovincenzobellini.it\/en\/oggetto\/cornice-contenente-sette-fotografie-dei-luoghi-catanesi-legati-alla-vita-di-vincenzo-bellini\/","title":{"rendered":"Cornice contenente sette fotografie dei luoghi catanesi legati alla vita di Vincenzo Bellini"},"content":{"rendered":"<p>La cornice contiene sette fotografie di vedute e luoghi, legati alla vita del compositore catanese, Vincenzo Bellini, nella citt\u00e0 di Catania. Da sinistra verso destra, dall&#8217;alto verso il basso, \u00e8 possibile osservare: 1) Chiesa di San Francesco Borgia all\u2019interno della quale nel 1801 fu battezzato il musicista; 2) Interno della Chiesa di san Francesco Borgia; 3) Casa di via della palma in cui vi abit\u00f2 il nonno paterno; 4) Casa di via Rapisarda dove abitarono i genitori nel 1832; 5) Casa di via Patern\u00f2 dove abit\u00f2 lo zio materno, Vincenzo Ferlito e in cui lo stesso compositore vi dimor\u00f2 durante il suo ultimo rimpatrio (1832); 6) Cortile interno dell\u2019abitazione di via Patern\u00f2; 7) interno dell\u2019appartamento di via Patern\u00f2.<\/p>\n","protected":false},"excerpt":{"rendered":"<p>Produzione industriale &#8211; Ante 1935<\/p>\n","protected":false},"author":1,"featured_media":26087,"menu_order":0,"template":"","meta":{"footnotes":""},"citta":[],"lingua":[],"categoria_oggetto":[30],"ambito":[],"materiali":[62,63],"tecnica":[64],"ubicazione":[24],"identificazione":[],"produttore":[61],"manifattura":[],"consistenza":[],"sezioni":[709],"forma_musicale":[],"tonalita":[],"class_list":["post-1030","oggetto","type-oggetto","status-publish","has-post-thumbnail","hentry","categoria_oggetto-cornice","materiali-legno","materiali-vetro","tecnica-incastro","ubicazione-sala-2-casa-natale","produttore-produzione-industriale","sezioni-photos"],"yoast_head":"<!-- This site is optimized with the Yoast SEO plugin v20.2.1 - https:\/\/yoast.com\/wordpress\/plugins\/seo\/ -->\n<title>Cornice contenente sette fotografie dei luoghi catanesi legati alla vita di Vincenzo Bellini - Museo Bellini<\/title>\n<meta name=\"robots\" content=\"index, follow, max-snippet:-1, max-image-preview:large, max-video-preview:-1\" \/>\n<link rel=\"canonical\" href=\"https:\/\/www.museovincenzobellini.it\/en\/oggetto\/cornice-contenente-sette-fotografie-dei-luoghi-catanesi-legati-alla-vita-di-vincenzo-bellini\/\" \/>\n<meta property=\"og:locale\" content=\"en_US\" \/>\n<meta property=\"og:type\" content=\"article\" \/>\n<meta property=\"og:title\" content=\"Cornice contenente sette fotografie dei luoghi catanesi legati alla vita di Vincenzo Bellini - Museo Bellini\" \/>\n<meta property=\"og:description\" content=\"Produzione industriale - Ante 1935\" \/>\n<meta property=\"og:url\" content=\"https:\/\/www.museovincenzobellini.it\/en\/oggetto\/cornice-contenente-sette-fotografie-dei-luoghi-catanesi-legati-alla-vita-di-vincenzo-bellini\/\" \/>\n<meta property=\"og:site_name\" content=\"Museo Bellini\" \/>\n<meta property=\"article:modified_time\" content=\"2023-03-22T12:47:42+00:00\" \/>\n<meta property=\"og:image\" content=\"https:\/\/www.museovincenzobellini.it\/wp-content\/uploads\/2021\/07\/Miniatura-5.jpg\" \/>\n\t<meta property=\"og:image:width\" content=\"369\" \/>\n\t<meta property=\"og:image:height\" content=\"198\" \/>\n\t<meta property=\"og:image:type\" content=\"image\/jpeg\" \/>\n<meta name=\"twitter:card\" content=\"summary_large_image\" \/>\n<meta name=\"twitter:label1\" content=\"Est. reading time\" \/>\n\t<meta name=\"twitter:data1\" content=\"1 minute\" \/>\n<script type=\"application\/ld+json\" class=\"yoast-schema-graph\">{\"@context\":\"https:\/\/schema.org\",\"@graph\":[{\"@type\":\"WebPage\",\"@id\":\"https:\/\/www.museovincenzobellini.it\/en\/oggetto\/cornice-contenente-sette-fotografie-dei-luoghi-catanesi-legati-alla-vita-di-vincenzo-bellini\/\",\"url\":\"https:\/\/www.museovincenzobellini.it\/en\/oggetto\/cornice-contenente-sette-fotografie-dei-luoghi-catanesi-legati-alla-vita-di-vincenzo-bellini\/\",\"name\":\"Cornice contenente sette fotografie dei luoghi catanesi legati alla vita di Vincenzo Bellini - Museo Bellini\",\"isPartOf\":{\"@id\":\"https:\/\/www.museovincenzobellini.it\/#website\"},\"datePublished\":\"2021-07-22T11:11:49+00:00\",\"dateModified\":\"2023-03-22T12:47:42+00:00\",\"breadcrumb\":{\"@id\":\"https:\/\/www.museovincenzobellini.it\/en\/oggetto\/cornice-contenente-sette-fotografie-dei-luoghi-catanesi-legati-alla-vita-di-vincenzo-bellini\/#breadcrumb\"},\"inLanguage\":\"en-US\",\"potentialAction\":[{\"@type\":\"ReadAction\",\"target\":[\"https:\/\/www.museovincenzobellini.it\/en\/oggetto\/cornice-contenente-sette-fotografie-dei-luoghi-catanesi-legati-alla-vita-di-vincenzo-bellini\/\"]}]},{\"@type\":\"BreadcrumbList\",\"@id\":\"https:\/\/www.museovincenzobellini.it\/en\/oggetto\/cornice-contenente-sette-fotografie-dei-luoghi-catanesi-legati-alla-vita-di-vincenzo-bellini\/#breadcrumb\",\"itemListElement\":[{\"@type\":\"ListItem\",\"position\":1,\"name\":\"Home\",\"item\":\"https:\/\/www.museovincenzobellini.it\/en\/\"},{\"@type\":\"ListItem\",\"position\":2,\"name\":\"Oggetti\",\"item\":\"https:\/\/www.museovincenzobellini.it\/en\/oggetto\/\"},{\"@type\":\"ListItem\",\"position\":3,\"name\":\"Cornice contenente sette fotografie dei luoghi catanesi legati alla vita di Vincenzo Bellini\"}]},{\"@type\":\"WebSite\",\"@id\":\"https:\/\/www.museovincenzobellini.it\/#website\",\"url\":\"https:\/\/www.museovincenzobellini.it\/\",\"name\":\"Museo Bellini\",\"description\":\"\",\"publisher\":{\"@id\":\"https:\/\/www.museovincenzobellini.it\/#organization\"},\"potentialAction\":[{\"@type\":\"SearchAction\",\"target\":{\"@type\":\"EntryPoint\",\"urlTemplate\":\"https:\/\/www.museovincenzobellini.it\/?s={search_term_string}\"},\"query-input\":\"required name=search_term_string\"}],\"inLanguage\":\"en-US\"},{\"@type\":\"Organization\",\"@id\":\"https:\/\/www.museovincenzobellini.it\/#organization\",\"name\":\"Museo Bellini\",\"url\":\"https:\/\/www.museovincenzobellini.it\/\",\"logo\":{\"@type\":\"ImageObject\",\"inLanguage\":\"en-US\",\"@id\":\"https:\/\/www.museovincenzobellini.it\/#\/schema\/logo\/image\/\",\"url\":\"https:\/\/www.museovincenzobellini.it\/wp-content\/uploads\/2022\/04\/cropped-red.png\",\"contentUrl\":\"https:\/\/www.museovincenzobellini.it\/wp-content\/uploads\/2022\/04\/cropped-red.png\",\"width\":400,\"height\":205,\"caption\":\"Museo Bellini\"},\"image\":{\"@id\":\"https:\/\/www.museovincenzobellini.it\/#\/schema\/logo\/image\/\"}}]}<\/script>\n<!-- \/ Yoast SEO plugin. -->","yoast_head_json":{"title":"Cornice contenente sette fotografie dei luoghi catanesi legati alla vita di Vincenzo Bellini - Museo Bellini","robots":{"index":"index","follow":"follow","max-snippet":"max-snippet:-1","max-image-preview":"max-image-preview:large","max-video-preview":"max-video-preview:-1"},"canonical":"https:\/\/www.museovincenzobellini.it\/en\/oggetto\/cornice-contenente-sette-fotografie-dei-luoghi-catanesi-legati-alla-vita-di-vincenzo-bellini\/","og_locale":"en_US","og_type":"article","og_title":"Cornice contenente sette fotografie dei luoghi catanesi legati alla vita di Vincenzo Bellini - Museo Bellini","og_description":"Produzione industriale - Ante 1935","og_url":"https:\/\/www.museovincenzobellini.it\/en\/oggetto\/cornice-contenente-sette-fotografie-dei-luoghi-catanesi-legati-alla-vita-di-vincenzo-bellini\/","og_site_name":"Museo Bellini","article_modified_time":"2023-03-22T12:47:42+00:00","og_image":[{"width":369,"height":198,"url":"https:\/\/www.museovincenzobellini.it\/wp-content\/uploads\/2021\/07\/Miniatura-5.jpg","type":"image\/jpeg"}],"twitter_card":"summary_large_image","twitter_misc":{"Est. reading time":"1 minute"},"schema":{"@context":"https:\/\/schema.org","@graph":[{"@type":"WebPage","@id":"https:\/\/www.museovincenzobellini.it\/en\/oggetto\/cornice-contenente-sette-fotografie-dei-luoghi-catanesi-legati-alla-vita-di-vincenzo-bellini\/","url":"https:\/\/www.museovincenzobellini.it\/en\/oggetto\/cornice-contenente-sette-fotografie-dei-luoghi-catanesi-legati-alla-vita-di-vincenzo-bellini\/","name":"Cornice contenente sette fotografie dei luoghi catanesi legati alla vita di Vincenzo Bellini - Museo Bellini","isPartOf":{"@id":"https:\/\/www.museovincenzobellini.it\/#website"},"datePublished":"2021-07-22T11:11:49+00:00","dateModified":"2023-03-22T12:47:42+00:00","breadcrumb":{"@id":"https:\/\/www.museovincenzobellini.it\/en\/oggetto\/cornice-contenente-sette-fotografie-dei-luoghi-catanesi-legati-alla-vita-di-vincenzo-bellini\/#breadcrumb"},"inLanguage":"en-US","potentialAction":[{"@type":"ReadAction","target":["https:\/\/www.museovincenzobellini.it\/en\/oggetto\/cornice-contenente-sette-fotografie-dei-luoghi-catanesi-legati-alla-vita-di-vincenzo-bellini\/"]}]},{"@type":"BreadcrumbList","@id":"https:\/\/www.museovincenzobellini.it\/en\/oggetto\/cornice-contenente-sette-fotografie-dei-luoghi-catanesi-legati-alla-vita-di-vincenzo-bellini\/#breadcrumb","itemListElement":[{"@type":"ListItem","position":1,"name":"Home","item":"https:\/\/www.museovincenzobellini.it\/en\/"},{"@type":"ListItem","position":2,"name":"Oggetti","item":"https:\/\/www.museovincenzobellini.it\/en\/oggetto\/"},{"@type":"ListItem","position":3,"name":"Cornice contenente sette fotografie dei luoghi catanesi legati alla vita di Vincenzo Bellini"}]},{"@type":"WebSite","@id":"https:\/\/www.museovincenzobellini.it\/#website","url":"https:\/\/www.museovincenzobellini.it\/","name":"Museo Bellini","description":"","publisher":{"@id":"https:\/\/www.museovincenzobellini.it\/#organization"},"potentialAction":[{"@type":"SearchAction","target":{"@type":"EntryPoint","urlTemplate":"https:\/\/www.museovincenzobellini.it\/?s={search_term_string}"},"query-input":"required name=search_term_string"}],"inLanguage":"en-US"},{"@type":"Organization","@id":"https:\/\/www.museovincenzobellini.it\/#organization","name":"Museo Bellini","url":"https:\/\/www.museovincenzobellini.it\/","logo":{"@type":"ImageObject","inLanguage":"en-US","@id":"https:\/\/www.museovincenzobellini.it\/#\/schema\/logo\/image\/","url":"https:\/\/www.museovincenzobellini.it\/wp-content\/uploads\/2022\/04\/cropped-red.png","contentUrl":"https:\/\/www.museovincenzobellini.it\/wp-content\/uploads\/2022\/04\/cropped-red.png","width":400,"height":205,"caption":"Museo Bellini"},"image":{"@id":"https:\/\/www.museovincenzobellini.it\/#\/schema\/logo\/image\/"}}]}},"_links":{"self":[{"href":"https:\/\/www.museovincenzobellini.it\/en\/wp-json\/wp\/v2\/oggetto\/1030","targetHints":{"allow":["GET"]}}],"collection":[{"href":"https:\/\/www.museovincenzobellini.it\/en\/wp-json\/wp\/v2\/oggetto"}],"about":[{"href":"https:\/\/www.museovincenzobellini.it\/en\/wp-json\/wp\/v2\/types\/oggetto"}],"author":[{"embeddable":true,"href":"https:\/\/www.museovincenzobellini.it\/en\/wp-json\/wp\/v2\/users\/1"}],"version-history":[{"count":3,"href":"https:\/\/www.museovincenzobellini.it\/en\/wp-json\/wp\/v2\/oggetto\/1030\/revisions"}],"predecessor-version":[{"id":26091,"href":"https:\/\/www.museovincenzobellini.it\/en\/wp-json\/wp\/v2\/oggetto\/1030\/revisions\/26091"}],"wp:featuredmedia":[{"embeddable":true,"href":"https:\/\/www.museovincenzobellini.it\/en\/wp-json\/wp\/v2\/media\/26087"}],"wp:attachment":[{"href":"https:\/\/www.museovincenzobellini.it\/en\/wp-json\/wp\/v2\/media?parent=1030"}],"wp:term":[{"taxonomy":"citta","embeddable":true,"href":"https:\/\/www.museovincenzobellini.it\/en\/wp-json\/wp\/v2\/citta?post=1030"},{"taxonomy":"lingua","embeddable":true,"href":"https:\/\/www.museovincenzobellini.it\/en\/wp-json\/wp\/v2\/lingua?post=1030"},{"taxonomy":"categoria_oggetto","embeddable":true,"href":"https:\/\/www.museovincenzobellini.it\/en\/wp-json\/wp\/v2\/categoria_oggetto?post=1030"},{"taxonomy":"ambito","embeddable":true,"href":"https:\/\/www.museovincenzobellini.it\/en\/wp-json\/wp\/v2\/ambito?post=1030"},{"taxonomy":"materiali","embeddable":true,"href":"https:\/\/www.museovincenzobellini.it\/en\/wp-json\/wp\/v2\/materiali?post=1030"},{"taxonomy":"tecnica","embeddable":true,"href":"https:\/\/www.museovincenzobellini.it\/en\/wp-json\/wp\/v2\/tecnica?post=1030"},{"taxonomy":"ubicazione","embeddable":true,"href":"https:\/\/www.museovincenzobellini.it\/en\/wp-json\/wp\/v2\/ubicazione?post=1030"},{"taxonomy":"identificazione","embeddable":true,"href":"https:\/\/www.museovincenzobellini.it\/en\/wp-json\/wp\/v2\/identificazione?post=1030"},{"taxonomy":"produttore","embeddable":true,"href":"https:\/\/www.museovincenzobellini.it\/en\/wp-json\/wp\/v2\/produttore?post=1030"},{"taxonomy":"manifattura","embeddable":true,"href":"https:\/\/www.museovincenzobellini.it\/en\/wp-json\/wp\/v2\/manifattura?post=1030"},{"taxonomy":"consistenza","embeddable":true,"href":"https:\/\/www.museovincenzobellini.it\/en\/wp-json\/wp\/v2\/consistenza?post=1030"},{"taxonomy":"sezioni","embeddable":true,"href":"https:\/\/www.museovincenzobellini.it\/en\/wp-json\/wp\/v2\/sezioni?post=1030"},{"taxonomy":"forma_musicale","embeddable":true,"href":"https:\/\/www.museovincenzobellini.it\/en\/wp-json\/wp\/v2\/forma_musicale?post=1030"},{"taxonomy":"tonalita","embeddable":true,"href":"https:\/\/www.museovincenzobellini.it\/en\/wp-json\/wp\/v2\/tonalita?post=1030"}],"curies":[{"name":"wp","href":"https:\/\/api.w.org\/{rel}","templated":true}]}}

<p>La cornice contiene sette fotografie di vedute e luoghi, legati alla vita del compositore catanese, Vincenzo Bellini, nella città di Catania. Da sinistra verso destra, dall&#8217;alto verso il basso, è possibile osservare: 1) Chiesa di San Francesco Borgia all’interno della quale nel 1801 fu battezzato il musicista; 2) Interno della Chiesa di san Francesco Borgia; 3) Casa di via della palma in cui vi abitò il nonno paterno; 4) Casa di via Rapisarda dove abitarono i genitori nel 1832; 5) Casa di via Paternò dove abitò lo zio materno, Vincenzo Ferlito e in cui lo stesso compositore vi dimorò durante il suo ultimo rimpatrio (1832); 6) Cortile interno dell’abitazione di via Paternò; 7) interno dell’appartamento di via Paternò.</p>
